000
CXUS55 KABR 181400
CF6MBG
PRELIMINARY LOCAL CLIMATOLOGICAL DATA (WS FORM: F-6)

                                          STATION:   MOBRIDGE SD
                                          MONTH:     JULY
                                          YEAR:      2018
                                          LATITUDE:   45 32 N
                                          LONGITUDE: 100 25 W

  TEMPERATURE IN F:       :PCPN:    SNOW:  WIND      :SUNSHINE: SKY     :PK WND
================================================================================
1   2   3   4   5  6A  6B    7    8   9   10  11  12  13   14  15   16   17  18
                                     12Z  AVG MX 2MIN
DY MAX MIN AVG DEP HDD CDD  WTR  SNW DPTH SPD SPD DIR MIN PSBL S-S WX    SPD DR
================================================================================

 1  84  57  71   1   0   6 0.00  0.0    0  6.1 18 280   M    M   2        24 280
 2  87  57  72   1   0   7 0.01  0.0    0  8.2 18  60   M    M   1        26  70
 3  86  66  76   5   0  11 0.06  0.0    0 13.1 26 120   M    M   3 13     38 120
 4  82  58  70  -1   0   5 0.17  0.0    0 12.2 66 260   M    M   2 13     95 250
 5  82  54  68  -3   0   3 0.00  0.0    0  5.1 14 140   M    M   1        19 140
 6  88  70  79   7   0  14    T  0.0    0 18.5 28 160   M    M   3        38 150
 7  99  72  86  14   0  21 0.00  0.0    0 15.5 24 170   M    M   0        35 170
 8  93  72  83  11   0  18    T  0.0    0  8.2 21 150   M    M   0        29 280
 9  91  63  77   5   0  12 0.00  0.0    0 10.6 22 150   M    M   0        29 130
10  98  73  86  14   0  21 0.00  0.0    0 16.7 28 120   M    M   0        41 100
11  92  69  81   9   0  16    T  0.0    0  9.6 18 360   M    M   0        30 330
12  80  66  73   0   0   8 0.05  0.0    0  5.0 13 280   M    M   2 13     17 330
13  90  60  75   2   0  10 0.00  0.0    0  4.7 12 150   M    M   1 12     15 140
14  94  67  81   8   0  16 0.00  0.0    0 13.9 24 160   M    M   0        33 150
15  82  62  72  -1   0   7 0.00  0.0    0  9.5 23 340   M    M   2 3      32 330
16  89  55  72  -1   0   7 0.00  0.0    0  5.1 14 120   M    M   1        26 190
17  90  62  76   3   0  11 0.00  0.0    0 10.0 16 150   M    M   0        22 140
================================================================================
SM 1507 1083         0 193  0.29     0.0 172.0          M       18
================================================================================
AV 88.7 63.7                              10.1 FASTST   M    M   1    MAX(MPH)
                                 MISC ---->  # 66 260               # 95  250
================================================================================
NOTES:
# LAST OF SEVERAL OCCURRENCES

COLUMN 17 PEAK WIND IN M.P.H.

PRELIMINARY LOCAL CLIMATOLOGICAL DATA (WS FORM: F-6) , PAGE 2

                                          STATION:  MOBRIDGE SD
                                          MONTH:    JULY
                                          YEAR:     2018
                                          LATITUDE:   45 32 N
                                          LONGITUDE: 100 25 W

[TEMPERATURE DATA]      [PRECIPITATION DATA]       SYMBOLS USED IN COLUMN 16

AVERAGE MONTHLY: 76.2   TOTAL FOR MONTH:   0.29    1 = FOG OR MIST
DPTR FM NORMAL:   4.2   DPTR FM NORMAL:   -1.22    2 = FOG REDUCING VISIBILITY
HIGHEST:    99 ON  7    GRTST 24HR  0.17 ON  4- 4      TO 1/4 MILE OR LESS
LOWEST:     54 ON  5                               3 = THUNDER
                        SNOW, ICE PELLETS, HAIL    4 = ICE PELLETS
                        TOTAL MONTH:   0.0 INCH    5 = HAIL
                        GRTST 24HR     0.0         6 = FREEZING RAIN OR DRIZZLE
                        GRTST DEPTH:   0           7 = DUSTSTORM OR SANDSTORM:
                                                       VSBY 1/2 MILE OR LESS
                                                   8 = SMOKE OR HAZE
[NO. OF DAYS WITH]      [WEATHER - DAYS WITH]      9 = BLOWING SNOW
                                                   X = TORNADO
MAX 32 OR BELOW:   0    0.01 INCH OR MORE:   4
MAX 90 OR ABOVE:   8    0.10 INCH OR MORE:   1
MIN 32 OR BELOW:   0    0.50 INCH OR MORE:   0
MIN  0 OR BELOW:   0    1.00 INCH OR MORE:   0

[HDD (BASE 65) ]
TOTAL THIS MO.     0    CLEAR  (SCALE 0-3)  15
DPTR FM NORMAL    -5    PTCLDY (SCALE 4-7)   2
TOTAL FM JUL 1     0    CLOUDY (SCALE 8-10)  0
DPTR FM NORMAL    -5

[CDD (BASE 65) ]
TOTAL THIS MO.   193
DPTR FM NORMAL    67    [PRESSURE DATA]
TOTAL FM JAN 1   511    HIGHEST SLP M ON M
DPTR FM NORMAL   270    LOWEST  SLP 29.68 ON  3

[REMARKS]
