000
CXUS55 KLIX 191000
CF6MCB
PRELIMINARY LOCAL CLIMATOLOGICAL DATA (WS FORM: F-6)

                                          STATION:   MCCOMB
                                          MONTH:     NOVEMBER
                                          YEAR:      2018
                                          LATITUDE:   31 10 N
                                          LONGITUDE:  90 28 W

  TEMPERATURE IN F:       :PCPN:    SNOW:  WIND      :SUNSHINE: SKY     :PK WND
================================================================================
1   2   3   4   5  6A  6B    7    8   9   10  11  12  13   14  15   16   17  18
                                     12Z  AVG MX 2MIN
DY MAX MIN AVG DEP HDD CDD  WTR  SNW DPTH SPD SPD DIR MIN PSBL S-S WX    SPD DR
================================================================================

 1  74  53  64   2   1   0 1.08  0.0    0  9.2 29 270   M    M  10 138    40 280
 2  66  49  58  -4   7   0 0.00    M    0  8.1 20 320   M    M   4 1      25 330
 3  74  43  59  -2   6   0 0.00  0.0    0  5.7 18 160   M    M   0 8      22 170
 4  63  53  58  -3   7   0 0.62  0.0    0  4.8 15 110   M    M   7 18     18 110
 5  78  59  69   8   0   4 0.00  0.0    0  7.4 18 160   M    M   8 1      25 160
 6  74  62  68   8   0   3 0.17  0.0    0  4.9 18 350   M    M   9 1      21 340
 7  76  64  70  10   0   5 0.51  0.0    0  3.1 12 340   M    M  10 123    14 340
 8  66  59  63   3   2   0 0.02  0.0    0  3.7 10 360   M    M  10 18     14  20
 9  62  45  54  -6  11   0 0.38    M    0 10.4 22 350   M    M   8 13     29 360
10  53  40  47 -12  18   0    T    M    0  7.7 16  20   M    M   2        24  30
11  59  40  50  -9  15   0    T    M    0  3.8 12  30   M    M   7        20  40
12  60  49  55  -3  10   0 0.69    M    0  7.3 17 320   M    M  10 13     23 320
13  49  37  43 -15  22   0 0.01    M    0 14.5 24 330   M    M  10 18     29 330
14  38  31  35 -23  30   0 0.00  0.0    0  9.6 18 330   M    M   9 18     23 320
15  54  28  41 -17  24   0 0.00  0.0    0  3.9 14 320   M    M   0        18 290
16  67  33  50  -7  15   0 0.00  0.0    0  1.2  9 230   M    M   0 1      12 230
17  66  35  51  -6  14   0 0.00  0.0    0  1.4  8 190   M    M   0 18     11 160
18  72  36  54  -3  11   0 0.00  0.0    0  0.6  7 340   M    M   0 18     11 260
================================================================================
SM 1151  816       193  12  3.48     0.0 107.3          M      104
================================================================================
AV 63.9 45.3                               6.0 FASTST   M    M   6    MAX(MPH)
                                 MISC ---->  # 29 270               # 40  280
================================================================================
NOTES:
# LAST OF SEVERAL OCCURRENCES

COLUMN 17 PEAK WIND IN M.P.H.

PRELIMINARY LOCAL CLIMATOLOGICAL DATA (WS FORM: F-6) , PAGE 2

                                          STATION:  MCCOMB
                                          MONTH:    NOVEMBER
                                          YEAR:     2018
                                          LATITUDE:   31 10 N
                                          LONGITUDE:  90 28 W

[TEMPERATURE DATA]      [PRECIPITATION DATA]       SYMBOLS USED IN COLUMN 16

AVERAGE MONTHLY: 54.6   TOTAL FOR MONTH:   3.48    1 = FOG OR MIST
DPTR FM NORMAL:  -4.7   DPTR FM NORMAL:    0.96    2 = FOG REDUCING VISIBILITY
HIGHEST:    78 ON  5    GRTST 24HR  1.08 ON  1- 1      TO 1/4 MILE OR LESS
LOWEST:     28 ON 15                               3 = THUNDER
                        SNOW, ICE PELLETS, HAIL    4 = ICE PELLETS
                        TOTAL MONTH:   0.0 INCH    5 = HAIL
                        GRTST 24HR     0.0         6 = FREEZING RAIN OR DRIZZLE
                        GRTST DEPTH:   0           7 = DUSTSTORM OR SANDSTORM:
                                                       VSBY 1/2 MILE OR LESS
                                                   8 = SMOKE OR HAZE
[NO. OF DAYS WITH]      [WEATHER - DAYS WITH]      9 = BLOWING SNOW
                                                   X = TORNADO
MAX 32 OR BELOW:   0    0.01 INCH OR MORE:   8
MAX 90 OR ABOVE:   0    0.10 INCH OR MORE:   6
MIN 32 OR BELOW:   2    0.50 INCH OR MORE:   4
MIN  0 OR BELOW:   0    1.00 INCH OR MORE:   1

[HDD (BASE 65) ]
TOTAL THIS MO.   193    CLEAR  (SCALE 0-3)   6
DPTR FM NORMAL    68    PTCLDY (SCALE 4-7)   3
TOTAL FM JUL 1   213    CLOUDY (SCALE 8-10)  9
DPTR FM NORMAL     9

[CDD (BASE 65) ]
TOTAL THIS MO.    12
DPTR FM NORMAL   -10    [PRESSURE DATA]
TOTAL FM JAN 1  2900    HIGHEST SLP M ON M
DPTR FM NORMAL   645    LOWEST  SLP 29.67 ON  1

[REMARKS]
