000
CXAK56 PAFG 220944
CF6MCG
PRELIMINARY LOCAL CLIMATOLOGICAL DATA (WS FORM: F-6)

                                          STATION:   MCGRATH AK
                                          MONTH:     OCTOBER
                                          YEAR:      2018
                                          LATITUDE:   62 57 N
                                          LONGITUDE: 155 36 W

  TEMPERATURE IN F:       :PCPN:    SNOW:  WIND      :SUNSHINE: SKY     :PK WND
================================================================================
1   2   3   4   5  6A  6B    7    8   9   10  11  12  13   14  15   16   17  18
                                     12Z  AVG MX 2MIN
DY MAX MIN AVG DEP HDD CDD  WTR  SNW DPTH SPD SPD DIR MIN PSBL S-S WX    SPD DR
================================================================================

 1  54  29  42   6  23   0 0.00  0.0    0  1.5  7 280   M    M   0         7 300
 2  55  35  45   9  20   0    T  0.0    0  2.1  6 270   M    M   9         M  M
 3  61  36  49  14  16   0 0.00  0.0    0  7.2 18 100   M    M   6        26 110
 4  57  36  47  13  18   0    T  0.0    0  1.4  7 250   M    M   7         9 250
 5  52  35  44  11  21   0    T  0.0    0  0.6  7 190   M    M   7         8 190
 6  55  36  46  13  19   0 0.00  0.0    0  0.7  7 100   M    M   7         9 100
 7  43  30  37   5  28   0 0.00  0.0    0  5.1 10 120   M    M   6        13 110
 8  50  29  40   9  25   0 0.00  0.0    0  0.8  7  80   M    M   4         9  80
 9  45  30  38   7  27   0 0.00  0.0    0  1.2  8 130   M    M   6        10 140
10  45  33  39   9  26   0 0.19  0.0    0  4.4 18 200   M    M  10 1      25 210
11  52  35  44  15  21   0 0.02  0.0    0  6.4 13 210   M    M   7        22 210
12  52  36  44  16  21   0 0.05  0.0    0  4.6 13 140   M    M   9 1      17 150
13  46  32  39  11  26   0 0.02  0.0    0  2.8  8 170   M    M   7 1      12 110
14  48  34  41  14  24   0 0.00  0.0    0  4.4 15  70   M    M   3        21  60
15  46  31  39  13  26   0 0.03  0.0    0  3.7 16  90   M    M   6        22  80
16  44  35  40  15  25   0 0.43  0.0    0  2.3  9  70   M    M  10 1      11  80
17  47  38  43  19  22   0 0.18  0.0    0  4.5  9 100   M    M  10 1      11 250
18  49  32  41  17  24   0    T  0.0    T  1.6  9 110   M    M   6 12     11 110
19  43  29  36  13  29   0 0.00  0.0    0  6.6 21  10   M    M   3        29 360
20  40  33  37  15  28   0 0.07    T    0  2.0  9  60   M    M   9 1      13  70
21  41  30  36  15  29   0 0.00  0.0    0  4.2 15  60   M    M   6        22  80
================================================================================
SM 1025  694       498   0  0.99    T     68.1          M      138
================================================================================
AV 48.8 33.1                               3.2 FASTST   M    M   7    MAX(MPH)
                                 MISC ---->  # 21  10               # 29  360
================================================================================
NOTES:
# LAST OF SEVERAL OCCURRENCES

COLUMN 17 PEAK WIND IN M.P.H.

PRELIMINARY LOCAL CLIMATOLOGICAL DATA (WS FORM: F-6) , PAGE 2

                                          STATION:  MCGRATH AK
                                          MONTH:    OCTOBER
                                          YEAR:     2018
                                          LATITUDE:   62 57 N
                                          LONGITUDE: 155 36 W

[TEMPERATURE DATA]      [PRECIPITATION DATA]       SYMBOLS USED IN COLUMN 16

AVERAGE MONTHLY: 40.9   TOTAL FOR MONTH:   0.99    1 = FOG OR MIST
DPTR FM NORMAL:  12.0   DPTR FM NORMAL:   -0.08    2 = FOG REDUCING VISIBILITY
HIGHEST:    61 ON  3    GRTST 24HR  0.43 ON 16-16      TO 1/4 MILE OR LESS
LOWEST:     29 ON 19, 8                            3 = THUNDER
                        SNOW, ICE PELLETS, HAIL    4 = ICE PELLETS
                        TOTAL MONTH:    T          5 = HAIL
                        GRTST 24HR    T  ON 20-20  6 = FREEZING RAIN OR DRIZZLE
                        GRTST DEPTH:   T           7 = DUSTSTORM OR SANDSTORM:
                                                       VSBY 1/2 MILE OR LESS
                                                   8 = SMOKE OR HAZE
[NO. OF DAYS WITH]      [WEATHER - DAYS WITH]      9 = BLOWING SNOW
                                                   X = TORNADO
MAX 32 OR BELOW:   0    0.01 INCH OR MORE:   8
MAX 90 OR ABOVE:   0    0.10 INCH OR MORE:   3
MIN 32 OR BELOW:   9    0.50 INCH OR MORE:   0
MIN  0 OR BELOW:   0    1.00 INCH OR MORE:   0

[HDD (BASE 65) ]
TOTAL THIS MO.   498    CLEAR  (SCALE 0-3)   2
DPTR FM NORMAL  -262    PTCLDY (SCALE 4-7)  13
TOTAL FM JUL 1  1324    CLOUDY (SCALE 8-10)  6
DPTR FM NORMAL  -539

[CDD (BASE 65) ]
TOTAL THIS MO.     0
DPTR FM NORMAL     0    [PRESSURE DATA]
TOTAL FM JAN 1    32    HIGHEST SLP M ON M
DPTR FM NORMAL    12    LOWEST  SLP 29.35 ON 10

[REMARKS]
