000
CXUS55 KEAX 190736
CF6MCI
PRELIMINARY LOCAL CLIMATOLOGICAL DATA (WS FORM: F-6)

                                          STATION:   Kansas City International MO
                                          MONTH:     JULY
                                          YEAR:      2018
                                          LATITUDE:   39 19 N
                                          LONGITUDE:  94 43 W

  TEMPERATURE IN F:       :PCPN:    SNOW:  WIND      :SUNSHINE: SKY     :PK WND
================================================================================
1   2   3   4   5  6A  6B    7    8   9   10  11  12  13   14  15   16   17  18
                                     12Z  AVG MX 2MIN
DY MAX MIN AVG DEP HDD CDD  WTR  SNW DPTH SPD SPD DIR MIN PSBL S-S WX    SPD DR
================================================================================

 1  84  71  78   1   0  13 0.06  0.0    0  8.5 18 250   M    M   6 1      26 220
 2  87  65  76  -1   0  11 0.00  0.0    0  5.6 14 140   M    M   2 1      21 180
 3  94  72  83   5   0  18 0.00  0.0    0 10.6 17 150   M    M   3        25 180
 4  93  73  83   5   0  18 0.00  0.0    0  8.6 18 170   M    M   3 8      25 140
 5  91  73  82   4   0  17 0.00  0.0    0  7.0 14 360   M    M   5 18     19 350
 6  92  74  83   5   0  18 0.00  0.0    0  9.3 15 100   M    M   3        22 360
 7  87  69  78   0   0  13 0.00  0.0    0  9.4 14 110   M    M   1        21 110
 8  91  62  77  -1   0  12 0.00  0.0    0  8.3 14 130   M    M   0        20 200
 9  95  67  81   3   0  16 0.00  0.0    0  5.3 10 360   M    M   1 8      16 150
10  96  71  84   6   0  19 0.00  0.0    0  4.6 10 360   M    M   2 18     15  10
11  99  76  88  10   0  23 0.00  0.0    0  7.0 15 160   M    M   2        19 180
12 100  76  88  10   0  23 0.00  0.0    0  7.4 15 120   M    M   3 3      20  70
13  99  73  86   8   0  21 0.00  0.0    0  8.2 17 190   M    M   3        25 190
14  89  72  81   3   0  16 0.02  0.0    0  4.0 10 330   M    M   6 13     14 310
15  94  69  82   3   0  17 0.00  0.0    0  4.9 14 360   M    M   4 12     19 350
16  95  72  84   5   0  19 0.00  0.0    0  6.2 14  50   M    M   5        17 360
17  81  72  77  -2   0  12 1.12  0.0    0  8.4 20 340   M    M   7 1      26 310
18  85  69  77  -2   0  12 3.29  0.0    0  8.3 14 100   M    M   8 1      20 110
================================================================================
SM 1652 1276         0 298  4.49     0.0 131.6          M       64
================================================================================
AV 91.8 70.9                               7.3 FASTST   M    M   4    MAX(MPH)
                                 MISC ---->  # 20 340               # 26  220
================================================================================
NOTES:
# LAST OF SEVERAL OCCURRENCES

COLUMN 17 PEAK WIND IN M.P.H.

PRELIMINARY LOCAL CLIMATOLOGICAL DATA (WS FORM: F-6) , PAGE 2

                                          STATION:  Kansas City International MO
                                          MONTH:    JULY
                                          YEAR:     2018
                                          LATITUDE:   39 19 N
                                          LONGITUDE:  94 43 W

[TEMPERATURE DATA]      [PRECIPITATION DATA]       SYMBOLS USED IN COLUMN 16

AVERAGE MONTHLY: 81.3   TOTAL FOR MONTH:   4.49    1 = FOG OR MIST
DPTR FM NORMAL:   3.2   DPTR FM NORMAL:    1.69    2 = FOG REDUCING VISIBILITY
HIGHEST:   100 ON 12    GRTST 24HR  3.29 ON 18-18      TO 1/4 MILE OR LESS
LOWEST:     62 ON  8                               3 = THUNDER
                        SNOW, ICE PELLETS, HAIL    4 = ICE PELLETS
                        TOTAL MONTH:   0.0 INCH    5 = HAIL
                        GRTST 24HR     0.0         6 = FREEZING RAIN OR DRIZZLE
                        GRTST DEPTH:   0           7 = DUSTSTORM OR SANDSTORM:
                                                       VSBY 1/2 MILE OR LESS
                                                   8 = SMOKE OR HAZE
[NO. OF DAYS WITH]      [WEATHER - DAYS WITH]      9 = BLOWING SNOW
                                                   X = TORNADO
MAX 32 OR BELOW:   0    0.01 INCH OR MORE:   4
MAX 90 OR ABOVE:  12    0.10 INCH OR MORE:   2
MIN 32 OR BELOW:   0    0.50 INCH OR MORE:   2
MIN  0 OR BELOW:   0    1.00 INCH OR MORE:   2

[HDD (BASE 65) ]
TOTAL THIS MO.     0    CLEAR  (SCALE 0-3)   9
DPTR FM NORMAL     0    PTCLDY (SCALE 4-7)   8
TOTAL FM JUL 1     0    CLOUDY (SCALE 8-10)  1
DPTR FM NORMAL     0

[CDD (BASE 65) ]
TOTAL THIS MO.   298
DPTR FM NORMAL    61    [PRESSURE DATA]
TOTAL FM JAN 1   968    HIGHEST SLP  0.00 ON M
DPTR FM NORMAL   349    LOWEST  SLP  0.00 ON M

[REMARKS]
