000
CXUS55 KEAX 220736
CF6MCI
PRELIMINARY LOCAL CLIMATOLOGICAL DATA (WS FORM: F-6)

                                          STATION:   Kansas City International MO
                                          MONTH:     OCTOBER
                                          YEAR:      2018
                                          LATITUDE:   39 19 N
                                          LONGITUDE:  94 43 W

  TEMPERATURE IN F:       :PCPN:    SNOW:  WIND      :SUNSHINE: SKY     :PK WND
================================================================================
1   2   3   4   5  6A  6B    7    8   9   10  11  12  13   14  15   16   17  18
                                     12Z  AVG MX 2MIN
DY MAX MIN AVG DEP HDD CDD  WTR  SNW DPTH SPD SPD DIR MIN PSBL S-S WX    SPD DR
================================================================================

 1  81  61  71   9   0   6 0.00  0.0    0  9.9 20 190   M    M   8        28 190
 2  88  58  73  12   0   8 0.00  0.0    0  9.9 22 190   M    M   8 128    29 200
 3  91  65  78  17   0  13 0.17  0.0    0 18.0 33 190   M    M   5 13     47 230
 4  65  48  57  -3   8   0    T  0.0    0 13.3 23  20   M    M   9        33  30
 5  78  53  66   6   0   1 0.01  0.0    0  7.0 15 340   M    M   9 138    18 350
 6  66  51  59  -1   6   0 1.41  0.0    0 11.1 25 360   M    M  10 13     33 340
 7  67  51  59   0   6   0 4.48  0.0    0  5.8 15  30   M    M  10 13     19 130
 8  80  65  73  14   0   8 1.58  0.0    0  6.9 26 190   M    M   9 13     34 180
 9  73  64  69  10   0   4 2.32  0.0    0 10.3 22 160   M    M  10 13     30 160
10  64  44  54  -4  11   0 0.08  0.0    0 11.3 22 280   M    M  10 1      29 320
11  54  38  46 -12  19   0 0.00  0.0    0  8.0 17 320   M    M   7        25 320
12  47  43  45 -13  20   0 0.28  0.0    0  4.6 14 130   M    M  10 1      16 120
13  56  38  47 -10  18   0 0.00  0.0    0  7.2 15 140   M    M   6 1      24 130
14  52  33  43 -14  22   0 0.36  0.2    0 11.5 25 350   M    M  10 1      34 350
15  47  30  39 -18  26   0    T    T    0  7.4 15 350   M    M   4 1      21 340
16  63  26  45 -11  20   0 0.00  0.0    0  8.3 16 230   M    M   1        23 240
17  68  38  53  -3  12   0 0.00  0.0    0  5.8 14 350   M    M   1        19 340
18  66  39  53  -3  12   0 0.00  0.0    0  8.2 15 160   M    M   2        20 180
19  66  51  59   4   6   0    T  0.0    0 10.9 20 230   M    M   7        27 230
20  64  39  52  -3  13   0 0.00  0.0    0 11.2 26 330   M    M   0        39 310
21  64  29  47  -8  18   0 0.00  0.0    0 11.6 20 190   M    M   1        25 220
================================================================================
SM 1400  964       217  40 10.69     0.2 198.2          M      137
================================================================================
AV 66.7 45.9                               9.4 FASTST   M    M   7    MAX(MPH)
                                 MISC ---->  # 33 190               # 47  230
================================================================================
NOTES:
# LAST OF SEVERAL OCCURRENCES

COLUMN 17 PEAK WIND IN M.P.H.

PRELIMINARY LOCAL CLIMATOLOGICAL DATA (WS FORM: F-6) , PAGE 2

                                          STATION:  Kansas City International MO
                                          MONTH:    OCTOBER
                                          YEAR:     2018
                                          LATITUDE:   39 19 N
                                          LONGITUDE:  94 43 W

[TEMPERATURE DATA]      [PRECIPITATION DATA]       SYMBOLS USED IN COLUMN 16

AVERAGE MONTHLY: 56.3   TOTAL FOR MONTH:  10.69    1 = FOG OR MIST
DPTR FM NORMAL:  -1.8   DPTR FM NORMAL:    8.41    2 = FOG REDUCING VISIBILITY
HIGHEST:    91 ON  3    GRTST 24HR  4.48 ON  7- 7      TO 1/4 MILE OR LESS
LOWEST:     26 ON 16                               3 = THUNDER
                        SNOW, ICE PELLETS, HAIL    4 = ICE PELLETS
                        TOTAL MONTH:   0.2 INCH    5 = HAIL
                        GRTST 24HR   0.2 ON 14-14  6 = FREEZING RAIN OR DRIZZLE
                        GRTST DEPTH:   0           7 = DUSTSTORM OR SANDSTORM:
                                                       VSBY 1/2 MILE OR LESS
                                                   8 = SMOKE OR HAZE
[NO. OF DAYS WITH]      [WEATHER - DAYS WITH]      9 = BLOWING SNOW
                                                   X = TORNADO
MAX 32 OR BELOW:   0    0.01 INCH OR MORE:   9
MAX 90 OR ABOVE:   1    0.10 INCH OR MORE:   7
MIN 32 OR BELOW:   3    0.50 INCH OR MORE:   4
MIN  0 OR BELOW:   0    1.00 INCH OR MORE:   4

[HDD (BASE 65) ]
TOTAL THIS MO.   217    CLEAR  (SCALE 0-3)   5
DPTR FM NORMAL    50    PTCLDY (SCALE 4-7)   7
TOTAL FM JUL 1   261    CLOUDY (SCALE 8-10)  9
DPTR FM NORMAL    27

[CDD (BASE 65) ]
TOTAL THIS MO.    40
DPTR FM NORMAL    16    [PRESSURE DATA]
TOTAL FM JAN 1  1757    HIGHEST SLP  0.00 ON M
DPTR FM NORMAL   401    LOWEST  SLP  0.00 ON M

[REMARKS]
