000
CXUS52 KFFC 191110
CF6MCN
PRELIMINARY LOCAL CLIMATOLOGICAL DATA (WS FORM: F-6)

                                          STATION:   MACON
                                          MONTH:     JULY
                                          YEAR:      2018
                                          LATITUDE:   32 42 N
                                          LONGITUDE:  83 39 W

  TEMPERATURE IN F:       :PCPN:    SNOW:  WIND      :SUNSHINE: SKY     :PK WND
================================================================================
1   2   3   4   5  6A  6B    7    8   9   10  11  12  13   14  15   16   17  18
                                     12Z  AVG MX 2MIN
DY MAX MIN AVG DEP HDD CDD  WTR  SNW DPTH SPD SPD DIR MIN PSBL S-S WX    SPD DR
================================================================================

 1  89  72  81   0   0  16 0.18  0.0    0  5.6 24 140   M    M   6 13     33 150
 2  90  74  82   1   0  17 0.00  0.0    0  5.3 16 130   M    M   5 1      22 120
 3  94  71  83   2   0  18    T  0.0    0  4.7 14 110   M    M   2        20 120
 4  91  72  82   1   0  17 0.00  0.0    0  6.6 16  70   M    M   3        21  60
 5  92  70  81   0   0  16 0.01  0.0    0  5.2 20 120   M    M   1 1      24 120
 6  93  70  82   0   0  17 0.59  0.0    0  3.9 16 170   M    M   2 13     23 160
 7  90  69  80  -2   0  15 0.29  0.0    0  5.6 25 120   M    M   4 123    33 110
 8  87  71  79  -3   0  14 0.01  0.0    0  6.8 13  80   M    M   6 1      18  40
 9  91  67  79  -3   0  14 0.00  0.0    0  2.8 10  30   M    M   1        15  50
10  95  67  81  -1   0  16 0.00  0.0    0  3.7 12 340   M    M   0 1      17  20
11  96  69  83   1   0  18 0.00  0.0    0  3.0 10 190   M    M   2        14 280
12  96  73  85   3   0  20 0.00  0.0    0  3.9 16 300   M    M   1 3      22 300
13  96  74  85   3   0  20 1.85  0.0    0  3.3 17 300   M    M   2 13     23 270
14  91  73  82   0   0  17 0.59  0.0    0  4.8 15  50   M    M   5 13     21  50
15  90  74  82   0   0  17 0.11  0.0    0  3.6 17  80   M    M   7 13     20  90
16  91  74  83   1   0  18 0.03  0.0    0  4.3 10 240   M    M   6 138    17 200
17  93  74  84   2   0  19 0.05  0.0    0  4.6 20  30   M    M   3 13     21  30
18  95  73  84   2   0  19 0.51  0.0    0  5.2 29 270   M    M   2 13     35 270
================================================================================
SM 1660 1287         0 308  4.22     0.0  82.9          M       58
================================================================================
AV 92.2 71.5                               4.6 FASTST   M    M   3    MAX(MPH)
                                 MISC ---->  # 29 270               # 35  270
================================================================================
NOTES:
# LAST OF SEVERAL OCCURRENCES

COLUMN 17 PEAK WIND IN M.P.H.

PRELIMINARY LOCAL CLIMATOLOGICAL DATA (WS FORM: F-6) , PAGE 2

                                          STATION:  MACON
                                          MONTH:    JULY
                                          YEAR:     2018
                                          LATITUDE:   32 42 N
                                          LONGITUDE:  83 39 W

[TEMPERATURE DATA]      [PRECIPITATION DATA]       SYMBOLS USED IN COLUMN 16

AVERAGE MONTHLY: 81.9   TOTAL FOR MONTH:   4.22    1 = FOG OR MIST
DPTR FM NORMAL:   0.1   DPTR FM NORMAL:    1.28    2 = FOG REDUCING VISIBILITY
HIGHEST:    96 ON 13,12 GRTST 24HR  1.85 ON 13-13      TO 1/4 MILE OR LESS
LOWEST:     67 ON 10, 9                            3 = THUNDER
                        SNOW, ICE PELLETS, HAIL    4 = ICE PELLETS
                        TOTAL MONTH:   0.0 INCH    5 = HAIL
                        GRTST 24HR     0.0         6 = FREEZING RAIN OR DRIZZLE
                        GRTST DEPTH:   0           7 = DUSTSTORM OR SANDSTORM:
                                                       VSBY 1/2 MILE OR LESS
                                                   8 = SMOKE OR HAZE
[NO. OF DAYS WITH]      [WEATHER - DAYS WITH]      9 = BLOWING SNOW
                                                   X = TORNADO
MAX 32 OR BELOW:   0    0.01 INCH OR MORE:  11
MAX 90 OR ABOVE:  16    0.10 INCH OR MORE:   7
MIN 32 OR BELOW:   0    0.50 INCH OR MORE:   4
MIN  0 OR BELOW:   0    1.00 INCH OR MORE:   1

[HDD (BASE 65) ]
TOTAL THIS MO.     0    CLEAR  (SCALE 0-3)   9
DPTR FM NORMAL     0    PTCLDY (SCALE 4-7)   9
TOTAL FM JUL 1     0    CLOUDY (SCALE 8-10)  0
DPTR FM NORMAL     0

[CDD (BASE 65) ]
TOTAL THIS MO.   308
DPTR FM NORMAL     8    [PRESSURE DATA]
TOTAL FM JAN 1  1188    HIGHEST SLP M ON M
DPTR FM NORMAL   156    LOWEST  SLP 29.88 ON 18

[REMARKS]
