000
CXUS56 KPDT 180532
CF6MEH
PRELIMINARY LOCAL CLIMATOLOGICAL DATA (WS FORM: F-6)

                                          STATION:   MEACHAM OR
                                          MONTH:     NOVEMBER
                                          YEAR:      2018
                                          LATITUDE:   45 30 N
                                          LONGITUDE: 118 24 W

  TEMPERATURE IN F:       :PCPN:    SNOW:  WIND      :SUNSHINE: SKY     :PK WND
================================================================================
1   2   3   4   5  6A  6B    7    8   9   10  11  12  13   14  15   16   17  18
                                     12Z  AVG MX 2MIN
DY MAX MIN AVG DEP HDD CDD  WTR  SNW DPTH SPD SPD DIR MIN PSBL S-S WX    SPD DR
================================================================================

 1  54  40  47   9  18   0 0.16  0.0    0  0.6  7 290   M    M  10 1      14 270
 2  54  34  44   6  21   0 0.11  0.0    0  3.3 14 280   M    M   6 1      23 330
 3  50  36  43   5  22   0 0.04  0.0    0  0.4  7 240   M    M   7 1      13 270
 4  53  41  47   9  18   0 0.19  0.0    0  4.0 13 280   M    M   7 1      23 310
 5  45  39  42   5  23   0 0.20  0.0    0  2.7  9 280   M    M  10 1      17 250
 6  43  25  34  -3  31   0 0.11  0.0    0  1.4  8 260   M    M   6 1      16 260
 7  39  22  31  -6  34   0 0.00  0.0    0  0.4  6  30   M    M   7        12 340
 8  43  18  31  -5  34   0 0.00  0.0    0  0.5  6 260   M    M   1 18     10  30
 9  45  18  32  -4  33   0 0.04  0.0    0  0.0  9 260   M    M   4 1      16 260
10  38  19  29  -7  36   0    T    T    0  0.9  7  40   M    M   6 18     13  10
11  38  13  26 -10  39   0 0.00  0.0    0  1.0  7  40   M    M   0        11  10
12  43  13  28  -7  37   0 0.00  0.0    0  0.6  9  90   M    M   0 8      15  80
13  48  31  40   5  25   0 0.00  0.0    0  0.4  5 110   M    M   0        10  90
14  53  25  39   4  26   0    T    M    0  0.0  5 210   M    M   6         9 170
15  55  28  42   8  23   0 0.00  0.0    0  0.2  6 270   M    M   4 1       9 270
16  44  27  36   2  29   0 0.03    M    0  0.1  5  20   M    M   9 12      7  30
================================================================================
SM  745  429       449   0  0.88    T     16.5          M       83
================================================================================
AV 46.6 26.8                               1.0 FASTST   M    M   5    MAX(MPH)
                                 MISC ---->  # 14 280               # 23  330
================================================================================
NOTES:
# LAST OF SEVERAL OCCURRENCES

COLUMN 17 PEAK WIND IN M.P.H.

PRELIMINARY LOCAL CLIMATOLOGICAL DATA (WS FORM: F-6) , PAGE 2

                                          STATION:  MEACHAM OR
                                          MONTH:    NOVEMBER
                                          YEAR:     2018
                                          LATITUDE:   45 30 N
                                          LONGITUDE: 118 24 W

[TEMPERATURE DATA]      [PRECIPITATION DATA]       SYMBOLS USED IN COLUMN 16

AVERAGE MONTHLY: 36.7   TOTAL FOR MONTH:   0.88    1 = FOG OR MIST
DPTR FM NORMAL:   0.4   DPTR FM NORMAL:   -1.26    2 = FOG REDUCING VISIBILITY
HIGHEST:    55 ON 15    GRTST 24HR  0.27 ON 31- 1      TO 1/4 MILE OR LESS
LOWEST:     13 ON 12,11                            3 = THUNDER
                        SNOW, ICE PELLETS, HAIL    4 = ICE PELLETS
                        TOTAL MONTH:    T          5 = HAIL
                        GRTST 24HR    T  ON 10-10  6 = FREEZING RAIN OR DRIZZLE
                        GRTST DEPTH:   0           7 = DUSTSTORM OR SANDSTORM:
                                                       VSBY 1/2 MILE OR LESS
                                                   8 = SMOKE OR HAZE
[NO. OF DAYS WITH]      [WEATHER - DAYS WITH]      9 = BLOWING SNOW
                                                   X = TORNADO
MAX 32 OR BELOW:   0    0.01 INCH OR MORE:   8
MAX 90 OR ABOVE:   0    0.10 INCH OR MORE:   5
MIN 32 OR BELOW:  11    0.50 INCH OR MORE:   0
MIN  0 OR BELOW:   0    1.00 INCH OR MORE:   0

[HDD (BASE 65) ]
TOTAL THIS MO.   449    CLEAR  (SCALE 0-3)   4
DPTR FM NORMAL   -11    PTCLDY (SCALE 4-7)   9
TOTAL FM JUL 1  1832    CLOUDY (SCALE 8-10)  3
DPTR FM NORMAL  -163

[CDD (BASE 65) ]
TOTAL THIS MO.     0
DPTR FM NORMAL     0    [PRESSURE DATA]
TOTAL FM JAN 1    78    HIGHEST SLP M ON M
DPTR FM NORMAL    54    LOWEST  SLP 29.76 ON  4

[REMARKS]
