000
CXUS54 KMEG 180641
CF6MEM
PRELIMINARY LOCAL CLIMATOLOGICAL DATA (WS FORM: F-6)

                                          STATION:   MEMPHIS
                                          MONTH:     AUGUST
                                          YEAR:      2018
                                          LATITUDE:   35  3 N
                                          LONGITUDE:  89 59 W

  TEMPERATURE IN F:       :PCPN:    SNOW:  WIND      :SUNSHINE: SKY     :PK WND
================================================================================
1   2   3   4   5  6A  6B    7    8   9   10  11  12  13   14  15   16   17  18
                                     12Z  AVG MX 2MIN
DY MAX MIN AVG DEP HDD CDD  WTR  SNW DPTH SPD SPD DIR MIN PSBL S-S WX    SPD DR
================================================================================

 1  85  67  76  -7   0  11 0.00  0.0    0  5.6 13 340   M    M   3 18     19 340
 2  89  68  79  -4   0  14 0.00  0.0    0  4.7 13  30   M    M   1        17 270
 3  92  69  81  -2   0  16 0.00  0.0    0  3.1 10 170   M    M   1        14 230
 4  92  71  82  -1   0  17 0.02  0.0    0  6.3 26 180   M    M   3 3      33 180
 5  90  74  82  -1   0  17 0.00  0.0    0  6.4 15 220   M    M   7        21 250
 6  93  74  84   1   0  19 0.00  0.0    0  6.2 13 230   M    M   3        24 250
 7  93  75  84   1   0  19 0.00  0.0    0  8.3 18 310   M    M   2        25 160
 8  88  74  81  -2   0  16 0.21  0.0    0  5.0 12 270   M    M   8 13     19 220
 9  84  73  79  -4   0  14    T  0.0    0  6.1 14 300   M    M   8        19 290
10  91  70  81  -2   0  16 0.00  0.0    0  5.3 13 330   M    M   4        18 320
11  95  72  84   2   0  19 0.00  0.0    0  5.3 14 310   M    M   3        21 280
12  94  76  85   3   0  20 0.00  0.0    0  4.6 13 360   M    M   7 3      16  30
13  91  74  83   1   0  18 0.01  0.0    0  3.9 16 230   M    M   7 3      20 230
14  90  74  82   0   0  17 0.00  0.0    0  5.1 13 220   M    M   9        20 260
15  94  77  86   4   0  21    T  0.0    0  9.7 18 230   M    M   8        27 230
16  95  80  88   6   0  23 0.00  0.0    0  9.1 17 200   M    M   8        23 210
17  89  70  80  -2   0  15 0.01  0.0    0  8.4 28 310   M    M   8        35 320
================================================================================
SM 1545 1238         0 292  0.25     0.0 103.1          M       90
================================================================================
AV 90.9 72.8                               6.1 FASTST   M    M   5    MAX(MPH)
                                 MISC ---->  # 28 310               # 35  320
================================================================================
NOTES:
# LAST OF SEVERAL OCCURRENCES

COLUMN 17 PEAK WIND IN M.P.H.

PRELIMINARY LOCAL CLIMATOLOGICAL DATA (WS FORM: F-6) , PAGE 2

                                          STATION:  MEMPHIS
                                          MONTH:    AUGUST
                                          YEAR:     2018
                                          LATITUDE:   35  3 N
                                          LONGITUDE:  89 59 W

[TEMPERATURE DATA]      [PRECIPITATION DATA]       SYMBOLS USED IN COLUMN 16

AVERAGE MONTHLY: 81.9   TOTAL FOR MONTH:   0.25    1 = FOG OR MIST
DPTR FM NORMAL:  -0.7   DPTR FM NORMAL:   -1.54    2 = FOG REDUCING VISIBILITY
HIGHEST:    95 ON 16,11 GRTST 24HR  0.72 ON 31- 1      TO 1/4 MILE OR LESS
LOWEST:     67 ON  1                               3 = THUNDER
                        SNOW, ICE PELLETS, HAIL    4 = ICE PELLETS
                        TOTAL MONTH:   0.0 INCH    5 = HAIL
                        GRTST 24HR     0.0         6 = FREEZING RAIN OR DRIZZLE
                        GRTST DEPTH:   0           7 = DUSTSTORM OR SANDSTORM:
                                                       VSBY 1/2 MILE OR LESS
                                                   8 = SMOKE OR HAZE
[NO. OF DAYS WITH]      [WEATHER - DAYS WITH]      9 = BLOWING SNOW
                                                   X = TORNADO
MAX 32 OR BELOW:   0    0.01 INCH OR MORE:   4
MAX 90 OR ABOVE:  12    0.10 INCH OR MORE:   1
MIN 32 OR BELOW:   0    0.50 INCH OR MORE:   0
MIN  0 OR BELOW:   0    1.00 INCH OR MORE:   0

[HDD (BASE 65) ]
TOTAL THIS MO.     0    CLEAR  (SCALE 0-3)   7
DPTR FM NORMAL     0    PTCLDY (SCALE 4-7)   9
TOTAL FM JUL 1     0    CLOUDY (SCALE 8-10)  1
DPTR FM NORMAL     0

[CDD (BASE 65) ]
TOTAL THIS MO.   292
DPTR FM NORMAL    -9    [PRESSURE DATA]
TOTAL FM JAN 1  1792    HIGHEST SLP M ON M
DPTR FM NORMAL   183    LOWEST  SLP 29.90 ON 10

[REMARKS]
