000
CXUS54 KBMX 181110
CF6MGM
PRELIMINARY LOCAL CLIMATOLOGICAL DATA (WS FORM: F-6)

                                          STATION:   MONTGOMERY
                                          MONTH:     OCTOBER
                                          YEAR:      2018
                                          LATITUDE:   32 17 N
                                          LONGITUDE:  86 24 W

  TEMPERATURE IN F:       :PCPN:    SNOW:  WIND      :SUNSHINE: SKY     :PK WND
================================================================================
1   2   3   4   5  6A  6B    7    8   9   10  11  12  13   14  15   16   17  18
                                     12Z  AVG MX 2MIN
DY MAX MIN AVG DEP HDD CDD  WTR  SNW DPTH SPD SPD DIR MIN PSBL S-S WX    SPD DR
================================================================================

 1  89  72  81  10   0  16    T  0.0    0  5.8 13  70   M    M   3        15  80
 2  91  68  80   9   0  15 0.00  0.0    0  3.2 10  30   M    M   0        13  90
 3  91  68  80  10   0  15 0.00  0.0    0  2.7  9 110   M    M   0        13  80
 4  92  68  80  10   0  15 0.00  0.0    0  0.9  7  90   M    M   1 1      10  60
 5  93  69  81  11   0  16 0.00  0.0    0  1.1  8 130   M    M   2 1      10 110
 6  92  68  80  11   0  15 0.00  0.0    0  1.2  9 130   M    M   0 1      12 140
 7  90  68  79  10   0  14 0.00  0.0    0  5.9 16  80   M    M   0        20  80
 8  90  70  80  12   0  15    T  0.0    0  9.8 26  80   M    M   3        34 110
 9  89  73  81  13   0  16 0.00  0.0    0 12.7 20  90   M    M   6        26  80
10  79  76  78  10   0  13 1.60  0.0    0 13.0 21 360   M    M   9 1      28  10
11  82  60  71   3   0   6 0.00  0.0    0 10.4 18 320   M    M   5        23 310
12  78  51  65  -2   0   0 0.00  0.0    M  5.3 12 310   M    M   0        15 280
13  81  54  68   1   0   3 0.00  0.0    0  1.3 10 140   M    M   1        12  30
14  89  60  75   9   0  10 0.00  0.0    0  5.0 10 110   M    M   2        13 180
15  88  63  76  10   0  11 0.01  0.0    0  3.4 10 270   M    M   5 1      14 220
16  88  69  79  13   0  14 0.25  0.0    0  3.7 13 340   M    M   6 12     16 210
17  79  62  71   6   0   6 0.00  0.0    0  6.4 13  40   M    M   8 1      16  40
================================================================================
SM 1481 1119         0 200  1.86     0.0  91.8          M       51
================================================================================
AV 87.1 65.8                               5.4 FASTST   M    M   3    MAX(MPH)
                                 MISC ---->  # 26  80               # 34  110
================================================================================
NOTES:
# LAST OF SEVERAL OCCURRENCES

COLUMN 17 PEAK WIND IN M.P.H.

PRELIMINARY LOCAL CLIMATOLOGICAL DATA (WS FORM: F-6) , PAGE 2

                                          STATION:  MONTGOMERY
                                          MONTH:    OCTOBER
                                          YEAR:     2018
                                          LATITUDE:   32 17 N
                                          LONGITUDE:  86 24 W

[TEMPERATURE DATA]      [PRECIPITATION DATA]       SYMBOLS USED IN COLUMN 16

AVERAGE MONTHLY: 76.5   TOTAL FOR MONTH:   1.86    1 = FOG OR MIST
DPTR FM NORMAL:   8.3   DPTR FM NORMAL:    0.26    2 = FOG REDUCING VISIBILITY
HIGHEST:    93 ON  5    GRTST 24HR  1.60 ON 10-10      TO 1/4 MILE OR LESS
LOWEST:     51 ON 12                               3 = THUNDER
                        SNOW, ICE PELLETS, HAIL    4 = ICE PELLETS
                        TOTAL MONTH:   0.0 INCH    5 = HAIL
                        GRTST 24HR     0.0         6 = FREEZING RAIN OR DRIZZLE
                        GRTST DEPTH:   0           7 = DUSTSTORM OR SANDSTORM:
                                                       VSBY 1/2 MILE OR LESS
                                                   8 = SMOKE OR HAZE
[NO. OF DAYS WITH]      [WEATHER - DAYS WITH]      9 = BLOWING SNOW
                                                   X = TORNADO
MAX 32 OR BELOW:   0    0.01 INCH OR MORE:   3
MAX 90 OR ABOVE:   7    0.10 INCH OR MORE:   2
MIN 32 OR BELOW:   0    0.50 INCH OR MORE:   1
MIN  0 OR BELOW:   0    1.00 INCH OR MORE:   1

[HDD (BASE 65) ]
TOTAL THIS MO.     0    CLEAR  (SCALE 0-3)  10
DPTR FM NORMAL   -28    PTCLDY (SCALE 4-7)   6
TOTAL FM JUL 1     0    CLOUDY (SCALE 8-10)  1
DPTR FM NORMAL   -32

[CDD (BASE 65) ]
TOTAL THIS MO.   200
DPTR FM NORMAL   118    [PRESSURE DATA]
TOTAL FM JAN 1  2769    HIGHEST SLP M ON M
DPTR FM NORMAL   557    LOWEST  SLP 29.70 ON 10

[REMARKS]
