000
CXUS54 KBMX 181110
CF6MGM
PRELIMINARY LOCAL CLIMATOLOGICAL DATA (WS FORM: F-6)

                                          STATION:   MONTGOMERY
                                          MONTH:     JULY
                                          YEAR:      2018
                                          LATITUDE:   32 17 N
                                          LONGITUDE:  86 24 W

  TEMPERATURE IN F:       :PCPN:    SNOW:  WIND      :SUNSHINE: SKY     :PK WND
================================================================================
1   2   3   4   5  6A  6B    7    8   9   10  11  12  13   14  15   16   17  18
                                     12Z  AVG MX 2MIN
DY MAX MIN AVG DEP HDD CDD  WTR  SNW DPTH SPD SPD DIR MIN PSBL S-S WX    SPD DR
================================================================================

 1  91  73  82   1   0  17    T  0.0    0  5.0 12 100   M    M   6 12     15  30
 2  91  76  84   3   0  19    T  0.0    0  4.4 22 170   M    M   5 3      32 110
 3  94  75  85   4   0  20 0.03  0.0    0  7.0 22 100   M    M   1 3      27 100
 4  93  72  83   2   0  18 0.02  0.0    0  6.9 14 120   M    M   2 3      18  80
 5  92  74  83   2   0  18 0.01  0.0    0  8.7 21 100   M    M   1        26 100
 6  93  72  83   1   0  18 0.00  0.0    0  4.8 20  10   M    M   1        24  30
 7  92  72  82   0   0  17 0.36  0.0    0  4.8 28  30   M    M   3 13     33  30
 8  89  72  81  -1   0  16 0.40  0.0    0  7.9 21 120   M    M   7 1      24 120
 9  91  73  82   0   0  17 0.00  0.0    0  2.4  9  40   M    M   6 1      11  50
10  95  75  85   3   0  20 0.00  0.0    0  4.6 12  10   M    M   2 1      17  20
11  96  73  85   3   0  20 0.00  0.0    0  2.9  9 360   M    M   2 12     11 350
12  95  74  85   3   0  20 0.00  0.0    0  3.8 17 220   M    M   0 13     22 210
13  95  75  85   3   0  20 0.00  0.0    0  3.8 16 330   M    M   1 13     21  30
14  94  75  85   3   0  20 0.62  0.0    0  4.1 32 350   M    M   1 138    43 350
15  95  73  84   2   0  19 2.82  0.0    0  3.7 21 280   M    M   3 123    26 280
16  90  72  81  -1   0  16    T  0.0    0  4.1 15 200   M    M   6 1      21 190
17  90  73  82   0   0  17 0.00  0.0    0  4.4 12 290   M    M   4 1      19 290
================================================================================
SM 1576 1249         0 312  4.26     0.0  83.3          M       51
================================================================================
AV 92.7 73.5                               4.9 FASTST   M    M   3    MAX(MPH)
                                 MISC ---->  # 32 350               # 43  350
================================================================================
NOTES:
# LAST OF SEVERAL OCCURRENCES

COLUMN 17 PEAK WIND IN M.P.H.

PRELIMINARY LOCAL CLIMATOLOGICAL DATA (WS FORM: F-6) , PAGE 2

                                          STATION:  MONTGOMERY
                                          MONTH:    JULY
                                          YEAR:     2018
                                          LATITUDE:   32 17 N
                                          LONGITUDE:  86 24 W

[TEMPERATURE DATA]      [PRECIPITATION DATA]       SYMBOLS USED IN COLUMN 16

AVERAGE MONTHLY: 83.1   TOTAL FOR MONTH:   4.26    1 = FOG OR MIST
DPTR FM NORMAL:   1.4   DPTR FM NORMAL:    1.24    2 = FOG REDUCING VISIBILITY
HIGHEST:    96 ON 11    GRTST 24HR  2.82 ON 15-15      TO 1/4 MILE OR LESS
LOWEST:     72 ON 16, 8                            3 = THUNDER
                        SNOW, ICE PELLETS, HAIL    4 = ICE PELLETS
                        TOTAL MONTH:   0.0 INCH    5 = HAIL
                        GRTST 24HR     0.0         6 = FREEZING RAIN OR DRIZZLE
                        GRTST DEPTH:   0           7 = DUSTSTORM OR SANDSTORM:
                                                       VSBY 1/2 MILE OR LESS
                                                   8 = SMOKE OR HAZE
[NO. OF DAYS WITH]      [WEATHER - DAYS WITH]      9 = BLOWING SNOW
                                                   X = TORNADO
MAX 32 OR BELOW:   0    0.01 INCH OR MORE:   7
MAX 90 OR ABOVE:  16    0.10 INCH OR MORE:   4
MIN 32 OR BELOW:   0    0.50 INCH OR MORE:   2
MIN  0 OR BELOW:   0    1.00 INCH OR MORE:   1

[HDD (BASE 65) ]
TOTAL THIS MO.     0    CLEAR  (SCALE 0-3)  10
DPTR FM NORMAL     0    PTCLDY (SCALE 4-7)   7
TOTAL FM JUL 1     0    CLOUDY (SCALE 8-10)  0
DPTR FM NORMAL     0

[CDD (BASE 65) ]
TOTAL THIS MO.   312
DPTR FM NORMAL    29    [PRESSURE DATA]
TOTAL FM JAN 1  1300    HIGHEST SLP M ON M
DPTR FM NORMAL   259    LOWEST  SLP 29.95 ON M

[REMARKS]
