000
CXUS55 KFSD 190905
CF6MHE
PRELIMINARY LOCAL CLIMATOLOGICAL DATA (WS FORM: F-6)

                                          STATION:   MITCHELL SD
                                          MONTH:     JULY
                                          YEAR:      2018
                                          LATITUDE:   43 46 N
                                          LONGITUDE:  98  2 W

  TEMPERATURE IN F:       :PCPN:    SNOW:  WIND      :SUNSHINE: SKY     :PK WND
================================================================================
1   2   3   4   5  6A  6B    7    8   9   10  11  12  13   14  15   16   17  18
                                     12Z  AVG MX 2MIN
DY MAX MIN AVG DEP HDD CDD  WTR  SNW DPTH SPD SPD DIR MIN PSBL S-S WX    SPD DR
================================================================================

 1  83  62  73  -1   0   8 0.02  0.0    0  9.0 17 300   M    M   3        24 300
 2  89  61  75   1   0  10 0.00  0.0    0 12.4 25 180   M    M   1        39 170
 3  91  71  81   7   0  16 0.00  0.0    0 12.9 26 130   M    M   2 3      36 130
 4  83  68  76   1   0  11 0.06  0.0    0  8.9 22 290   M    M   1 13     32  50
 5  83  66  75   0   0  10 0.00  0.0    0  6.6 14  80   M    M   1 1      19  80
 6  85  62  74  -1   0   9 0.00  0.0    0 10.1 18 170   M    M   0        25 150
 7  93  68  81   6   0  16 0.00  0.0    0 15.2 25 180   M    M   0        38 160
 8  95  73  84   9   0  19 0.00  0.0    0 14.3 24 190   M    M   0        39 190
 9  94  71  83   8   0  18 0.00  0.0    0  9.9 17  90   M    M   1 12     25  70
10  95  73  84   9   0  19 0.00  0.0    0 12.7 22 140   M    M   0        30 170
11  99  75  87  12   0  22 0.00  0.0    0 14.1 25 190   M    M   0        38 200
12  93  69  81   6   0  16 1.21  0.0    0  9.4 23  60   M    M   4 13     32  70
13  86  68  77   2   0  12 0.26  0.0    0  5.8 18 150   M    M   4 1      25 160
14  87  62  75   0   0  10 0.00  0.0    0  5.5 14 160   M    M   1 12     19 170
15  81  62  72  -3   0   7 0.00  0.0    0  8.6 21 340   M    M   2 1      31  10
16  84  56  70  -5   0   5 0.00  0.0    0  3.9 12 150   M    M   0        16 170
17  87  62  75   0   0  10 0.00  0.0    0  6.6 15 140   M    M   1        20 140
18  82  62  72  -3   0   7 0.18  0.0    0 10.9 22 150   M    M   4 13     29 150
================================================================================
SM 1590 1191         0 225  1.73     0.0 176.8          M       25
================================================================================
AV 88.3 66.2                               9.8 FASTST   M    M   1    MAX(MPH)
                                 MISC ---->  # 26 130               # 39  170
================================================================================
NOTES:
# LAST OF SEVERAL OCCURRENCES

COLUMN 17 PEAK WIND IN M.P.H.

PRELIMINARY LOCAL CLIMATOLOGICAL DATA (WS FORM: F-6) , PAGE 2

                                          STATION:  MITCHELL SD
                                          MONTH:    JULY
                                          YEAR:     2018
                                          LATITUDE:   43 46 N
                                          LONGITUDE:  98  2 W

[TEMPERATURE DATA]      [PRECIPITATION DATA]       SYMBOLS USED IN COLUMN 16

AVERAGE MONTHLY: 77.3   TOTAL FOR MONTH:   1.73    1 = FOG OR MIST
DPTR FM NORMAL:   2.4   DPTR FM NORMAL:   -0.18    2 = FOG REDUCING VISIBILITY
HIGHEST:    99 ON 11    GRTST 24HR  1.21 ON 12-12      TO 1/4 MILE OR LESS
LOWEST:     56 ON 16                               3 = THUNDER
                        SNOW, ICE PELLETS, HAIL    4 = ICE PELLETS
                        TOTAL MONTH:   0.0 INCH    5 = HAIL
                        GRTST 24HR     0.0         6 = FREEZING RAIN OR DRIZZLE
                        GRTST DEPTH:   0           7 = DUSTSTORM OR SANDSTORM:
                                                       VSBY 1/2 MILE OR LESS
                                                   8 = SMOKE OR HAZE
[NO. OF DAYS WITH]      [WEATHER - DAYS WITH]      9 = BLOWING SNOW
                                                   X = TORNADO
MAX 32 OR BELOW:   0    0.01 INCH OR MORE:   5
MAX 90 OR ABOVE:   7    0.10 INCH OR MORE:   3
MIN 32 OR BELOW:   0    0.50 INCH OR MORE:   1
MIN  0 OR BELOW:   0    1.00 INCH OR MORE:   1

[HDD (BASE 65) ]
TOTAL THIS MO.     0    CLEAR  (SCALE 0-3)  14
DPTR FM NORMAL     0    PTCLDY (SCALE 4-7)   4
TOTAL FM JUL 1     0    CLOUDY (SCALE 8-10)  0
DPTR FM NORMAL     0

[CDD (BASE 65) ]
TOTAL THIS MO.   225
DPTR FM NORMAL    47    [PRESSURE DATA]
TOTAL FM JAN 1   609    HIGHEST SLP M ON M
DPTR FM NORMAL   221    LOWEST  SLP 29.75 ON  2

[REMARKS]
