000
CXUS55 KFSD 180905
CF6MHE
PRELIMINARY LOCAL CLIMATOLOGICAL DATA (WS FORM: F-6)

                                          STATION:   MITCHELL SD
                                          MONTH:     FEBRUARY
                                          YEAR:      2019
                                          LATITUDE:   43 46 N
                                          LONGITUDE:  98  2 W

  TEMPERATURE IN F:       :PCPN:    SNOW:  WIND      :SUNSHINE: SKY     :PK WND
================================================================================
1   2   3   4   5  6A  6B    7    8   9   10  11  12  13   14  15   16   17  18
                                     12Z  AVG MX 2MIN
DY MAX MIN AVG DEP HDD CDD  WTR  SNW DPTH SPD SPD DIR MIN PSBL S-S WX    SPD DR
================================================================================

 1  37   7  22   2  43   0 0.00  0.0    4  8.1 13 150   M    M   0        16 160
 2  52  21  37  17  28   0 0.00  0.0    3  6.9 14 160   M    M   0 18     16 200
 3  21   4  13  -8  52   0    T  0.0    2 14.4 29 330   M    M   6 189    38 340
 4   4  -3   1 -20  64   0    T    T    2 18.8 31 320   M    M   4 89     41 320
 5   8  -2   3 -18  62   0    T    T    2  7.1 15  20   M    M   8        18  20
 6   7   2   5 -16  60   0 0.16  1.5    2 13.5 22 340   M    M  10        28 330
 7   2  -7  -2 -24  67   0 0.03  0.7    4 23.7 33 320   M    M   8 9      42 320
 8   5 -13  -4 -26  69   0 0.00  0.0    4  9.0 20 120   M    M   M        25 130
 9  24   5  15  -7  50   0 0.00  0.0    4 14.7 26 130   M    M   3        35 150
10  17   4  11 -11  54   0 0.04  0.9    5  7.9 15  50   M    M   8 18     18  60
11  24   5  15  -7  50   0 0.02  0.6    5  7.7 23 120   M    M  10 16     28 120
12  22  -1  11 -12  54   0 0.01  0.2    5 15.0 26 310   M    M   2 1      32 300
13  29  -2  14  -9  51   0 0.00  0.0    5 10.6 26 160   M    M   2 1      34 170
14  28  -3  13 -10  52   0    T    T    4 18.4 30 330   M    M   6 189    39 330
15   7  -8   0 -24  65   0 0.00  0.0    4  5.8 14 360   M    M   2        16 360
16  22   7  15  -9  50   0    T    M    4 12.7 20 130   M    M  10 1      26 120
17  19  11  15  -9  50   0 0.02    M    M 13.2 20 340   M    M  10 1      26 350
================================================================================
SM  328   27       921   0  0.28     3.9 207.5          M       89
================================================================================
AV 19.3  1.6                              12.2 FASTST   M    M   6    MAX(MPH)
                                 MISC ---->  # 33 320               # 42  320
================================================================================
NOTES:
# LAST OF SEVERAL OCCURRENCES

COLUMN 17 PEAK WIND IN M.P.H.

PRELIMINARY LOCAL CLIMATOLOGICAL DATA (WS FORM: F-6) , PAGE 2

                                          STATION:  MITCHELL SD
                                          MONTH:    FEBRUARY
                                          YEAR:     2019
                                          LATITUDE:   43 46 N
                                          LONGITUDE:  98  2 W

[TEMPERATURE DATA]      [PRECIPITATION DATA]       SYMBOLS USED IN COLUMN 16

AVERAGE MONTHLY: 10.4   TOTAL FOR MONTH:   0.28    1 = FOG OR MIST
DPTR FM NORMAL: -11.6   DPTR FM NORMAL:    0.07    2 = FOG REDUCING VISIBILITY
HIGHEST:    52 ON  2    GRTST 24HR  0.16 ON  6- 6      TO 1/4 MILE OR LESS
LOWEST:    -13 ON  8                               3 = THUNDER
                        SNOW, ICE PELLETS, HAIL    4 = ICE PELLETS
                        TOTAL MONTH:   3.9 INCHES  5 = HAIL
                        GRTST 24HR   1.5 ON  6- 6  6 = FREEZING RAIN OR DRIZZLE
                        GRTST DEPTH:   5 ON 13,12  7 = DUSTSTORM OR SANDSTORM:
                                                       VSBY 1/2 MILE OR LESS
                                                   8 = SMOKE OR HAZE
[NO. OF DAYS WITH]      [WEATHER - DAYS WITH]      9 = BLOWING SNOW
                                                   X = TORNADO
MAX 32 OR BELOW:  15    0.01 INCH OR MORE:   6
MAX 90 OR ABOVE:   0    0.10 INCH OR MORE:   1
MIN 32 OR BELOW:  17    0.50 INCH OR MORE:   0
MIN  0 OR BELOW:   8    1.00 INCH OR MORE:   0

[HDD (BASE 65) ]
TOTAL THIS MO.   921    CLEAR  (SCALE 0-3)   6
DPTR FM NORMAL   191    PTCLDY (SCALE 4-7)   3
TOTAL FM JUL 1  5383    CLOUDY (SCALE 8-10)  7
DPTR FM NORMAL   286

[CDD (BASE 65) ]
TOTAL THIS MO.     0
DPTR FM NORMAL     0    [PRESSURE DATA]
TOTAL FM JAN 1     0    HIGHEST SLP M ON M
DPTR FM NORMAL     0    LOWEST  SLP 29.52 ON 13

[REMARKS]
