000
CXUS56 KMFR 191000
CF6MHS
PRELIMINARY LOCAL CLIMATOLOGICAL DATA (WS FORM: F-6)

                                          STATION:   MT SHASTA CITY CA
                                          MONTH:     JULY
                                          YEAR:      2018
                                          LATITUDE:   41 19 N
                                          LONGITUDE: 122 19 W

  TEMPERATURE IN F:       :PCPN:    SNOW:  WIND      :SUNSHINE: SKY     :PK WND
================================================================================
1   2   3   4   5  6A  6B    7    8   9   10  11  12  13   14  15   16   17  18
                                     12Z  AVG MX 2MIN
DY MAX MIN AVG DEP HDD CDD  WTR  SNW DPTH SPD SPD DIR MIN PSBL S-S WX    SPD DR
================================================================================

 1  87  56  72   7   0   7 0.00    M    M  4.8 12 290   M    M   0        20 340
 2  84  56  70   4   0   5 0.00    M    M  6.4 13 320   M    M   0        23 360
 3  80  47  64  -2   1   0 0.00    M    M  3.5 10 350   M    M   0 8      20 340
 4  81  47  64  -2   1   0 0.00    M    M  0.7  7 120   M    M   0 8      14 140
 5  81  49  65  -1   0   0 0.00    M    M  0.1  6 130   M    M   0        12 140
 6  82  51  67   1   0   2 0.00    M    M  1.0  7 120   M    M   0        17 140
 7  88  45  67   0   0   2 0.00    M    M  1.6  6 350   M    M   5 8      12  90
 8  89  48  69   2   0   4 0.00    M    M  1.7  7 130   M    M   0 8      15 150
 9  90  47  69   2   0   4 0.00    M    M  1.1  8 320   M    M   0        17 150
10  86  54  70   3   0   5 0.00    M    M  3.5  9 290   M    M   0        16 300
11  93  55  74   6   0   9 0.00    M    M  1.5  8 300   M    M   0        14 330
12  97  53  75   7   0  10 0.00    M    M  0.5  4  90   0    0   0         M  M
13  94  57  76   8   0  11    T    M    M  0.3  7 300   M    M   0        13 280
14  97  60  79  11   0  14    T    M    M  0.6  9 300   M    M   0        21 310
15  94  54  74   6   0   9 0.13    M    M  0.2 10  70   M    M   1 1      15  70
16  93  51  72   4   0   7 0.00    M    M  0.6  6 340   M    M   0        10 300
17  97  56  77   9   0  12 0.00    M    M  0.7  7 340   M    M   0        12 300
18  97  57  77   8   0  12 0.00    M    M  1.9  8 340   M    M   0 8      14 350
================================================================================
SM 1610  943         2 113  0.13    M     30.7            0      6
================================================================================
AV 89.4 52.4                               1.7 FASTST    0   0   0    MAX(MPH)
                                 MISC ---->  # 13 320               # 23  360
================================================================================
NOTES:
# LAST OF SEVERAL OCCURRENCES

COLUMN 17 PEAK WIND IN M.P.H.

PRELIMINARY LOCAL CLIMATOLOGICAL DATA (WS FORM: F-6) , PAGE 2

                                          STATION:  MT SHASTA CITY CA
                                          MONTH:    JULY
                                          YEAR:     2018
                                          LATITUDE:   41 19 N
                                          LONGITUDE: 122 19 W

[TEMPERATURE DATA]      [PRECIPITATION DATA]       SYMBOLS USED IN COLUMN 16

AVERAGE MONTHLY: 70.9   TOTAL FOR MONTH:   0.13    1 = FOG OR MIST
DPTR FM NORMAL:   3.8   DPTR FM NORMAL:   -0.13    2 = FOG REDUCING VISIBILITY
HIGHEST:    97 ON 18,17 GRTST 24HR  0.13 ON 15-15      TO 1/4 MILE OR LESS
LOWEST:     45 ON  7                               3 = THUNDER
                        SNOW, ICE PELLETS, HAIL    4 = ICE PELLETS
                        TOTAL MONTH:    M          5 = HAIL
                        GRTST 24HR    M  ON   M    6 = FREEZING RAIN OR DRIZZLE
                        GRTST DEPTH:  M  ON   M    7 = DUSTSTORM OR SANDSTORM:
                                                       VSBY 1/2 MILE OR LESS
                                                   8 = SMOKE OR HAZE
[NO. OF DAYS WITH]      [WEATHER - DAYS WITH]      9 = BLOWING SNOW
                                                   X = TORNADO
MAX 32 OR BELOW:   0    0.01 INCH OR MORE:   1
MAX 90 OR ABOVE:   9    0.10 INCH OR MORE:   1
MIN 32 OR BELOW:   0    0.50 INCH OR MORE:   0
MIN  0 OR BELOW:   0    1.00 INCH OR MORE:   0

[HDD (BASE 65) ]
TOTAL THIS MO.     2    CLEAR  (SCALE 0-3)  17
DPTR FM NORMAL   -22    PTCLDY (SCALE 4-7)   1
TOTAL FM JUL 1     2    CLOUDY (SCALE 8-10)  0
DPTR FM NORMAL   -22

[CDD (BASE 65) ]
TOTAL THIS MO.   113
DPTR FM NORMAL    50    [PRESSURE DATA]
TOTAL FM JAN 1   169    HIGHEST SLP  0.00 ON 12
DPTR FM NORMAL    61    LOWEST  SLP  0.00 ON 12

[REMARKS]
