000
CXUS56 KMFR 221000
CF6MHS
PRELIMINARY LOCAL CLIMATOLOGICAL DATA (WS FORM: F-6)

                                          STATION:   MT SHASTA CITY CA
                                          MONTH:     OCTOBER
                                          YEAR:      2018
                                          LATITUDE:   41 19 N
                                          LONGITUDE: 122 19 W

  TEMPERATURE IN F:       :PCPN:    SNOW:  WIND      :SUNSHINE: SKY     :PK WND
================================================================================
1   2   3   4   5  6A  6B    7    8   9   10  11  12  13   14  15   16   17  18
                                     12Z  AVG MX 2MIN
DY MAX MIN AVG DEP HDD CDD  WTR  SNW DPTH SPD SPD DIR MIN PSBL S-S WX    SPD DR
================================================================================

 1  59  42  51  -6  14   0 0.04    M    M  0.4  5  80   M    M   8 1       8  90
 2  64  50  57   1   8   0 0.04    M    M  0.2  5 100   M    M  10 1      10 110
 3  69  45  57   1   8   0 0.12    M    M  0.3  6  90   M    M   6 1      12 140
 4  64  39  52  -4  13   0 0.19    M    M  0.3  7  20   M    M   6 1      16  10
 5  59  34  47  -8  18   0 0.18    M    M  0.6  8 340   M    M   6 12     16 330
 6  58  40  49  -6  16   0    T    M    M  7.1 18 340   M    M   5 12     33 330
 7  62  42  52  -3  13   0 0.00    M    M  6.7 14 330   M    M   4        25 320
 8  67  49  58   4   7   0 0.00    M    M  5.8 13 320   M    M   5        25 310
 9  66  40  53  -1  12   0 0.00    M    M  4.0 13 340   M    M   2        27 290
10  62  37  50  -4  15   0 0.00    M    M  1.6  9 340   M    M   0        14 320
11  64  30  47  -6  18   0 0.00    M    M  2.2  8 290   M    M   0 8      13 310
12  69  30  50  -3  15   0 0.00    M    M  2.3  9 300   M    M   0        18 290
13  70  37  54   2  11   0 0.00    M    M  2.9  9 310   M    M   0 8      17 280
14  63  30  47  -5  18   0 0.00    M    M  2.5  8 290   M    M   0        16 270
15  69  27  48  -4  17   0 0.00    M    M  1.3  7 290   M    M   0        12 310
16  73  31  52   1  13   0 0.00    M    M  2.2  8 300   M    M   0        14 300
17  74  32  53   2  12   0 0.00    M    M  0.6  7  70   M    M   1 8      10 310
18  76  35  56   5   9   0 0.00    M    M  1.0  8 290   M    M   0        14 280
19  78  35  57   7   8   0 0.00    M    M  1.1  7 290   M    M   0        12 290
20  80  35  58   8   7   0 0.00    M    M  0.7  8  80   M    M   0        12  80
21  75  34  55   6  10   0 0.00    M    M  0.6  5  90   M    M   0        11 140
================================================================================
SM 1421  774       262   0  0.57    M     44.4          M       53
================================================================================
AV 67.7 36.9                               2.1 FASTST   M    M   3    MAX(MPH)
                                 MISC ---->  # 18 340               # 33  330
================================================================================
NOTES:
# LAST OF SEVERAL OCCURRENCES

COLUMN 17 PEAK WIND IN M.P.H.

PRELIMINARY LOCAL CLIMATOLOGICAL DATA (WS FORM: F-6) , PAGE 2

                                          STATION:  MT SHASTA CITY CA
                                          MONTH:    OCTOBER
                                          YEAR:     2018
                                          LATITUDE:   41 19 N
                                          LONGITUDE: 122 19 W

[TEMPERATURE DATA]      [PRECIPITATION DATA]       SYMBOLS USED IN COLUMN 16

AVERAGE MONTHLY: 52.3   TOTAL FOR MONTH:   0.57    1 = FOG OR MIST
DPTR FM NORMAL:  -0.9   DPTR FM NORMAL:   -0.60    2 = FOG REDUCING VISIBILITY
HIGHEST:    80 ON 20    GRTST 24HR  0.19 ON  4- 4      TO 1/4 MILE OR LESS
LOWEST:     27 ON 15                               3 = THUNDER
                        SNOW, ICE PELLETS, HAIL    4 = ICE PELLETS
                        TOTAL MONTH:    M          5 = HAIL
                        GRTST 24HR    M  ON   M    6 = FREEZING RAIN OR DRIZZLE
                        GRTST DEPTH:  M  ON   M    7 = DUSTSTORM OR SANDSTORM:
                                                       VSBY 1/2 MILE OR LESS
                                                   8 = SMOKE OR HAZE
[NO. OF DAYS WITH]      [WEATHER - DAYS WITH]      9 = BLOWING SNOW
                                                   X = TORNADO
MAX 32 OR BELOW:   0    0.01 INCH OR MORE:   5
MAX 90 OR ABOVE:   0    0.10 INCH OR MORE:   3
MIN 32 OR BELOW:   6    0.50 INCH OR MORE:   0
MIN  0 OR BELOW:   0    1.00 INCH OR MORE:   0

[HDD (BASE 65) ]
TOTAL THIS MO.   262    CLEAR  (SCALE 0-3)  13
DPTR FM NORMAL    11    PTCLDY (SCALE 4-7)   7
TOTAL FM JUL 1   408    CLOUDY (SCALE 8-10)  1
DPTR FM NORMAL   -80

[CDD (BASE 65) ]
TOTAL THIS MO.     0
DPTR FM NORMAL     0    [PRESSURE DATA]
TOTAL FM JAN 1   440    HIGHEST SLP  0.00 ON M
DPTR FM NORMAL   153    LOWEST  SLP 29.84 ON  3

[REMARKS]
