000
CXUS51 KGYX 160900
CF6MHT
PRELIMINARY LOCAL CLIMATOLOGICAL DATA (WS FORM: F-6)

                                          STATION:   MANCHESTER
                                          MONTH:     OCTOBER
                                          YEAR:      2018
                                          LATITUDE:   42 55 N
                                          LONGITUDE:  71 26 W

  TEMPERATURE IN F:       :PCPN:    SNOW:  WIND      :SUNSHINE: SKY     :PK WND
================================================================================
1   2   3   4   5  6A  6B    7    8   9   10  11  12  13   14  15   16   17  18
                                     12Z  AVG MX 2MIN
DY MAX MIN AVG DEP HDD CDD  WTR  SNW DPTH SPD SPD DIR MIN PSBL S-S WX    SPD DR
================================================================================

 1  59  53  56   0   9   0 0.13  0.0    0  3.6 14 350   M    M  10 1      16 340
 2  56  52  54  -2  11   0 0.49  0.0    0  4.8 10 360   M    M  10 1      12 360
 3  64  52  58   3   7   0 0.03  0.0    0  3.9 10 320   M    M  10 1      13 330
 4  74  59  67  12   0   2 0.00  0.0    0  6.4 16 350   M    M   8 1      21 350
 5  65  48  57   3   8   0 0.00  0.0    0  6.0 18 350   M    M   3        28 330
 6  62  47  55   1  10   0 0.00  0.0    0  4.6 12 170   M    M   9        15 160
 7  73  56  65  11   0   0 0.11  0.0    0  4.8 13  80   M    M   9 1      17 100
 8  56  50  53   0  12   0 0.01  0.0    0  4.8 12  80   M    M  10 1      15  90
 9  80  52  66  13   0   1 0.00  0.0    0  6.7 14 210   M    M   6 12     19 250
10  84  65  75  22   0  10 0.00  0.0    0  6.0 13 260   M    M   3 1      18 260
11  71  54  63  11   2   0 0.48  0.0    0  4.9 13  60   M    M  10 1      15 100
12  61  47  54   2  11   0 0.00  0.0    0  8.8 23 320   M    M   7 12     31 300
13  52  42  47  -5  18   0 0.07    M    0  4.5 14 310   M    M   8 1      17 300
14  59  37  48  -3  17   0 0.00  0.0    0  4.5 13 300   M    M   3 1      16 300
15  64  37  51   0  14   0 0.08  0.0    0  4.8 20 290   M    M   8 12     27 280
================================================================================
SM  980  751       119  13  1.40     0.0  79.1          M      114
================================================================================
AV 65.3 50.1                               5.3 FASTST   M    M   8    MAX(MPH)
                                 MISC ---->  # 23 320               # 31  300
================================================================================
NOTES:
# LAST OF SEVERAL OCCURRENCES

COLUMN 17 PEAK WIND IN M.P.H.

PRELIMINARY LOCAL CLIMATOLOGICAL DATA (WS FORM: F-6) , PAGE 2

                                          STATION:  MANCHESTER
                                          MONTH:    OCTOBER
                                          YEAR:     2018
                                          LATITUDE:   42 55 N
                                          LONGITUDE:  71 26 W

[TEMPERATURE DATA]      [PRECIPITATION DATA]       SYMBOLS USED IN COLUMN 16

AVERAGE MONTHLY: 57.7   TOTAL FOR MONTH:   1.40    1 = FOG OR MIST
DPTR FM NORMAL:   4.3   DPTR FM NORMAL:   -0.64    2 = FOG REDUCING VISIBILITY
HIGHEST:    84 ON 10    GRTST 24HR  0.49 ON  2- 2      TO 1/4 MILE OR LESS
LOWEST:     37 ON 15,14                            3 = THUNDER
                        SNOW, ICE PELLETS, HAIL    4 = ICE PELLETS
                        TOTAL MONTH:   0.0 INCH    5 = HAIL
                        GRTST 24HR     0.0         6 = FREEZING RAIN OR DRIZZLE
                        GRTST DEPTH:   0           7 = DUSTSTORM OR SANDSTORM:
                                                       VSBY 1/2 MILE OR LESS
                                                   8 = SMOKE OR HAZE
[NO. OF DAYS WITH]      [WEATHER - DAYS WITH]      9 = BLOWING SNOW
                                                   X = TORNADO
MAX 32 OR BELOW:   0    0.01 INCH OR MORE:   8
MAX 90 OR ABOVE:   0    0.10 INCH OR MORE:   4
MIN 32 OR BELOW:   0    0.50 INCH OR MORE:   0
MIN  0 OR BELOW:   0    1.00 INCH OR MORE:   0

[HDD (BASE 65) ]
TOTAL THIS MO.   119    CLEAR  (SCALE 0-3)   2
DPTR FM NORMAL   -59    PTCLDY (SCALE 4-7)   5
TOTAL FM JUL 1   198    CLOUDY (SCALE 8-10)  8
DPTR FM NORMAL  -123

[CDD (BASE 65) ]
TOTAL THIS MO.    13
DPTR FM NORMAL    13    [PRESSURE DATA]
TOTAL FM JAN 1  1063    HIGHEST SLP M ON M
DPTR FM NORMAL   425    LOWEST  SLP 29.46 ON 12

[REMARKS]
