254
CXUS51 KGYX 161857
CF6MHT
PRELIMINARY LOCAL CLIMATOLOGICAL DATA (WS FORM: F-6)

                                          STATION:   MANCHESTER
                                          MONTH:     DECEMBER
                                          YEAR:      2017
                                          LATITUDE:   42 55 N
                                          LONGITUDE:  71 26 W

  TEMPERATURE IN F:       :PCPN:    SNOW:  WIND      :SUNSHINE: SKY     :PK WND
================================================================================
1   2   3   4   5  6A  6B    7    8   9   10  11  12  13   14  15   16   17  18
                                     12Z  AVG MX 2MIN
DY MAX MIN AVG DEP HDD CDD  WTR  SNW DPTH SPD SPD DIR MIN PSBL S-S WX    SPD DR
================================================================================

 1  47  29  38   2  27   0 0.02  0.0    0  4.4 18 340   M    M   7 1      23 340
 2  41  25  33  -2  32   0 0.00  0.0    0  0.6  5 150   M    M   7         6 110
 3  42  25  34  -1  31   0 0.00  0.0    0  0.7  5 340   M    M   7         6 330
 4  46  29  38   3  27   0 0.00  0.0    0  2.1 12 120   M    M   5        16 110
 5  58  34  46  12  19   0 0.20  0.0    0  6.6 16 180   M    M  10 1      22 180
 6  58  30  44  10  21   0 0.22  0.0    0  6.8 18 280   M    M   6 1      28 260
 7  43  28  36   3  29   0    T    T    0  6.3 17 250   M    M   6        27 290
 8  38  29  34   1  31   0 0.00  0.0    0  4.7 12 290   M    M   7        18 280
 9  35  30  33   0  32   0 0.30  6.2    6  3.8 13 360   M    M  10 12     15 340
10  37  28  33   1  32   0    T    T    5  5.0 16 280   M    M   6 1      23 290
11  38  29  34   2  31   0 0.00  0.0    3  4.2 14 290   M    M   9        20 290
12  32  27  30  -2  35   0 0.22  0.2    4  4.8 13 360   M    M  10 1246   16 250
13  32  19  26  -5  39   0    T    T    4 10.4 20 280   M    M   6        31 290
14  27  16  22  -9  43   0 0.00  0.0    0  7.2 24 300   M    M   4        32 290
15  25  10  18 -12  47   0 0.00  0.0    4  3.2  8 240   M    M   7        13 270
================================================================================
SM  599  388       476   0  0.96     6.4  70.8          M      107
================================================================================
AV 39.9 25.9                               4.7 FASTST   M    M   7    MAX(MPH)
                                 MISC ---->  # 24 300               # 32  290
================================================================================
NOTES:
# LAST OF SEVERAL OCCURRENCES

COLUMN 17 PEAK WIND IN M.P.H.

PRELIMINARY LOCAL CLIMATOLOGICAL DATA (WS FORM: F-6) , PAGE 2

                                          STATION:  MANCHESTER
                                          MONTH:    DECEMBER
                                          YEAR:     2017
                                          LATITUDE:   42 55 N
                                          LONGITUDE:  71 26 W

[TEMPERATURE DATA]      [PRECIPITATION DATA]       SYMBOLS USED IN COLUMN 16

AVERAGE MONTHLY: 32.9   TOTAL FOR MONTH:   0.96    1 = FOG OR MIST
DPTR FM NORMAL:  -0.2   DPTR FM NORMAL:   -0.66    2 = FOG REDUCING VISIBILITY
HIGHEST:    58 ON  6, 5 GRTST 24HR  0.30 ON  9- 9      TO 1/4 MILE OR LESS
LOWEST:     10 ON 15                               3 = THUNDER
                        SNOW, ICE PELLETS, HAIL    4 = ICE PELLETS
                        TOTAL MONTH:   6.4 INCHES  5 = HAIL
                        GRTST 24HR   6.2 ON  9- 9  6 = FREEZING RAIN OR DRIZZLE
                        GRTST DEPTH:   6 ON  9     7 = DUSTSTORM OR SANDSTORM:
                                                       VSBY 1/2 MILE OR LESS
                                                   8 = SMOKE OR HAZE
[NO. OF DAYS WITH]      [WEATHER - DAYS WITH]      9 = BLOWING SNOW
                                                   X = TORNADO
MAX 32 OR BELOW:   4    0.01 INCH OR MORE:   5
MAX 90 OR ABOVE:   0    0.10 INCH OR MORE:   4
MIN 32 OR BELOW:  14    0.50 INCH OR MORE:   0
MIN  0 OR BELOW:   0    1.00 INCH OR MORE:   0

[HDD (BASE 65) ]
TOTAL THIS MO.   476    CLEAR  (SCALE 0-3)   0
DPTR FM NORMAL    -3    PTCLDY (SCALE 4-7)  11
TOTAL FM JUL 1  1474    CLOUDY (SCALE 8-10)  4
DPTR FM NORMAL  -299

[CDD (BASE 65) ]
TOTAL THIS MO.     0
DPTR FM NORMAL     0    [PRESSURE DATA]
TOTAL FM JAN 1   812    HIGHEST SLP M ON M
DPTR FM NORMAL   170    LOWEST  SLP 29.08 ON 13

[REMARKS]
