000
CXUS55 KEAX 180736
CF6MKC
PRELIMINARY LOCAL CLIMATOLOGICAL DATA (WS FORM: F-6)

                                          STATION:   Downtown Kansas City MO
                                          MONTH:     JULY
                                          YEAR:      2018
                                          LATITUDE:   39  7 N
                                          LONGITUDE:  94 36 W

  TEMPERATURE IN F:       :PCPN:    SNOW:  WIND      :SUNSHINE: SKY     :PK WND
================================================================================
1   2   3   4   5  6A  6B    7    8   9   10  11  12  13   14  15   16   17  18
                                     12Z  AVG MX 2MIN
DY MAX MIN AVG DEP HDD CDD  WTR  SNW DPTH SPD SPD DIR MIN PSBL S-S WX    SPD DR
================================================================================

 1  87  72  80   0   0  15 0.17    M    M  8.3 18 240   M    M   3 38     27 230
 2  91  67  79  -1   0  14 0.00    M    M  5.6 13 170   M    M   0        18 150
 3  98  75  87   7   0  22 0.00    M    M  8.2 17 140   M    M   1        23 190
 4  96  79  88   8   0  23 0.00    M    M  7.7 18 150   M    M   1 8      28 110
 5  95  77  86   6   0  21 0.00    M    M  6.9 15 360   M    M   1 38     22 330
 6  95  78  87   6   0  22 0.00    M    M  8.1 15  10   M    M   2        20  90
 7  90  72  81   0   0  16 0.00    M    M  7.7 14  50   M    M   0        20  50
 8  93  69  81   0   0  16 0.00    M    M  6.4 13 130   M    M   0        24 120
 9  97  73  85   4   0  20 0.00    M    M  3.6 12 120   M    M   1        16 330
10  99  75  87   6   0  22 0.00    M    M  2.7 10 160   M    M   0        15 170
11 101  78  90   9   0  25 0.00    M    M  5.8 14 180   M    M   1 8      20 140
12 103  80  92  11   0  27 0.00    M    M  5.9 14 160   M    M   1 3      21 140
13 100  80  90   9   0  25 0.00    M    M  8.6 20 170   M    M   1        26 210
14  91  76  84   3   0  19 0.04    M    M  3.5 20 180   M    M   3 3      27 190
15  96  74  85   4   0  20 0.00    M    M  3.5 14 340   M    M   1 18     18 350
16  97  76  87   6   0  22 0.00    M    M  4.7 14 350   M    M   2        18 350
17  84  74  79  -2   0  14 0.04    M    M  6.6 17 350   M    M   4        22 350
================================================================================
SM 1613 1275         0 343  0.25    M    103.8          M       22
================================================================================
AV 94.9 75.0                               6.1 FASTST   M    M   1    MAX(MPH)
                                 MISC ---->  # 20 170               # 28  110
================================================================================
NOTES:
# LAST OF SEVERAL OCCURRENCES

COLUMN 17 PEAK WIND IN M.P.H.

PRELIMINARY LOCAL CLIMATOLOGICAL DATA (WS FORM: F-6) , PAGE 2

                                          STATION:  Downtown Kansas City MO
                                          MONTH:    JULY
                                          YEAR:     2018
                                          LATITUDE:   39  7 N
                                          LONGITUDE:  94 36 W

[TEMPERATURE DATA]      [PRECIPITATION DATA]       SYMBOLS USED IN COLUMN 16

AVERAGE MONTHLY: 84.9   TOTAL FOR MONTH:   0.25    1 = FOG OR MIST
DPTR FM NORMAL:   4.2   DPTR FM NORMAL:   -2.14    2 = FOG REDUCING VISIBILITY
HIGHEST:   103 ON 12    GRTST 24HR  0.17 ON  1- 1      TO 1/4 MILE OR LESS
LOWEST:     67 ON  2                               3 = THUNDER
                        SNOW, ICE PELLETS, HAIL    4 = ICE PELLETS
                        TOTAL MONTH:    M          5 = HAIL
                        GRTST 24HR    M  ON   M    6 = FREEZING RAIN OR DRIZZLE
                        GRTST DEPTH:  M  ON   M    7 = DUSTSTORM OR SANDSTORM:
                                                       VSBY 1/2 MILE OR LESS
                                                   8 = SMOKE OR HAZE
[NO. OF DAYS WITH]      [WEATHER - DAYS WITH]      9 = BLOWING SNOW
                                                   X = TORNADO
MAX 32 OR BELOW:   0    0.01 INCH OR MORE:   3
MAX 90 OR ABOVE:  15    0.10 INCH OR MORE:   1
MIN 32 OR BELOW:   0    0.50 INCH OR MORE:   0
MIN  0 OR BELOW:   0    1.00 INCH OR MORE:   0

[HDD (BASE 65) ]
TOTAL THIS MO.     0    CLEAR  (SCALE 0-3)  16
DPTR FM NORMAL     0    PTCLDY (SCALE 4-7)   1
TOTAL FM JUL 1     0    CLOUDY (SCALE 8-10)  0
DPTR FM NORMAL     0

[CDD (BASE 65) ]
TOTAL THIS MO.   343
DPTR FM NORMAL    76    [PRESSURE DATA]
TOTAL FM JAN 1  1187    HIGHEST SLP  0.00 ON M
DPTR FM NORMAL   432    LOWEST  SLP  0.00 ON M

[REMARKS]
