000
CXUS53 KMKX 220900
CF6MKE
PRELIMINARY LOCAL CLIMATOLOGICAL DATA (WS FORM: F-6)

                                          STATION:   MILWAUKEE  WI
                                          MONTH:     SEPTEMBER
                                          YEAR:      2018
                                          LATITUDE:   42 57 N
                                          LONGITUDE:  87 54 W

  TEMPERATURE IN F:       :PCPN:    SNOW:  WIND      :SUNSHINE: SKY     :PK WND
================================================================================
1   2   3   4   5  6A  6B    7    8   9   10  11  12  13   14  15   16   17  18
                                     12Z  AVG MX 2MIN
DY MAX MIN AVG DEP HDD CDD  WTR  SNW DPTH SPD SPD DIR MIN PSBL S-S WX    SPD DR
================================================================================

 1  82  72  77   9   0  12 0.09  0.0    0  7.2 15 230   M    M   8 1      22 210
 2  88  69  79  11   0  14 0.91  0.0    0  9.5 24 240   M    M   9 138    37 240
 3  78  66  72   4   0   7 0.58  0.0    0  5.1 13 220   M    M   9 123    19 210
 4  90  71  81  13   0  16    T  0.0    0  8.4 18 230   M    M   5 13     27 230
 5  86  65  76   9   0  11 1.28  0.0    0 11.5 21 320   M    M   8 13     30 300
 6  69  58  64  -3   1   0    T  0.0    0 11.6 20  10   M    M   8        27  30
 7  69  58  64  -3   1   0 0.00  0.0    0 11.1 20  30   M    M   8        28  40
 8  70  61  66   0   0   1 0.00  0.0    0 15.6 22 100   M    M   7        29 100
 9  66  58  62  -4   3   0 0.00  0.0    0 13.2 20  30   M    M   6        28  20
10  71  58  65  -1   0   0 0.00  0.0    0  6.7 14  50   M    M   3        19  40
11  75  57  66   1   0   1 0.00  0.0    0  8.1 18 140   M    M   1 1      23 130
12  78  62  70   5   0   5 0.00  0.0    0  8.3 18 140   M    M   1        22 140
13  74  58  66   2   0   1 0.00  0.0    0  5.6 16 130   M    M   1 1      21 130
14  81  60  71   7   0   6 0.00  0.0    0  4.3 13 120   M    M   1 18     16 130
15  79  61  70   6   0   5 0.00  0.0    0  2.5  9 110   M    M   0 18     12 110
16  79  64  72   9   0   7 0.00  0.0    0  5.3 14 140   M    M   2 1      18 130
17  91  67  79  16   0  14 0.00  0.0    0  4.9 16  40   M    M   2        24  40
18  72  63  68   6   0   3 0.08  0.0    0  7.5 20 360   M    M   9 13     28 330
19  68  60  64   2   1   0 0.04  0.0    0  7.0 15 100   M    M   7 1      19 100
20  83  67  75  14   0  10 2.13  0.0    0  9.6 23 220   M    M   6 138    36 180
21  82  51  67   6   0   2 0.00  0.0    0 16.3 25 290   M    M   6        38 280
================================================================================
SM 1631 1306         6 115  5.11     0.0 179.3          M      107
================================================================================
AV 77.7 62.2                               8.5 FASTST   M    M   5    MAX(MPH)
                                 MISC ---->  # 25 290               # 38  280
================================================================================
NOTES:
# LAST OF SEVERAL OCCURRENCES

COLUMN 17 PEAK WIND IN M.P.H.

PRELIMINARY LOCAL CLIMATOLOGICAL DATA (WS FORM: F-6) , PAGE 2

                                          STATION:  MILWAUKEE  WI
                                          MONTH:    SEPTEMBER
                                          YEAR:     2018
                                          LATITUDE:   42 57 N
                                          LONGITUDE:  87 54 W

[TEMPERATURE DATA]      [PRECIPITATION DATA]       SYMBOLS USED IN COLUMN 16

AVERAGE MONTHLY: 69.9   TOTAL FOR MONTH:   5.11    1 = FOG OR MIST
DPTR FM NORMAL:   4.9   DPTR FM NORMAL:    2.88    2 = FOG REDUCING VISIBILITY
HIGHEST:    91 ON 17    GRTST 24HR  2.13 ON 20-20      TO 1/4 MILE OR LESS
LOWEST:     51 ON 21                               3 = THUNDER
                        SNOW, ICE PELLETS, HAIL    4 = ICE PELLETS
                        TOTAL MONTH:   0.0 INCH    5 = HAIL
                        GRTST 24HR     0.0         6 = FREEZING RAIN OR DRIZZLE
                        GRTST DEPTH:   0           7 = DUSTSTORM OR SANDSTORM:
                                                       VSBY 1/2 MILE OR LESS
                                                   8 = SMOKE OR HAZE
[NO. OF DAYS WITH]      [WEATHER - DAYS WITH]      9 = BLOWING SNOW
                                                   X = TORNADO
MAX 32 OR BELOW:   0    0.01 INCH OR MORE:   7
MAX 90 OR ABOVE:   2    0.10 INCH OR MORE:   4
MIN 32 OR BELOW:   0    0.50 INCH OR MORE:   4
MIN  0 OR BELOW:   0    1.00 INCH OR MORE:   2

[HDD (BASE 65) ]
TOTAL THIS MO.     6    CLEAR  (SCALE 0-3)   7
DPTR FM NORMAL   -55    PTCLDY (SCALE 4-7)  11
TOTAL FM JUL 1     7    CLOUDY (SCALE 8-10)  3
DPTR FM NORMAL   -80

[CDD (BASE 65) ]
TOTAL THIS MO.   115
DPTR FM NORMAL    54    [PRESSURE DATA]
TOTAL FM JAN 1   898    HIGHEST SLP M ON M
DPTR FM NORMAL   272    LOWEST  SLP 29.65 ON 21

[REMARKS]
