000
CXUS53 KMKX 240900
CF6MKE
PRELIMINARY LOCAL CLIMATOLOGICAL DATA (WS FORM: F-6)

                                          STATION:   MILWAUKEE  WI
                                          MONTH:     JUNE
                                          YEAR:      2018
                                          LATITUDE:   42 57 N
                                          LONGITUDE:  87 54 W

  TEMPERATURE IN F:       :PCPN:    SNOW:  WIND      :SUNSHINE: SKY     :PK WND
================================================================================
1   2   3   4   5  6A  6B    7    8   9   10  11  12  13   14  15   16   17  18
                                     12Z  AVG MX 2MIN
DY MAX MIN AVG DEP HDD CDD  WTR  SNW DPTH SPD SPD DIR MIN PSBL S-S WX    SPD DR
================================================================================

 1  73  50  62   1   3   0 0.00  0.0    0 16.4 29  10   M    M   5 12     41  10
 2  63  48  56  -5   9   0 0.27  0.0    0  8.9 20  20   M    M   8 1      29  20
 3  71  53  62   0   3   0 0.01  0.0    0 12.7 28 300   M    M   7 12     42 300
 4  81  56  69   7   0   4 0.01  0.0    0 10.9 23 290   M    M   3        36 280
 5  68  48  58  -4   7   0 0.20  0.0    0  9.4 20  40   M    M   4 13     26  10
 6  71  47  59  -4   6   0    T  0.0    0  5.4 23 110   M    M   6        29 110
 7  76  56  66   3   0   1 0.00  0.0    0  7.3 18  20   M    M   7        27  30
 8  64  55  60  -4   5   0 0.06  0.0    0  8.5 17  40   M    M   9        25  20
 9  63  56  60  -4   5   0 0.30  0.0    0  7.2 14  20   M    M  10 123    18  20
10  60  55  58  -6   7   0 0.45  0.0    0 11.0 21  90   M    M  10 13     29  90
11  65  56  61  -4   4   0    T  0.0    0  7.7 17  70   M    M   9        24  60
12  75  59  67   2   0   2 0.00  0.0    0  5.7 14 140   M    M   9 18     16 130
13  82  67  75   9   0  10 0.00  0.0    0  8.8 21 300   M    M   4 1      31 330
14  78  59  69   3   0   4 0.00  0.0    0  4.5 12 130   M    M   7        14 130
15  75  57  66   0   0   1 0.51  0.0    0  7.6 26 360   M    M   7 13     39 360
16  84  64  74   7   0   9 0.12  0.0    0  8.5 29 220   M    M   8 13     40 220
17  93  76  85  18   0  20 0.00  0.0    0 12.1 22 220   M    M   7        32 220
18  92  61  77  10   0  12 1.46  0.0    0 11.1 26 320   M    M   8 13     45 310
19  64  57  61  -7   4   0 0.75  0.0    0 10.2 17  10   M    M  10 13     24 360
20  69  59  64  -4   1   0 0.01  0.0    0  6.3 13  40   M    M   9 1      17  40
21  68  58  63  -5   2   0 0.08  0.0    0  9.2 16  20   M    M  10 1      23  20
22  65  58  62  -6   3   0 0.03  0.0    0 11.6 22  20   M    M   9        33  20
23  75  55  65  -4   0   0    T  0.0    0  6.0 13  40   M    M   6        18  30
================================================================================
SM 1675 1310        59  63  4.26     0.0 207.0          M      172
================================================================================
AV 72.8 57.0                               9.0 FASTST   M    M   7    MAX(MPH)
                                 MISC ---->  # 29  10               # 45  310
================================================================================
NOTES:
# LAST OF SEVERAL OCCURRENCES

COLUMN 17 PEAK WIND IN M.P.H.

PRELIMINARY LOCAL CLIMATOLOGICAL DATA (WS FORM: F-6) , PAGE 2

                                          STATION:  MILWAUKEE  WI
                                          MONTH:    JUNE
                                          YEAR:     2018
                                          LATITUDE:   42 57 N
                                          LONGITUDE:  87 54 W

[TEMPERATURE DATA]      [PRECIPITATION DATA]       SYMBOLS USED IN COLUMN 16

AVERAGE MONTHLY: 64.9   TOTAL FOR MONTH:   4.26    1 = FOG OR MIST
DPTR FM NORMAL:  -0.2   DPTR FM NORMAL:    1.29    2 = FOG REDUCING VISIBILITY
HIGHEST:    93 ON 17    GRTST 24HR  1.46 ON 18-18      TO 1/4 MILE OR LESS
LOWEST:     47 ON  6                               3 = THUNDER
                        SNOW, ICE PELLETS, HAIL    4 = ICE PELLETS
                        TOTAL MONTH:   0.0 INCH    5 = HAIL
                        GRTST 24HR     0.0         6 = FREEZING RAIN OR DRIZZLE
                        GRTST DEPTH:   0           7 = DUSTSTORM OR SANDSTORM:
                                                       VSBY 1/2 MILE OR LESS
                                                   8 = SMOKE OR HAZE
[NO. OF DAYS WITH]      [WEATHER - DAYS WITH]      9 = BLOWING SNOW
                                                   X = TORNADO
MAX 32 OR BELOW:   0    0.01 INCH OR MORE:  14
MAX 90 OR ABOVE:   2    0.10 INCH OR MORE:   8
MIN 32 OR BELOW:   0    0.50 INCH OR MORE:   3
MIN  0 OR BELOW:   0    1.00 INCH OR MORE:   1

[HDD (BASE 65) ]
TOTAL THIS MO.    59    CLEAR  (SCALE 0-3)   1
DPTR FM NORMAL   -18    PTCLDY (SCALE 4-7)  12
TOTAL FM JUL 1  6558    CLOUDY (SCALE 8-10) 10
DPTR FM NORMAL  -329

[CDD (BASE 65) ]
TOTAL THIS MO.    63
DPTR FM NORMAL   -15    [PRESSURE DATA]
TOTAL FM JAN 1   162    HIGHEST SLP M ON M
DPTR FM NORMAL    54    LOWEST  SLP 29.71 ON 23

[REMARKS]
