187
CXUS53 KGRR 171017
CF6MKG
PRELIMINARY LOCAL CLIMATOLOGICAL DATA (WS FORM: F-6)

                                          STATION:   MUSKEGON
                                          MONTH:     JULY
                                          YEAR:      2018
                                          LATITUDE:   43 10 N
                                          LONGITUDE:  86 14 W

  TEMPERATURE IN F:       :PCPN:    SNOW:  WIND      :SUNSHINE: SKY     :PK WND
================================================================================
1   2   3   4   5  6A  6B    7    8   9   10  11  12  13   14  15   16   17  18
                                     12Z  AVG MX 2MIN
DY MAX MIN AVG DEP HDD CDD  WTR  SNW DPTH SPD SPD DIR MIN PSBL S-S WX    SPD DR
================================================================================

 1  93  74  84  14   0  19 0.06  0.0    0 14.6 25 180   M    M   6 38     34 190
 2  79  63  71   1   0   6 0.00  0.0    0  5.9 17 260   M    M   3        23 270
 3  94  61  78   8   0  13 0.00  0.0    0  6.4 15 160   M    M   3        22 120
 4  91  75  83  12   0  18 0.00  0.0    0  8.0 15 230   M    M   2        21 230
 5  86  72  79   8   0  14 0.00  0.0    0  7.9 16 320   M    M   5 1      22 320
 6  83  60  72   1   0   7 0.00  0.0    0  7.7 16 290   M    M   1        22 290
 7  81  54  68  -3   0   3 0.00  0.0    0  5.3 15 140   M    M   1        18 160
 8  82  54  68  -3   0   3 0.00  0.0    0  6.0 15 220   M    M   1        19 220
 9  85  61  73   2   0   8 0.00  0.0    0  8.4 17 190   M    M   4 1      21 200
10  90  70  80   9   0  15 0.00  0.0    0  9.2 21 340   M    M   6        28 340
11  88  63  76   5   0  11 0.00  0.0    0  7.3 16 310   M    M   4        22  10
12  85  62  74   3   0   9    T  0.0    0  8.1 15 220   M    M   7        19 230
13  87  72  80   9   0  15 0.01  0.0    0 10.8 18 220   M    M   5        25 200
14  82  68  75   4   0  10 0.02  0.0    0  4.9 17 220   M    M   6 1      22 220
15  89  66  78   7   0  13 0.00  0.0    0  3.4 14 210   M    M   4 1      19 220
16  88  64  76   5   0  11 0.00  0.0    0  7.3 21 320   M    M   4 18     27 330
================================================================================
SM 1383 1039         0 175  0.09     0.0 121.2          M       62
================================================================================
AV 86.4 64.9                               7.6 FASTST   M    M   4    MAX(MPH)
                                 MISC ---->  # 25 180               # 34  190
================================================================================
NOTES:
# LAST OF SEVERAL OCCURRENCES

COLUMN 17 PEAK WIND IN M.P.H.

PRELIMINARY LOCAL CLIMATOLOGICAL DATA (WS FORM: F-6) , PAGE 2

                                          STATION:  MUSKEGON
                                          MONTH:    JULY
                                          YEAR:     2018
                                          LATITUDE:   43 10 N
                                          LONGITUDE:  86 14 W

[TEMPERATURE DATA]      [PRECIPITATION DATA]       SYMBOLS USED IN COLUMN 16

AVERAGE MONTHLY: 75.7   TOTAL FOR MONTH:   0.09    1 = FOG OR MIST
DPTR FM NORMAL:   4.9   DPTR FM NORMAL:   -1.06    2 = FOG REDUCING VISIBILITY
HIGHEST:    94 ON  3    GRTST 24HR  0.06 ON  1- 1      TO 1/4 MILE OR LESS
LOWEST:     54 ON  8, 7                            3 = THUNDER
                        SNOW, ICE PELLETS, HAIL    4 = ICE PELLETS
                        TOTAL MONTH:   0.0 INCH    5 = HAIL
                        GRTST 24HR     0.0         6 = FREEZING RAIN OR DRIZZLE
                        GRTST DEPTH:   0           7 = DUSTSTORM OR SANDSTORM:
                                                       VSBY 1/2 MILE OR LESS
                                                   8 = SMOKE OR HAZE
[NO. OF DAYS WITH]      [WEATHER - DAYS WITH]      9 = BLOWING SNOW
                                                   X = TORNADO
MAX 32 OR BELOW:   0    0.01 INCH OR MORE:   3
MAX 90 OR ABOVE:   4    0.10 INCH OR MORE:   0
MIN 32 OR BELOW:   0    0.50 INCH OR MORE:   0
MIN  0 OR BELOW:   0    1.00 INCH OR MORE:   0

[HDD (BASE 65) ]
TOTAL THIS MO.     0    CLEAR  (SCALE 0-3)   5
DPTR FM NORMAL    -4    PTCLDY (SCALE 4-7)  11
TOTAL FM JUL 1     0    CLOUDY (SCALE 8-10)  0
DPTR FM NORMAL    -4

[CDD (BASE 65) ]
TOTAL THIS MO.   175
DPTR FM NORMAL    72    [PRESSURE DATA]
TOTAL FM JAN 1   415    HIGHEST SLP M ON M
DPTR FM NORMAL   178    LOWEST  SLP 29.79 ON  1

[REMARKS]
