000
CXHW52 PHFO 211250
CF6MKK
PRELIMINARY LOCAL CLIMATOLOGICAL DATA (WS FORM: F-6)

                                          STATION:   MOLOKAI HI
                                          MONTH:     OCTOBER
                                          YEAR:      2018
                                          LATITUDE:   21  8 N
                                          LONGITUDE: 157  6 W

  TEMPERATURE IN F:       :PCPN:    SNOW:  WIND      :SUNSHINE: SKY     :PK WND
================================================================================
1   2   3   4   5  6A  6B    7    8   9   10  11  12  13   14  15   16   17  18
                                     12Z  AVG MX 2MIN
DY MAX MIN AVG DEP HDD CDD  WTR  SNW DPTH SPD SPD DIR MIN PSBL S-S WX    SPD DR
================================================================================

 1  88  69  79   1   0  14 0.00  0.0    M  4.9 12  30   M    M   M        16  40
 2  89  68  79   1   0  14 0.00  0.0    M  3.8 15  50   M    M   M        21 360
 3  87  69  78   0   0  13 0.00  0.0    M  8.1 18  50   M    M   M        25  40
 4  89  69  79   1   0  14 0.00  0.0    M  3.0 14 250   M    M   M        21 260
 5  86  68  77  -1   0  12 0.00  0.0    M  4.7 16  50   M    M   M        20  30
 6  89  70  80   2   0  15 0.00  0.0    M  6.0 16  40   M    M   M        22  80
 7  88  71  80   2   0  15 0.14  0.0    M  6.0 17  50   M    M   M 1      24  40
 8  88  73  81   3   0  16 0.00  0.0    M  8.9 21  50   M    M   M        31  50
 9  87  75  81   3   0  16 0.04  0.0    M 12.8 22  50   M    M   M 1      29  40
10  85  74  80   2   0  15 0.00  0.0    M 10.2 18  50   M    M   M        24  50
11  87  72  80   2   0  15 0.13  0.0    M  5.4 14 360   M    M   M 1      18  60
12  85  74  80   3   0  15 1.71  0.0    M  3.5 12 170   M    M   M 1      15 170
13  84  74  79   2   0  14 0.45  0.0    M  5.8 14 330   M    M   M 1      17 330
14  84  70  77   0   0  12 0.01  0.0    M  7.5 15 350   M    M   M        19 330
15  81  72  77   0   0  12 0.05  0.0    M  9.4 17  30   M    M   M 1      28  40
16  83  74  79   2   0  14 0.00  0.0    M 12.5 20  30   M    M   M        28  40
17  84  75  80   3   0  15 0.00  0.0    M  9.7 17  30   M    M   M        26  30
18  83  73  78   1   0  13    T  0.0    M  9.2 16  50   M    M   M        23  40
19  86  75  81   4   0  16 0.00  0.0    M  7.3 16  30   M    M   M        22  30
20  84  76  80   3   0  15 0.01  0.0    M  9.9 17  30   M    M   M        26  40
================================================================================
SM 1717 1441         0 285  2.54     0.0 148.6          M        M
================================================================================
AV 85.9 72.1                               7.4 FASTST   M    M   0    MAX(MPH)
                                 MISC ---->  # 22  50               # 31   50
================================================================================
NOTES:
# LAST OF SEVERAL OCCURRENCES

COLUMN 17 PEAK WIND IN M.P.H.

PRELIMINARY LOCAL CLIMATOLOGICAL DATA (WS FORM: F-6) , PAGE 2

                                          STATION:  MOLOKAI HI
                                          MONTH:    OCTOBER
                                          YEAR:     2018
                                          LATITUDE:   21  8 N
                                          LONGITUDE: 157  6 W

[TEMPERATURE DATA]      [PRECIPITATION DATA]       SYMBOLS USED IN COLUMN 16

AVERAGE MONTHLY: 79.0   TOTAL FOR MONTH:   2.54    1 = FOG OR MIST
DPTR FM NORMAL:   1.4   DPTR FM NORMAL:    1.48    2 = FOG REDUCING VISIBILITY
HIGHEST:    89 ON  6, 4 GRTST 24HR  1.71 ON 12-12      TO 1/4 MILE OR LESS
LOWEST:     68 ON  5, 2                            3 = THUNDER
                        SNOW, ICE PELLETS, HAIL    4 = ICE PELLETS
                        TOTAL MONTH:   0.0 INCH    5 = HAIL
                        GRTST 24HR     0.0         6 = FREEZING RAIN OR DRIZZLE
                        GRTST DEPTH:  M  ON   M    7 = DUSTSTORM OR SANDSTORM:
                                                       VSBY 1/2 MILE OR LESS
                                                   8 = SMOKE OR HAZE
[NO. OF DAYS WITH]      [WEATHER - DAYS WITH]      9 = BLOWING SNOW
                                                   X = TORNADO
MAX 32 OR BELOW:   0    0.01 INCH OR MORE:   8
MAX 90 OR ABOVE:   0    0.10 INCH OR MORE:   4
MIN 32 OR BELOW:   0    0.50 INCH OR MORE:   1
MIN  0 OR BELOW:   0    1.00 INCH OR MORE:   1

[HDD (BASE 65) ]
TOTAL THIS MO.     0    CLEAR  (SCALE 0-3)   0
DPTR FM NORMAL     0    PTCLDY (SCALE 4-7)   0
TOTAL FM JUL 1     0    CLOUDY (SCALE 8-10)  0
DPTR FM NORMAL     0

[CDD (BASE 65) ]
TOTAL THIS MO.   285
DPTR FM NORMAL    34    [PRESSURE DATA]
TOTAL FM JAN 1  3269    HIGHEST SLP M ON M
DPTR FM NORMAL   441    LOWEST  SLP 29.85 ON M

[REMARKS]
