000
CXHW52 PHFO 251250
CF6MKK
PRELIMINARY LOCAL CLIMATOLOGICAL DATA (WS FORM: F-6)

                                          STATION:   MOLOKAI HI
                                          MONTH:     APRIL
                                          YEAR:      2018
                                          LATITUDE:   21  8 N
                                          LONGITUDE: 157  6 W

  TEMPERATURE IN F:       :PCPN:    SNOW:  WIND      :SUNSHINE: SKY     :PK WND
================================================================================
1   2   3   4   5  6A  6B    7    8   9   10  11  12  13   14  15   16   17  18
                                     12Z  AVG MX 2MIN
DY MAX MIN AVG DEP HDD CDD  WTR  SNW DPTH SPD SPD DIR MIN PSBL S-S WX    SPD DR
================================================================================

 1  81  67  74   2   0   9 0.00  0.0    M  3.6 12 160   M    M   M 1      16 150
 2  79  69  74   2   0   9 1.15  0.0    M  9.4 23 170   M    M   M 1      30 160
 3  82  72  77   5   0  12 0.01  0.0    M  9.2 16 160   M    M   M        22 160
 4  82  73  78   6   0  13 0.20  0.0    M 14.0 24 170   M    M   M 1      31 170
 5  81  73  77   5   0  12 0.24  0.0    M 10.3 18 160   M    M   M 1      26 150
 6   M   M   M   M   M   M    M    M    M   M   M   M   M    M   M         M  M
 7  83  72  78   6   0  13 0.12  0.0    M 10.1 17  50   M    M   M 1      23  50
 8  78  71  75   3   0  10 0.01  0.0    M  9.2 17  10   M    M   M 1      26  10
 9  75  69  72   0   0   7 0.13  0.0    M 13.9 21  30   M    M   M 18     32  30
10  80  69  75   3   0  10    T  0.0    M 16.1 24  50   M    M   M        35  60
11  80  70  75   3   0  10    T  0.0    M 15.0 24  50   M    M   M 18     36  40
12  83  70  77   5   0  12 0.00  0.0    M  9.1 18  40   M    M   M        28  60
13  83  70  77   5   0  12    T  0.0    M 10.5 21  60   M    M   M        29  50
14  82  73  78   6   0  13    T  0.0    M 15.1 25  50   M    M   M 1      36  50
15  84  70  77   4   0  12 0.00  0.0    M 11.3 25  50   M    M   M        33  40
16  81  73  77   4   0  12 0.00  0.0    M 16.6 28  50   M    M   M        38  40
17  78  72  75   2   0  10 0.00  0.0    M 15.3 24  40   M    M   M        35  50
18  81  72  77   4   0  12 0.00  0.0    M 13.1 24  60   M    M   M        33  50
19  77  72  75   2   0  10    T  0.0    M 11.5 21  30   M    M   M 1      30  40
20  83  73  78   5   0  13 0.00  0.0    M 12.9 23  30   M    M   M        35  30
21  82  72  77   4   0  12    T  0.0    M 12.3 20  40   M    M   M        29  30
22  82  73  78   5   0  13 0.01  0.0    M 14.1 23  40   M    M   M        34  30
23  81  72  77   4   0  12    T  0.0    M 14.8 22  30   M    M   M 1      33  60
24  81  73  77   4   0  12    T  0.0    M 14.8 26  50   M    M   M        40  50
================================================================================
SM 1859 1640         0 260  1.87     0.0 282.2          M        M
================================================================================
AV 80.8 71.3                              12.3 FASTST   M    M   0    MAX(MPH)
                                 MISC ---->  # 28  50               # 40   50
================================================================================
NOTES:
# LAST OF SEVERAL OCCURRENCES

COLUMN 17 PEAK WIND IN M.P.H.

PRELIMINARY LOCAL CLIMATOLOGICAL DATA (WS FORM: F-6) , PAGE 2

                                          STATION:  MOLOKAI HI
                                          MONTH:    APRIL
                                          YEAR:     2018
                                          LATITUDE:   21  8 N
                                          LONGITUDE: 157  6 W

[TEMPERATURE DATA]      [PRECIPITATION DATA]       SYMBOLS USED IN COLUMN 16

AVERAGE MONTHLY: 76.1   TOTAL FOR MONTH:   1.87    1 = FOG OR MIST
DPTR FM NORMAL:   3.6   DPTR FM NORMAL:    0.25    2 = FOG REDUCING VISIBILITY
HIGHEST:    84 ON 15    GRTST 24HR  1.15 ON  2- 2      TO 1/4 MILE OR LESS
LOWEST:     67 ON  1                               3 = THUNDER
                        SNOW, ICE PELLETS, HAIL    4 = ICE PELLETS
                        TOTAL MONTH:   0.0 INCH    5 = HAIL
                        GRTST 24HR     0.0         6 = FREEZING RAIN OR DRIZZLE
                        GRTST DEPTH:  M  ON   M    7 = DUSTSTORM OR SANDSTORM:
                                                       VSBY 1/2 MILE OR LESS
                                                   8 = SMOKE OR HAZE
[NO. OF DAYS WITH]      [WEATHER - DAYS WITH]      9 = BLOWING SNOW
                                                   X = TORNADO
MAX 32 OR BELOW:   0    0.01 INCH OR MORE:   8
MAX 90 OR ABOVE:   0    0.10 INCH OR MORE:   5
MIN 32 OR BELOW:   0    0.50 INCH OR MORE:   1
MIN  0 OR BELOW:   0    1.00 INCH OR MORE:   1

[HDD (BASE 65) ]
TOTAL THIS MO.     0    CLEAR  (SCALE 0-3)   0
DPTR FM NORMAL     0    PTCLDY (SCALE 4-7)   0
TOTAL FM JUL 1     0    CLOUDY (SCALE 8-10)  0
DPTR FM NORMAL    -3

[CDD (BASE 65) ]
TOTAL THIS MO.   260
DPTR FM NORMAL    81    [PRESSURE DATA]
TOTAL FM JAN 1   642    HIGHEST SLP M ON M
DPTR FM NORMAL   -48    LOWEST  SLP 29.80 ON  3

[REMARKS]
