000
CXUS54 KMEG 190642
CF6MKL
PRELIMINARY LOCAL CLIMATOLOGICAL DATA (WS FORM: F-6)

                                          STATION:   JACKSON
                                          MONTH:     JULY
                                          YEAR:      2018
                                          LATITUDE:   35 35 N
                                          LONGITUDE:  88 55 W

  TEMPERATURE IN F:       :PCPN:    SNOW:  WIND      :SUNSHINE: SKY     :PK WND
================================================================================
1   2   3   4   5  6A  6B    7    8   9   10  11  12  13   14  15   16   17  18
                                     12Z  AVG MX 2MIN
DY MAX MIN AVG DEP HDD CDD  WTR  SNW DPTH SPD SPD DIR MIN PSBL S-S WX    SPD DR
================================================================================

 1  94  73  84   5   0  19 0.00  0.0    0  4.0 12 200   M    M   0 1      13 190
 2  94  75  85   6   0  20 0.00  0.0    0  4.4 15 250   M    M   1 3      19 250
 3  91  73  82   3   0  17 0.00  0.0    0  2.9 10 160   M    M   2 1      16 110
 4  95  72  84   5   0  19 2.45  0.0    0  2.6 26  80   M    M   1 138    35  70
 5  93  73  83   4   0  18 0.56  0.0    0  2.8 29  30   M    M   1 13     34  40
 6  90  72  81   2   0  16 0.74  0.0    0  4.0 32 310   M    M   3 13     44 320
 7  87  73  80   0   0  15    T  0.0    0  7.3 15  60   M    M   5        20  60
 8  87  73  80   0   0  15 0.00  0.0    0  3.9 10 170   M    M   4        16 110
 9  90  72  81   1   0  16    T  0.0    0  2.3 10 110   M    M   3 13     14 120
10  92  71  82   2   0  17 0.00  0.0    0  1.4  7 290   M    M   3 1       9 200
11  94  73  84   4   0  19 0.00  0.0    0  3.1 23 360   M    M   1 1      28 350
12  94  72  83   3   0  18 0.00  0.0    0  1.9 13  30   M    M   1 1      16  20
13  95  74  85   5   0  20 0.00  0.0    0  2.2  8 360   M    M   1 1      11 360
14  95  76  86   6   0  21 0.00  0.0    0  4.9 12 260   M    M   0 13     13 240
15  95  74  85   5   0  20 0.83  0.0    0  6.6 21 100   M    M   2 13     31  80
16  92  73  83   3   0  18 2.38  0.0    0  4.0 17  10   M    M   4 13     24  20
17  93  76  85   5   0  20 0.00  0.0    0  2.7 15 310   M    M   3 13     18 310
18  90  74  82   2   0  17 0.00  0.0    0  2.4  8 100   M    M   1 1      11  50
================================================================================
SM 1661 1319         0 325  6.96     0.0  63.4          M       36
================================================================================
AV 92.3 73.3                               3.5 FASTST   M    M   2    MAX(MPH)
                                 MISC ---->  # 32 310               # 44  320
================================================================================
NOTES:
# LAST OF SEVERAL OCCURRENCES

COLUMN 17 PEAK WIND IN M.P.H.

PRELIMINARY LOCAL CLIMATOLOGICAL DATA (WS FORM: F-6) , PAGE 2

                                          STATION:  JACKSON
                                          MONTH:    JULY
                                          YEAR:     2018
                                          LATITUDE:   35 35 N
                                          LONGITUDE:  88 55 W

[TEMPERATURE DATA]      [PRECIPITATION DATA]       SYMBOLS USED IN COLUMN 16

AVERAGE MONTHLY: 82.8   TOTAL FOR MONTH:   6.96    1 = FOG OR MIST
DPTR FM NORMAL:   3.1   DPTR FM NORMAL:    4.30    2 = FOG REDUCING VISIBILITY
HIGHEST:    95 ON 15,14 GRTST 24HR  2.45 ON  4- 4      TO 1/4 MILE OR LESS
LOWEST:     71 ON 10                               3 = THUNDER
                        SNOW, ICE PELLETS, HAIL    4 = ICE PELLETS
                        TOTAL MONTH:   0.0 INCH    5 = HAIL
                        GRTST 24HR     0.0         6 = FREEZING RAIN OR DRIZZLE
                        GRTST DEPTH:   0           7 = DUSTSTORM OR SANDSTORM:
                                                       VSBY 1/2 MILE OR LESS
                                                   8 = SMOKE OR HAZE
[NO. OF DAYS WITH]      [WEATHER - DAYS WITH]      9 = BLOWING SNOW
                                                   X = TORNADO
MAX 32 OR BELOW:   0    0.01 INCH OR MORE:   5
MAX 90 OR ABOVE:  16    0.10 INCH OR MORE:   5
MIN 32 OR BELOW:   0    0.50 INCH OR MORE:   5
MIN  0 OR BELOW:   0    1.00 INCH OR MORE:   2

[HDD (BASE 65) ]
TOTAL THIS MO.     0    CLEAR  (SCALE 0-3)  15
DPTR FM NORMAL     0    PTCLDY (SCALE 4-7)   3
TOTAL FM JUL 1     0    CLOUDY (SCALE 8-10)  0
DPTR FM NORMAL     0

[CDD (BASE 65) ]
TOTAL THIS MO.   325
DPTR FM NORMAL    62    [PRESSURE DATA]
TOTAL FM JAN 1  1121    HIGHEST SLP M ON M
DPTR FM NORMAL   304    LOWEST  SLP 29.88 ON  1

[REMARKS]
