000
CXUS54 KMEG 160636
CF6MKL
PRELIMINARY LOCAL CLIMATOLOGICAL DATA (WS FORM: F-6)

                                          STATION:   JACKSON
                                          MONTH:     OCTOBER
                                          YEAR:      2018
                                          LATITUDE:   35 35 N
                                          LONGITUDE:  88 55 W

  TEMPERATURE IN F:       :PCPN:    SNOW:  WIND      :SUNSHINE: SKY     :PK WND
================================================================================
1   2   3   4   5  6A  6B    7    8   9   10  11  12  13   14  15   16   17  18
                                     12Z  AVG MX 2MIN
DY MAX MIN AVG DEP HDD CDD  WTR  SNW DPTH SPD SPD DIR MIN PSBL S-S WX    SPD DR
================================================================================

 1  87  63  75   9   0  10 0.00  0.0    0  2.3 12 200   M    M   3 1      15 210
 2  88  68  78  13   0  13 0.64  0.0    0  4.5 15 340   M    M   3 18     17 340
 3  88  65  77  12   0  12 0.00  0.0    0  5.8 15 190   M    M   3 12     19 210
 4  90  70  80  16   0  15 0.00  0.0    0  5.4 13 250   M    M   1        19 240
 5  89  68  79  15   0  14 0.00  0.0    0  5.7 14 200   M    M   1 1      19 190
 6  88  66  77  13   0  12 0.00  0.0    0  4.3 14 200   M    M   1 1      18 200
 7  88  63  76  13   0  11 0.00  0.0    0  3.3 12 190   M    M   1 1      17 190
 8  88  64  76  13   0  11 0.00  0.0    0  3.8 13 170   M    M   1 1      19 170
 9  85  70  78  15   0  13 0.00  0.0    0  7.0 15 140   M    M   2        22 160
10  84  64  74  12   0   9    T  0.0    0  7.7 15 210   M    M   6        21 190
11  67  45  56  -6   9   0 0.00  0.0    0  8.4 17 340   M    M   2        22 330
12  63  42  53  -9  12   0 0.00  0.0    0  2.8 12  90   M    M   4        14 110
13  59  52  56  -5   9   0 0.06  0.0    0  6.0 12  40   M    M   9 1      14  60
14  72  54  63   2   2   0 0.32  0.0    0  4.9 14 200   M    M   8 123    19 190
15  66  46  56  -5   9   0 1.95  0.0    0 10.5 20  10   M    M   9 13     23  10
================================================================================
SM 1202  900        41 120  2.97     0.0  82.4          M       54
================================================================================
AV 80.1 60.0                               5.5 FASTST   M    M   4    MAX(MPH)
                                 MISC ---->  # 20  10               # 23   10
================================================================================
NOTES:
# LAST OF SEVERAL OCCURRENCES

COLUMN 17 PEAK WIND IN M.P.H.

PRELIMINARY LOCAL CLIMATOLOGICAL DATA (WS FORM: F-6) , PAGE 2

                                          STATION:  JACKSON
                                          MONTH:    OCTOBER
                                          YEAR:     2018
                                          LATITUDE:   35 35 N
                                          LONGITUDE:  88 55 W

[TEMPERATURE DATA]      [PRECIPITATION DATA]       SYMBOLS USED IN COLUMN 16

AVERAGE MONTHLY: 70.1   TOTAL FOR MONTH:   2.97    1 = FOG OR MIST
DPTR FM NORMAL:   7.0   DPTR FM NORMAL:    1.16    2 = FOG REDUCING VISIBILITY
HIGHEST:    90 ON  4    GRTST 24HR  1.95 ON 15-15      TO 1/4 MILE OR LESS
LOWEST:     42 ON 12                               3 = THUNDER
                        SNOW, ICE PELLETS, HAIL    4 = ICE PELLETS
                        TOTAL MONTH:   0.0 INCH    5 = HAIL
                        GRTST 24HR     0.0         6 = FREEZING RAIN OR DRIZZLE
                        GRTST DEPTH:   0           7 = DUSTSTORM OR SANDSTORM:
                                                       VSBY 1/2 MILE OR LESS
                                                   8 = SMOKE OR HAZE
[NO. OF DAYS WITH]      [WEATHER - DAYS WITH]      9 = BLOWING SNOW
                                                   X = TORNADO
MAX 32 OR BELOW:   0    0.01 INCH OR MORE:   4
MAX 90 OR ABOVE:   1    0.10 INCH OR MORE:   3
MIN 32 OR BELOW:   0    0.50 INCH OR MORE:   2
MIN  0 OR BELOW:   0    1.00 INCH OR MORE:   1

[HDD (BASE 65) ]
TOTAL THIS MO.    41    CLEAR  (SCALE 0-3)   9
DPTR FM NORMAL   -22    PTCLDY (SCALE 4-7)   4
TOTAL FM JUL 1    44    CLOUDY (SCALE 8-10)  2
DPTR FM NORMAL   -45

[CDD (BASE 65) ]
TOTAL THIS MO.   120
DPTR FM NORMAL    87    [PRESSURE DATA]
TOTAL FM JAN 1  2168    HIGHEST SLP M ON M
DPTR FM NORMAL   492    LOWEST  SLP 29.75 ON 10

[REMARKS]
