000
CXUS54 KTSA 160840
CF6MKO
PRELIMINARY LOCAL CLIMATOLOGICAL DATA (WS FORM: F-6)

                                          STATION:   MUSKOGEE OKLAHOMA
                                          MONTH:     JULY
                                          YEAR:      2018
                                          LATITUDE:   35 40 N
                                          LONGITUDE:  95 22 W

  TEMPERATURE IN F:       :PCPN:    SNOW:  WIND      :SUNSHINE: SKY     :PK WND
================================================================================
1   2   3   4   5  6A  6B    7    8   9   10  11  12  13   14  15   16   17  18
                                     12Z  AVG MX 2MIN
DY MAX MIN AVG DEP HDD CDD  WTR  SNW DPTH SPD SPD DIR MIN PSBL S-S WX    SPD DR
================================================================================

 1  82  75  79  -1   0  14 0.18  0.0    0  5.0 16 160   M    M   3 13     20 160
 2  95  73  84   4   0  19 0.00  0.0    0  4.0  8 180   M    M   0 1      13 180
 3  96  74  85   5   0  20 0.00  0.0    0  6.6 24 130   M    M   0 1      32 120
 4  91  73  82   2   0  17 0.00  0.0    0  7.9 18 120   M    M   1 1      26 140
 5  98  72  85   5   0  20 0.00  0.0    0  3.9 15 140   M    M   2 138    19 140
 6  98  72  85   5   0  20 0.21  0.0    0  2.4 24  40   M    M   1 13     33  40
 7  94  69  82   2   0  17 0.00  0.0    0  4.9 14  60   M    M   2 12     17  60
 8  92  70  81   1   0  16 0.00  0.0    0  6.1 12 140   M    M   1        16 140
 9  93  71  82   1   0  17    T  0.0    0  4.0 16 140   M    M   1 3      19 140
10  95  72  84   3   0  19 0.00  0.0    0  2.8  8 190   M    M   2 12     10 120
11  95  73  84   3   0  19 0.00  0.0    0  3.5 13  80   M    M   1 3      17  80
12  96  74  85   4   0  20 0.00  0.0    0  4.7 22 150   M    M   0 1      30 150
13  94  71  83   2   0  18 0.00  0.0    0  5.8 14 230   M    M   0        20 180
14  97  75  86   5   0  21 0.00  0.0    0  6.5 16 190   M    M   2        20 190
15  97  75  86   5   0  21 0.12  0.0    0  5.0 15 150   M    M   4 13     21 150
================================================================================
SM 1413 1089         0 278  0.51     0.0  73.1          M       20
================================================================================
AV 94.2 72.6                               4.9 FASTST   M    M   1    MAX(MPH)
                                 MISC ---->  # 24 130               # 33   40
================================================================================
NOTES:
# LAST OF SEVERAL OCCURRENCES

COLUMN 17 PEAK WIND IN M.P.H.

PRELIMINARY LOCAL CLIMATOLOGICAL DATA (WS FORM: F-6) , PAGE 2

                                          STATION:  MUSKOGEE OKLAHOMA
                                          MONTH:    JULY
                                          YEAR:     2018
                                          LATITUDE:   35 40 N
                                          LONGITUDE:  95 22 W

[TEMPERATURE DATA]      [PRECIPITATION DATA]       SYMBOLS USED IN COLUMN 16

AVERAGE MONTHLY: 83.4   TOTAL FOR MONTH:   0.51    1 = FOG OR MIST
DPTR FM NORMAL:   2.9   DPTR FM NORMAL:   -1.44    2 = FOG REDUCING VISIBILITY
HIGHEST:    98 ON  6, 5 GRTST 24HR  0.21 ON  6- 6      TO 1/4 MILE OR LESS
LOWEST:     69 ON  7                               3 = THUNDER
                        SNOW, ICE PELLETS, HAIL    4 = ICE PELLETS
                        TOTAL MONTH:   0.0 INCH    5 = HAIL
                        GRTST 24HR     0.0         6 = FREEZING RAIN OR DRIZZLE
                        GRTST DEPTH:   0           7 = DUSTSTORM OR SANDSTORM:
                                                       VSBY 1/2 MILE OR LESS
                                                   8 = SMOKE OR HAZE
[NO. OF DAYS WITH]      [WEATHER - DAYS WITH]      9 = BLOWING SNOW
                                                   X = TORNADO
MAX 32 OR BELOW:   0    0.01 INCH OR MORE:   3
MAX 90 OR ABOVE:  14    0.10 INCH OR MORE:   3
MIN 32 OR BELOW:   0    0.50 INCH OR MORE:   0
MIN  0 OR BELOW:   0    1.00 INCH OR MORE:   0

[HDD (BASE 65) ]
TOTAL THIS MO.     0    CLEAR  (SCALE 0-3)  13
DPTR FM NORMAL     0    PTCLDY (SCALE 4-7)   2
TOTAL FM JUL 1     0    CLOUDY (SCALE 8-10)  0
DPTR FM NORMAL     0

[CDD (BASE 65) ]
TOTAL THIS MO.   278
DPTR FM NORMAL    47    [PRESSURE DATA]
TOTAL FM JAN 1  1057    HIGHEST SLP M ON M
DPTR FM NORMAL   295    LOWEST  SLP 29.90 ON 15

[REMARKS]
