000
CXUS53 KMPX 261000
CF6MKT
PRELIMINARY LOCAL CLIMATOLOGICAL DATA (WS FORM: F-6)

                                          STATION:   MANKATO MN
                                          MONTH:     SEPTEMBER
                                          YEAR:      2018
                                          LATITUDE:   44 13 N
                                          LONGITUDE:  93 55 W

  TEMPERATURE IN F:       :PCPN:    SNOW:  WIND      :SUNSHINE: SKY     :PK WND
================================================================================
1   2   3   4   5  6A  6B    7    8   9   10  11  12  13   14  15   16   17  18
                                     12Z  AVG MX 2MIN
DY MAX MIN AVG DEP HDD CDD  WTR  SNW DPTH SPD SPD DIR MIN PSBL S-S WX    SPD DR
================================================================================

 1  83  68  76   9   0  11 0.01    M    M  4.3 10 140   M    M   5         M  M
 2  78  68  73   7   0   8 0.00    M    M  7.9 22 200   M    M   3 1      35 200
 3  74  67  71   5   0   6 0.20    M    M  5.8 10  90   M    M   9 1       M  M
 4  74  67  71   5   0   6 2.81    M    M  6.4  9  90   M    M  10 1       M  M
 5  71  57  64  -1   1   0 1.70    M    M 10.6 20  10   M    M   4 1      21  10
 6  72  52  62  -3   3   0 0.00    M    M  7.3 13  80   M    M   0         M  M
 7  73  54  64  -1   1   0 0.00    M    M  7.2 14  80   M    M   0         M  M
 8  72  54  63  -1   2   0 0.00    M    M  9.9 14 110   M    M   0        21  90
 9  71  51  61  -3   4   0 0.00    M    M  9.5 14 160   M    M   0        18 150
10  78  51  65   2   0   0 0.00    M    M  7.7 13 180   M    M   2        16 190
11  82  60  71   8   0   6 0.00    M    M 13.4 24 190   M    M   0        35 190
12  83  62  73  10   0   8 0.00    M    M 10.7 16 180   M    M   0        23 170
13  85  63  74  12   0   9 0.00    M    M 12.7 21 180   M    M   4        32 180
14  86  67  77  15   0  12 0.00    M    M  8.0 10 130   M    M   5         M  M
15  91  69  80  19   0  15 0.00    M    M  8.6 14 190   M    M   1        20 190
16  90  68  79  18   0  14 0.00    M    M  9.7 15 210   M    M   2        22 180
17  81  58  70   9   0   5 0.42    M    M  6.6 28 340   M    M   5 138    48 300
18  70  59  65   5   0   0 0.60    M    M  6.9 12  80   M    M   9 13      M  M
19  68  60  64   4   1   0    M    M    M  7.9 14  90   M    M  10 1       M  M
20  70  61  66   7   0   1 2.40    M    M 11.1 22 270   M    M  10 13     36 280
21  62  45  54  -5  11   0    T    M    M 15.0 28 290   M    M   7        37 280
22  68  43  56  -2   9   0 0.00    M    M  8.9 16 170   M    M   0        22 190
23  77  50  64   6   1   0 0.00    M    M 10.9 16 150   M    M   0        23 170
24  78  55  67   9   0   2    T    M    M 11.9 18 200   M    M   5 1      28 200
25  56  46  51  -6  14   0 0.09    M    M  9.0 15 320   M    M   7 1      20 320
================================================================================
SM 1893 1455        47 103  8.23    M    227.9          M       98
================================================================================
AV 75.7 58.2                               9.1 FASTST   M    M   4    MAX(MPH)
                                 MISC ---->  # 28 340               # 48  300
================================================================================
NOTES:
# LAST OF SEVERAL OCCURRENCES

COLUMN 17 PEAK WIND IN M.P.H.

PRELIMINARY LOCAL CLIMATOLOGICAL DATA (WS FORM: F-6) , PAGE 2

                                          STATION:  MANKATO MN
                                          MONTH:    SEPTEMBER
                                          YEAR:     2018
                                          LATITUDE:   44 13 N
                                          LONGITUDE:  93 55 W

[TEMPERATURE DATA]      [PRECIPITATION DATA]       SYMBOLS USED IN COLUMN 16

AVERAGE MONTHLY: 67.0   TOTAL FOR MONTH:   8.23    1 = FOG OR MIST
DPTR FM NORMAL:   4.8   DPTR FM NORMAL:    5.50    2 = FOG REDUCING VISIBILITY
HIGHEST:    91 ON 15    GRTST 24HR  2.81 ON  4- 4      TO 1/4 MILE OR LESS
LOWEST:     43 ON 22                               3 = THUNDER
                        SNOW, ICE PELLETS, HAIL    4 = ICE PELLETS
                        TOTAL MONTH:    M          5 = HAIL
                        GRTST 24HR    M  ON   M    6 = FREEZING RAIN OR DRIZZLE
                        GRTST DEPTH:  M  ON   M    7 = DUSTSTORM OR SANDSTORM:
                                                       VSBY 1/2 MILE OR LESS
                                                   8 = SMOKE OR HAZE
[NO. OF DAYS WITH]      [WEATHER - DAYS WITH]      9 = BLOWING SNOW
                                                   X = TORNADO
MAX 32 OR BELOW:   0    0.01 INCH OR MORE:   8
MAX 90 OR ABOVE:   2    0.10 INCH OR MORE:   6
MIN 32 OR BELOW:   0    0.50 INCH OR MORE:   4
MIN  0 OR BELOW:   0    1.00 INCH OR MORE:   3

[HDD (BASE 65) ]
TOTAL THIS MO.    47    CLEAR  (SCALE 0-3)  12
DPTR FM NORMAL   -77    PTCLDY (SCALE 4-7)   8
TOTAL FM JUL 1    59    CLOUDY (SCALE 8-10)  5
DPTR FM NORMAL   -97

[CDD (BASE 65) ]
TOTAL THIS MO.   103
DPTR FM NORMAL    51    [PRESSURE DATA]
TOTAL FM JAN 1   829    HIGHEST SLP M ON M
DPTR FM NORMAL   185    LOWEST  SLP M ON M

[REMARKS]
