000
CXUS53 KMPX 221000
CF6MKT
PRELIMINARY LOCAL CLIMATOLOGICAL DATA (WS FORM: F-6)

                                          STATION:   MANKATO MN
                                          MONTH:     JUNE
                                          YEAR:      2018
                                          LATITUDE:   44 13 N
                                          LONGITUDE:  93 55 W

  TEMPERATURE IN F:       :PCPN:    SNOW:  WIND      :SUNSHINE: SKY     :PK WND
================================================================================
1   2   3   4   5  6A  6B    7    8   9   10  11  12  13   14  15   16   17  18
                                     12Z  AVG MX 2MIN
DY MAX MIN AVG DEP HDD CDD  WTR  SNW DPTH SPD SPD DIR MIN PSBL S-S WX    SPD DR
================================================================================

 1  84  64  74  10   0   9 0.00  0.0    0 12.8 22 110   M    M   0        30  90
 2  72  56  64   0   1   0 0.18  0.0    0 12.2 17 130   M    M   7 13     23 110
 3  71  55  63  -1   2   0 0.00  0.0    0 15.8 28 300   M    M   4        37 310
 4  87  53  70   5   0   5 0.00  0.0    0 11.2 20 230   M    M   3        27 250
 5  85  66  76  11   0  11 0.00    M    M  8.6 16 130   M    M   0        21 100
 6  81  65  73   8   0   8 0.14    M    M 10.1 22 340   M    M   1 3      27 340
 7  78  62  70   4   0   5 0.20    M    M 10.0 14  30   M    M   2         M  M
 8  73  64  69   3   0   4 1.08    M    M 12.9 18 130   M    M   8 13     25 120
 9  71  64  68   2   0   3 1.09    M    M 11.0 16  90   M    M   7 13     24  90
10  71  65  68   1   0   3 0.00    M    M 12.5 20 130   M    M  10 1      23  90
11  72  64  68   1   0   3 0.06    M    M 14.5 25 140   M    M   9 3      33 110
12  74  61  68   1   0   3    T    M    M  6.7 13 310   M    M   9 1       M  M
13  76  55  66  -2   0   1    T    M    M  6.0 10 340   M    M   1         M  M
14  79  63  71   3   0   6 0.00    M    M 14.5 23 140   M    M   4        30 130
15  95  67  81  13   0  16 0.00    M    M 14.2 18 190   M    M   0 3      27 200
16  91  68  80  12   0  15 0.52    M    M 13.1 20 190   M    M   2 13     28 190
17  91  73  82  13   0  17 0.11    M    M 12.5 18 230   M    M   3 13     25 230
18  73  68  71   2   0   6 0.89    M    M  8.3 14  70   M    M  10 13      M  M
19  69  63  66  -3   0   1 0.67    M    M 11.4 16  80   M    M   9 13      M  M
20  71  63  67  -2   0   2 0.46    M    M 12.0 17  80   M    M  10 1      27  80
21  72  60  66  -4   0   1 0.25    M    M 16.9 20  70   M    M  10        31  80
================================================================================
SM 1636 1319         3 119  5.65     0.0 247.2          M      109
================================================================================
AV 77.9 62.8                              11.8 FASTST   M    M   5    MAX(MPH)
                                 MISC ---->  # 28 300               # 37  310
================================================================================
NOTES:
# LAST OF SEVERAL OCCURRENCES

COLUMN 17 PEAK WIND IN M.P.H.

PRELIMINARY LOCAL CLIMATOLOGICAL DATA (WS FORM: F-6) , PAGE 2

                                          STATION:  MANKATO MN
                                          MONTH:    JUNE
                                          YEAR:     2018
                                          LATITUDE:   44 13 N
                                          LONGITUDE:  93 55 W

[TEMPERATURE DATA]      [PRECIPITATION DATA]       SYMBOLS USED IN COLUMN 16

AVERAGE MONTHLY: 70.4   TOTAL FOR MONTH:   5.65    1 = FOG OR MIST
DPTR FM NORMAL:   3.5   DPTR FM NORMAL:    2.10    2 = FOG REDUCING VISIBILITY
HIGHEST:    95 ON 15    GRTST 24HR  1.09 ON  9- 9      TO 1/4 MILE OR LESS
LOWEST:     53 ON  4                               3 = THUNDER
                        SNOW, ICE PELLETS, HAIL    4 = ICE PELLETS
                        TOTAL MONTH:   0.0 INCH    5 = HAIL
                        GRTST 24HR     0.0         6 = FREEZING RAIN OR DRIZZLE
                        GRTST DEPTH:   0           7 = DUSTSTORM OR SANDSTORM:
                                                       VSBY 1/2 MILE OR LESS
                                                   8 = SMOKE OR HAZE
[NO. OF DAYS WITH]      [WEATHER - DAYS WITH]      9 = BLOWING SNOW
                                                   X = TORNADO
MAX 32 OR BELOW:   0    0.01 INCH OR MORE:  12
MAX 90 OR ABOVE:   3    0.10 INCH OR MORE:  11
MIN 32 OR BELOW:   0    0.50 INCH OR MORE:   5
MIN  0 OR BELOW:   0    1.00 INCH OR MORE:   2

[HDD (BASE 65) ]
TOTAL THIS MO.     3    CLEAR  (SCALE 0-3)   8
DPTR FM NORMAL   -42    PTCLDY (SCALE 4-7)   6
TOTAL FM JUL 1  7841    CLOUDY (SCALE 8-10)  7
DPTR FM NORMAL    33

[CDD (BASE 65) ]
TOTAL THIS MO.   119
DPTR FM NORMAL    35    [PRESSURE DATA]
TOTAL FM JAN 1   252    HIGHEST SLP M ON M
DPTR FM NORMAL   124    LOWEST  SLP M ON M

[REMARKS]
