000
CXUS54 KTSA 190840
CF6MLC
PRELIMINARY LOCAL CLIMATOLOGICAL DATA (WS FORM: F-6)

                                          STATION:   MCALESTER OKLAHOMA
                                          MONTH:     OCTOBER
                                          YEAR:      2018
                                          LATITUDE:   34 52 N
                                          LONGITUDE:  95 47 W

  TEMPERATURE IN F:       :PCPN:    SNOW:  WIND      :SUNSHINE: SKY     :PK WND
================================================================================
1   2   3   4   5  6A  6B    7    8   9   10  11  12  13   14  15   16   17  18
                                     12Z  AVG MX 2MIN
DY MAX MIN AVG DEP HDD CDD  WTR  SNW DPTH SPD SPD DIR MIN PSBL S-S WX    SPD DR
================================================================================

 1  81  68  75   7   0  10 0.00  0.0    0  5.1 14 210   M    M   7        16 210
 2  86  68  77  10   0  12 0.00  0.0    0  5.6 14 210   M    M   3        19 210
 3  87  72  80  13   0  15 0.00  0.0    0  8.7 20 210   M    M   2        30 210
 4  90  73  82  15   0  17 0.00  0.0    0  6.7 16 210   M    M   2        22 220
 5  89  71  80  14   0  15 0.00  0.0    0  6.9 17 210   M    M   3        24 210
 6  86  70  78  12   0  13 0.42  0.0    0  7.6 15 280   M    M   5 13     21 260
 7  80  68  74   8   0   9 0.80  0.0    0  3.3 14 250   M    M   5 13     18 260
 8  84  70  77  12   0  12 0.17  0.0    0  7.7 16 150   M    M   3 13     26 140
 9  73  64  69   4   0   4 1.04  0.0    0  4.7 24 250   M    M   9 13     37 260
10  66  52  59  -6   6   0 0.00  0.0    0  7.8 18 340   M    M   6 1      23 350
11  66  47  57  -7   8   0 0.00  0.0    0  6.5 16 360   M    M   3        20 360
12  59  53  56  -8   9   0 0.32  0.0    0  4.7 13 210   M    M  10 1      19 160
13  58  53  56  -8   9   0 1.42  0.0    0  5.5 12  20   M    M   9 1      20  70
14  64  44  54 -10  11   0 0.36  0.0    0  7.2 25 350   M    M  10 13     30 350
15  47  39  43 -20  22   0 0.14  0.0    0 12.8 24 360   M    M   4 1      32 360
16  58  46  52 -11  13   0 0.00  0.0    0  6.9 14  10   M    M   8        19  30
17  66  43  55  -8  10   0 0.00  0.0    0  2.8 14  10   M    M   2        18  40
18  69  54  62   0   3   0    T  0.0    0  3.7 10  10   M    M   8        15  70
================================================================================
SM 1309 1055        91 107  4.67     0.0 114.2          M       99
================================================================================
AV 72.7 58.6                               6.3 FASTST   M    M   6    MAX(MPH)
                                 MISC ---->  # 25 350               # 37  260
================================================================================
NOTES:
# LAST OF SEVERAL OCCURRENCES

COLUMN 17 PEAK WIND IN M.P.H.

PRELIMINARY LOCAL CLIMATOLOGICAL DATA (WS FORM: F-6) , PAGE 2

                                          STATION:  MCALESTER OKLAHOMA
                                          MONTH:    OCTOBER
                                          YEAR:     2018
                                          LATITUDE:   34 52 N
                                          LONGITUDE:  95 47 W

[TEMPERATURE DATA]      [PRECIPITATION DATA]       SYMBOLS USED IN COLUMN 16

AVERAGE MONTHLY: 65.7   TOTAL FOR MONTH:   4.67    1 = FOG OR MIST
DPTR FM NORMAL:   0.7   DPTR FM NORMAL:    2.19    2 = FOG REDUCING VISIBILITY
HIGHEST:    90 ON  4    GRTST 24HR  1.42 ON 13-13      TO 1/4 MILE OR LESS
LOWEST:     39 ON 15                               3 = THUNDER
                        SNOW, ICE PELLETS, HAIL    4 = ICE PELLETS
                        TOTAL MONTH:   0.0 INCH    5 = HAIL
                        GRTST 24HR     0.0         6 = FREEZING RAIN OR DRIZZLE
                        GRTST DEPTH:   0           7 = DUSTSTORM OR SANDSTORM:
                                                       VSBY 1/2 MILE OR LESS
                                                   8 = SMOKE OR HAZE
[NO. OF DAYS WITH]      [WEATHER - DAYS WITH]      9 = BLOWING SNOW
                                                   X = TORNADO
MAX 32 OR BELOW:   0    0.01 INCH OR MORE:   8
MAX 90 OR ABOVE:   1    0.10 INCH OR MORE:   8
MIN 32 OR BELOW:   0    0.50 INCH OR MORE:   3
MIN  0 OR BELOW:   0    1.00 INCH OR MORE:   2

[HDD (BASE 65) ]
TOTAL THIS MO.    91    CLEAR  (SCALE 0-3)   6
DPTR FM NORMAL    32    PTCLDY (SCALE 4-7)   8
TOTAL FM JUL 1    96    CLOUDY (SCALE 8-10)  4
DPTR FM NORMAL    16

[CDD (BASE 65) ]
TOTAL THIS MO.   107
DPTR FM NORMAL    49    [PRESSURE DATA]
TOTAL FM JAN 1  2298    HIGHEST SLP M ON M
DPTR FM NORMAL   281    LOWEST  SLP 29.62 ON  9

[REMARKS]
