000
CXUS51 KCAR 160600
CF6MLT
PRELIMINARY LOCAL CLIMATOLOGICAL DATA (WS FORM: F-6)

                                          STATION:   MILLINOCKET ME
                                          MONTH:     JULY
                                          YEAR:      2018
                                          LATITUDE:   45 39 N
                                          LONGITUDE:  68 41 W

  TEMPERATURE IN F:       :PCPN:    SNOW:  WIND      :SUNSHINE: SKY     :PK WND
================================================================================
1   2   3   4   5  6A  6B    7    8   9   10  11  12  13   14  15   16   17  18
                                     12Z  AVG MX 2MIN
DY MAX MIN AVG DEP HDD CDD  WTR  SNW DPTH SPD SPD DIR MIN PSBL S-S WX    SPD DR
================================================================================

 1  86  69  78  11   0  13 0.63    M    M  3.9 12  40   M    M   5 1      17  40
 2  84  66  75   8   0  10 0.10    M    M  5.2 12 180   M    M   6 1      20 170
 3  90  66  78  11   0  13 0.06    M    M  4.6 17 310   M    M   3 1      23 310
 4  94  63  79  11   0  14 0.00    M    M  3.5 14 290   M    M   0        19 310
 5  95  66  81  13   0  16 0.00    M    M  3.2 10 190   M    M   0        20 200
 6  79  55  67  -1   0   2 0.59    M    M  8.8 28 310   M    M   6 13     38 300
 7  76  53  65  -3   0   0 0.00    M    M  7.1 16 300   M    M   0        22 340
 8  85  54  70   2   0   5 0.00    M    M  3.4 12 240   M    M   0        20 240
 9  90  59  75   7   0  10 0.00    M    M  4.1 12 230   M    M   0        20 190
10  84  63  74   6   0   9    T    M    M  4.2 20 310   M    M   2 3      28 310
11  79  54  67  -1   0   2 0.00    M    M  4.9 12 310   M    M   1        18 270
12  77  49  63  -5   2   0 0.00    M    M  3.5 12 340   M    M   5        15 340
13  80  51  66  -2   0   1 0.00    M    M  2.6 13 120   M    M   3        17 160
14  71  54  63  -5   2   0    T    M    M  3.0 10 160   M    M   5        15 180
15  78  57  68   0   0   3    T    M    0  2.3 12 120   M    M   6        13 110
================================================================================
SM 1248  879         4  98  1.38    M     64.3          M       42
================================================================================
AV 83.2 58.6                               4.3 FASTST   M    M   3    MAX(MPH)
                                 MISC ---->  # 28 310               # 38  300
================================================================================
NOTES:
# LAST OF SEVERAL OCCURRENCES

COLUMN 17 PEAK WIND IN M.P.H.

PRELIMINARY LOCAL CLIMATOLOGICAL DATA (WS FORM: F-6) , PAGE 2

                                          STATION:  MILLINOCKET ME
                                          MONTH:    JULY
                                          YEAR:     2018
                                          LATITUDE:   45 39 N
                                          LONGITUDE:  68 41 W

[TEMPERATURE DATA]      [PRECIPITATION DATA]       SYMBOLS USED IN COLUMN 16

AVERAGE MONTHLY: 70.9   TOTAL FOR MONTH:   1.38    1 = FOG OR MIST
DPTR FM NORMAL:   3.1   DPTR FM NORMAL:   -0.64    2 = FOG REDUCING VISIBILITY
HIGHEST:    95 ON  5    GRTST 24HR  0.63 ON  1- 1      TO 1/4 MILE OR LESS
LOWEST:     49 ON 12                               3 = THUNDER
                        SNOW, ICE PELLETS, HAIL    4 = ICE PELLETS
                        TOTAL MONTH:    M          5 = HAIL
                        GRTST 24HR    M  ON   M    6 = FREEZING RAIN OR DRIZZLE
                        GRTST DEPTH:   0           7 = DUSTSTORM OR SANDSTORM:
                                                       VSBY 1/2 MILE OR LESS
                                                   8 = SMOKE OR HAZE
[NO. OF DAYS WITH]      [WEATHER - DAYS WITH]      9 = BLOWING SNOW
                                                   X = TORNADO
MAX 32 OR BELOW:   0    0.01 INCH OR MORE:   4
MAX 90 OR ABOVE:   4    0.10 INCH OR MORE:   3
MIN 32 OR BELOW:   0    0.50 INCH OR MORE:   2
MIN  0 OR BELOW:   0    1.00 INCH OR MORE:   0

[HDD (BASE 65) ]
TOTAL THIS MO.     4    CLEAR  (SCALE 0-3)   9
DPTR FM NORMAL   -11    PTCLDY (SCALE 4-7)   6
TOTAL FM JUL 1     4    CLOUDY (SCALE 8-10)  0
DPTR FM NORMAL   -11

[CDD (BASE 65) ]
TOTAL THIS MO.    98
DPTR FM NORMAL    41    [PRESSURE DATA]
TOTAL FM JAN 1   151    HIGHEST SLP M ON M
DPTR FM NORMAL    39    LOWEST  SLP 29.69 ON  6

[REMARKS]
