039
CXUS54 KSHV 191500
CF6MLU
PRELIMINARY LOCAL CLIMATOLOGICAL DATA (WS FORM: F-6)

                                          STATION:   MONROE
                                          MONTH:     AUGUST
                                          YEAR:      2018
                                          LATITUDE:   32 30 N
                                          LONGITUDE:  92  2 W

  TEMPERATURE IN F:       :PCPN:    SNOW:  WIND      :SUNSHINE: SKY     :PK WND
================================================================================
1   2   3   4   5  6A  6B    7    8   9   10  11  12  13   14  15   16   17  18
                                     12Z  AVG MX 2MIN
DY MAX MIN AVG DEP HDD CDD  WTR  SNW DPTH SPD SPD DIR MIN PSBL S-S WX    SPD DR
================================================================================

 1  91  67  79  -4   0  14 0.00  0.0    0  5.4 15  40   M    M   2 1      19 320
 2  93  65  79  -4   0  14 0.00  0.0    0  4.9 16  60   M    M   1 1      22  50
 3  96  64  80  -3   0  15 0.00  0.0    0  3.9 13 100   M    M   1 1      17 120
 4  93  68  81  -2   0  16 0.00  0.0    0  4.2 15 170   M    M   2        19 140
 5  95  73  84   1   0  19 0.00  0.0    0  2.6 14 150   M    M   1        22 160
 6  98  69  84   1   0  19 0.50  0.0    0  3.4 18 130   M    M   3 13     28 130
 7  97  71  84   1   0  19 0.00  0.0    0  4.1 28 200   M    M   2 13     39 200
 8  97  69  83   0   0  18 0.00  0.0    0  5.5 23  50   M    M   2 1      29  50
 9  95  72  84   1   0  19 0.02  0.0    0  3.4 23 330   M    M   3 13     29 320
10  87  73  80  -3   0  15    M  0.0    0  5.4 16 290   M    M   3 138    22  10
11  95  72  84   1   0  19    T  0.0    0  4.8 15 240   M    M   2 128    18 230
12  90  70  80  -3   0  15    T  0.0    0  2.6 21 230   M    M   2 13     24 240
13  93  70  82  -1   0  17 0.00  0.0    0  2.8 12 220   M    M   2 128    14 210
14  95  69  82  -1   0  17 0.00  0.0    0  3.8 14 250   M    M   0 18     17 250
15  96  72  84   1   0  19 0.00  0.0    0  4.7 15 210   M    M   1 8      20 210
16  98  76  87   4   0  22 0.00  0.0    0  6.2 14 230   M    M   1        18 260
17 100  74  87   4   0  22    M  0.0    0  7.7 22  30   M    M   3 13     28  40
18  96  74  85   2   0  20    T  0.0    0  4.2 14 210   M    M   3 138    18 170
================================================================================
SM 1705 1268         0 319  0.52     0.0  79.6          M       34
================================================================================
AV 94.7 70.4                               4.4 FASTST   M    M   2    MAX(MPH)
                                 MISC ---->  # 28 200               # 39  200
================================================================================
NOTES:
# LAST OF SEVERAL OCCURRENCES

COLUMN 17 PEAK WIND IN M.P.H.

PRELIMINARY LOCAL CLIMATOLOGICAL DATA (WS FORM: F-6) , PAGE 2

                                          STATION:  MONROE
                                          MONTH:    AUGUST
                                          YEAR:     2018
                                          LATITUDE:   32 30 N
                                          LONGITUDE:  92  2 W

[TEMPERATURE DATA]      [PRECIPITATION DATA]       SYMBOLS USED IN COLUMN 16

AVERAGE MONTHLY: 82.6   TOTAL FOR MONTH:   0.52    1 = FOG OR MIST
DPTR FM NORMAL:  -0.4   DPTR FM NORMAL:   -1.23    2 = FOG REDUCING VISIBILITY
HIGHEST:   100 ON 17    GRTST 24HR  0.50 ON  6- 6      TO 1/4 MILE OR LESS
LOWEST:     64 ON  3                               3 = THUNDER
                        SNOW, ICE PELLETS, HAIL    4 = ICE PELLETS
                        TOTAL MONTH:   0.0 INCH    5 = HAIL
                        GRTST 24HR     0.0         6 = FREEZING RAIN OR DRIZZLE
                        GRTST DEPTH:   0           7 = DUSTSTORM OR SANDSTORM:
                                                       VSBY 1/2 MILE OR LESS
                                                   8 = SMOKE OR HAZE
[NO. OF DAYS WITH]      [WEATHER - DAYS WITH]      9 = BLOWING SNOW
                                                   X = TORNADO
MAX 32 OR BELOW:   0    0.01 INCH OR MORE:   2
MAX 90 OR ABOVE:  17    0.10 INCH OR MORE:   1
MIN 32 OR BELOW:   0    0.50 INCH OR MORE:   1
MIN  0 OR BELOW:   0    1.00 INCH OR MORE:   0

[HDD (BASE 65) ]
TOTAL THIS MO.     0    CLEAR  (SCALE 0-3)  16
DPTR FM NORMAL     0    PTCLDY (SCALE 4-7)   2
TOTAL FM JUL 1     0    CLOUDY (SCALE 8-10)  0
DPTR FM NORMAL     0

[CDD (BASE 65) ]
TOTAL THIS MO.   319
DPTR FM NORMAL    -5    [PRESSURE DATA]
TOTAL FM JAN 1  2012    HIGHEST SLP M ON M
DPTR FM NORMAL   228    LOWEST  SLP 29.84 ON 18

[REMARKS]
