000
CXUS55 KBOU 190900
CF6MNH
PRELIMINARY LOCAL CLIMATOLOGICAL DATA (WS FORM: F-6)

                                          STATION:   ELBERT 6W CO
                                          MONTH:     JULY
                                          YEAR:      2018
                                          LATITUDE:   39 13 N
                                          LONGITUDE: 104 38 W

  TEMPERATURE IN F:       :PCPN:    SNOW:  WIND      :SUNSHINE: SKY     :PK WND
================================================================================
1   2   3   4   5  6A  6B    7    8   9   10  11  12  13   14  15   16   17  18
                                     12Z  AVG MX 2MIN
DY MAX MIN AVG DEP HDD CDD  WTR  SNW DPTH SPD SPD DIR MIN PSBL S-S WX    SPD DR
================================================================================

 1  77  46  62   M   3   0    M    M    M 12.0 21 150   M    M   1        28 190
 2  86  50  68   M   0   3    M    M    M  9.3 23 120   M    M   0        32 120
 3  86  50  68   M   0   3    M    M    M  6.6 12 100   M    M   1        35 110
 4  84  54  69   M   0   4    M    M    M 10.2 25  90   M    M   3 3      40 120
 5  73  54  64   M   1   0    M    M    M 10.0 21 240   M    M   2 3      35 240
 6  81  52  67   M   0   2    M    M    M 11.5 16 170   M    M   0        22 180
 7  86  55  71   M   0   6    M    M    M 10.3 15 170   M    M   0        21 170
 8  86  55  71   M   0   6    M    M    M  9.3 15 150   M    M   1 3      18 170
 9  82  54  68   M   0   3    M    M    M  9.0 16 160   M    M   0        23 140
10  86  54  70   M   0   5    M    M    M 12.4 20 140   M    M   0        29 140
11  82  52  67   M   0   2    M    M    M  9.4 20 160   M    M   0        33 160
12  79  54  67   M   0   2    M    M    M  9.2 16 300   M    M   2 3      23 260
13  79  52  66   M   0   1    M    M    M  7.2 13 340   M    M   2 3      22 340
14  86  55  71   M   0   6    M    M    M 10.3 21 100   M    M   1        31 100
15  72  57  65   M   0   0    M    M    M  9.5 17 320   M    M   6 3      25 310
16  79  54  67   M   0   2    M    M    M  8.3 17 150   M    M   2 3      21 140
17  82  55  69   M   0   4    M    M    M  9.1 21 140   M    M   5 13     30 140
18  86  55  71   M   0   6    M    M    M  8.8 16 180   M    M   0        21 180
================================================================================
SM 1472  958         4  55    M     M    172.4          M       26
================================================================================
AV 81.8 53.2                               9.6 FASTST   M    M   1    MAX(MPH)
                                 MISC ---->  # 25  90               # 40  120
================================================================================
NOTES:
# LAST OF SEVERAL OCCURRENCES

COLUMN 17 PEAK WIND IN M.P.H.

PRELIMINARY LOCAL CLIMATOLOGICAL DATA (WS FORM: F-6) , PAGE 2

                                          STATION:  ELBERT 6W CO
                                          MONTH:    JULY
                                          YEAR:     2018
                                          LATITUDE:   39 13 N
                                          LONGITUDE: 104 38 W

[TEMPERATURE DATA]      [PRECIPITATION DATA]       SYMBOLS USED IN COLUMN 16

AVERAGE MONTHLY: 67.5   TOTAL FOR MONTH:      M    1 = FOG OR MIST
DPTR FM NORMAL:     M   DPTR FM NORMAL:       M    2 = FOG REDUCING VISIBILITY
HIGHEST:    86 ON 18,14 GRTST 24HR    M  ON   M        TO 1/4 MILE OR LESS
LOWEST:     46 ON  1                               3 = THUNDER
                        SNOW, ICE PELLETS, HAIL    4 = ICE PELLETS
                        TOTAL MONTH:    M          5 = HAIL
                        GRTST 24HR    M  ON   M    6 = FREEZING RAIN OR DRIZZLE
                        GRTST DEPTH:  M  ON   M    7 = DUSTSTORM OR SANDSTORM:
                                                       VSBY 1/2 MILE OR LESS
                                                   8 = SMOKE OR HAZE
[NO. OF DAYS WITH]      [WEATHER - DAYS WITH]      9 = BLOWING SNOW
                                                   X = TORNADO
MAX 32 OR BELOW:   0    0.01 INCH OR MORE:   0
MAX 90 OR ABOVE:   0    0.10 INCH OR MORE:   0
MIN 32 OR BELOW:   0    0.50 INCH OR MORE:   0
MIN  0 OR BELOW:   0    1.00 INCH OR MORE:   0

[HDD (BASE 65) ]
TOTAL THIS MO.     4    CLEAR  (SCALE 0-3)  16
DPTR FM NORMAL     M    PTCLDY (SCALE 4-7)   2
TOTAL FM JUL 1     4    CLOUDY (SCALE 8-10)  0
DPTR FM NORMAL     M

[CDD (BASE 65) ]
TOTAL THIS MO.    55
DPTR FM NORMAL     M    [PRESSURE DATA]
TOTAL FM JAN 1   127    HIGHEST SLP M ON M
DPTR FM NORMAL     M    LOWEST  SLP M ON M

[REMARKS]
