000
CXUS54 KMOB 221349
CF6MOB
PRELIMINARY LOCAL CLIMATOLOGICAL DATA (WS FORM: F-6)

                                          STATION:   MOBILE
                                          MONTH:     JULY
                                          YEAR:      2018
                                          LATITUDE:   30 40 N
                                          LONGITUDE:  88 15 W

  TEMPERATURE IN F:       :PCPN:    SNOW:  WIND      :SUNSHINE: SKY     :PK WND
================================================================================
1   2   3   4   5  6A  6B    7    8   9   10  11  12  13   14  15   16   17  18
                                     12Z  AVG MX 2MIN
DY MAX MIN AVG DEP HDD CDD  WTR  SNW DPTH SPD SPD DIR MIN PSBL S-S WX    SPD DR
================================================================================

 1  92  73  83   2   0  18 0.02  0.0    0  3.5 21 140   M    M   6 13     26 140
 2  89  74  82   0   0  17 0.40  0.0    0  4.3 29  50   M    M   6 13     35  50
 3  87  76  82   0   0  17    T  0.0    0  8.0 20 150   M    M   7 13     27 140
 4  92  75  84   2   0  19 0.08  0.0    0  4.3 13 160   M    M   4 138    19  20
 5  91  74  83   1   0  18    T  0.0    0  8.5 20 110   M    M   4 1      24 120
 6  90  73  82   0   0  17 0.06  0.0    0  3.8 18 200   M    M   5 13     22 200
 7  90  74  82   0   0  17 0.06  0.0    0  2.9 14 190   M    M   5 13     18 170
 8  86  72  79  -3   0  14 1.26  0.0    0  4.6 14 240   M    M   6 13     18 240
 9  90  74  82   0   0  17    T  0.0    0  3.8 15 170   M    M   3 3      20 180
10  93  74  84   2   0  19 0.00  0.0    0  4.2 15  60   M    M   4        19  70
11  93  75  84   2   0  19 0.00  0.0    0  4.1 15 210   M    M   5 38     18 270
12  94  72  83   1   0  18 0.00  0.0    0  3.5 13 140   M    M   4 18     15 150
13  94  75  85   3   0  20 0.00  0.0    0  4.4 16 210   M    M   4 38     19 170
14  96  75  86   4   0  21 0.00  0.0    0  3.2 14 180   M    M   3 1      17 180
15  96  75  86   4   0  21 1.32  0.0    0  2.2 37  20   M    M   4 13     44  30
16  91  73  82   0   0  17 1.20  0.0    0  3.5 21 300   M    M   5 13     32 310
17  85  73  79  -3   0  14 0.57  0.0    0  4.2 20 210   M    M   7 123    24 230
18  92  74  83   1   0  18 0.07  0.0    0  4.0 18 230   M    M   6 13     24 230
19  91  74  83   1   0  18 0.00  0.0    0  3.6  9 240   M    M   6 1      13 340
20  95  74  85   3   0  20 0.00  0.0    0  3.1 13 160   M    M   5 3      15 170
21  96  80  88   6   0  23 0.00  0.0    0  6.8 13 220   M    M   3 18     20 310
================================================================================
SM 1923 1559         0 382  5.04     0.0  90.5          M      102
================================================================================
AV 91.6 74.2                               4.3 FASTST   M    M   5    MAX(MPH)
                                 MISC ---->  # 37  20               # 44   30
================================================================================
NOTES:
# LAST OF SEVERAL OCCURRENCES

COLUMN 17 PEAK WIND IN M.P.H.

PRELIMINARY LOCAL CLIMATOLOGICAL DATA (WS FORM: F-6) , PAGE 2

                                          STATION:  MOBILE
                                          MONTH:    JULY
                                          YEAR:     2018
                                          LATITUDE:   30 40 N
                                          LONGITUDE:  88 15 W

[TEMPERATURE DATA]      [PRECIPITATION DATA]       SYMBOLS USED IN COLUMN 16

AVERAGE MONTHLY: 82.9   TOTAL FOR MONTH:   5.04    1 = FOG OR MIST
DPTR FM NORMAL:   1.0   DPTR FM NORMAL:    0.15    2 = FOG REDUCING VISIBILITY
HIGHEST:    96 ON 21,15 GRTST 24HR  1.32 ON 15-15      TO 1/4 MILE OR LESS
LOWEST:     72 ON 12, 8                            3 = THUNDER
                        SNOW, ICE PELLETS, HAIL    4 = ICE PELLETS
                        TOTAL MONTH:   0.0 INCH    5 = HAIL
                        GRTST 24HR     0.0         6 = FREEZING RAIN OR DRIZZLE
                        GRTST DEPTH:   0           7 = DUSTSTORM OR SANDSTORM:
                                                       VSBY 1/2 MILE OR LESS
                                                   8 = SMOKE OR HAZE
[NO. OF DAYS WITH]      [WEATHER - DAYS WITH]      9 = BLOWING SNOW
                                                   X = TORNADO
MAX 32 OR BELOW:   0    0.01 INCH OR MORE:  10
MAX 90 OR ABOVE:  17    0.10 INCH OR MORE:   5
MIN 32 OR BELOW:   0    0.50 INCH OR MORE:   4
MIN  0 OR BELOW:   0    1.00 INCH OR MORE:   3

[HDD (BASE 65) ]
TOTAL THIS MO.     0    CLEAR  (SCALE 0-3)   2
DPTR FM NORMAL     0    PTCLDY (SCALE 4-7)  19
TOTAL FM JUL 1     0    CLOUDY (SCALE 8-10)  0
DPTR FM NORMAL     0

[CDD (BASE 65) ]
TOTAL THIS MO.   382
DPTR FM NORMAL    27    [PRESSURE DATA]
TOTAL FM JAN 1  1502    HIGHEST SLP M ON M
DPTR FM NORMAL   258    LOWEST  SLP 29.86 ON 21

[REMARKS]
