000
CXUS54 KMOB 181526
CF6MOB
PRELIMINARY LOCAL CLIMATOLOGICAL DATA (WS FORM: F-6)

                                          STATION:   MOBILE
                                          MONTH:     DECEMBER
                                          YEAR:      2017
                                          LATITUDE:   30 40 N
                                          LONGITUDE:  88 15 W

  TEMPERATURE IN F:       :PCPN:    SNOW:  WIND      :SUNSHINE: SKY     :PK WND
================================================================================
1   2   3   4   5  6A  6B    7    8   9   10  11  12  13   14  15   16   17  18
                                     12Z  AVG MX 2MIN
DY MAX MIN AVG DEP HDD CDD  WTR  SNW DPTH SPD SPD DIR MIN PSBL S-S WX    SPD DR
================================================================================

 1  70  59  65  10   0   0 0.00  0.0    0  4.9 12  10   M    M   9 18     13  10
 2  72  51  62   7   3   0 0.00  0.0    0  3.1 10  10   M    M   3 128    12  20
 3  70  50  60   5   5   0 0.00  0.0    0  4.0 12  10   M    M   2 12     13  20
 4  73  55  64   9   1   0 0.00  0.0    0  7.8 16 120   M    M   7 128    19 120
 5  79  55  67  13   0   2 0.12  0.0    0  9.4 21 300   M    M   7 12     29 310
 6  53  41  47  -7  18   0 0.69  0.0    0 12.3 22 350   M    M   9 18     28 340
 7  47  41  44 -10  21   0 0.11  0.0    0 10.9 17  20   M    M  10 18     22  10
 8  41  33  37 -17  28   0 0.88  1.0    0 12.1 18 340   M    M   9 1      25 360
 9  47  30  39 -15  26   0 0.00  0.0    T  5.5 14 310   M    M   1 18     19 300
10  57  29  43 -10  22   0 0.00  0.0    0  2.3  9 140   M    M   0        15 280
11  67  33  50  -3  15   0 0.00  0.0    0  6.3 14 210   M    M   2 1      18 220
12  61  42  52  -1  13   0 0.00  0.0    0  8.4 23 350   M    M   0        28 350
13  58  31  45  -8  20   0 0.00  0.0    0  6.3 16 210   M    M   3        20 220
14  64  42  53   1  12   0 0.00  0.0    0  4.1  8 210   M    M   6        12 210
15  50  40  45  -7  20   0    T  0.0    0  8.3 16 340   M    M   6        19 340
16  60  39  50  -2  15   0 0.00  0.0    0  5.7 10 110   M    M   7        13 110
17  71  52  62  10   3   0 1.20  0.0    0  7.0 21 160   M    M   8 123    28 150
================================================================================
SM 1040  723       222   2  3.00     1.0 118.4          M       89
================================================================================
AV 61.2 42.5                               7.0 FASTST   M    M   5    MAX(MPH)
                                 MISC ---->  # 23 350               # 29  310
================================================================================
NOTES:
# LAST OF SEVERAL OCCURRENCES

COLUMN 17 PEAK WIND IN M.P.H.

PRELIMINARY LOCAL CLIMATOLOGICAL DATA (WS FORM: F-6) , PAGE 2

                                          STATION:  MOBILE
                                          MONTH:    DECEMBER
                                          YEAR:     2017
                                          LATITUDE:   30 40 N
                                          LONGITUDE:  88 15 W

[TEMPERATURE DATA]      [PRECIPITATION DATA]       SYMBOLS USED IN COLUMN 16

AVERAGE MONTHLY: 51.9   TOTAL FOR MONTH:   3.00    1 = FOG OR MIST
DPTR FM NORMAL:  -1.7   DPTR FM NORMAL:    0.30    2 = FOG REDUCING VISIBILITY
HIGHEST:    79 ON  5    GRTST 24HR  1.20 ON 17-17      TO 1/4 MILE OR LESS
LOWEST:     29 ON 10                               3 = THUNDER
                        SNOW, ICE PELLETS, HAIL    4 = ICE PELLETS
                        TOTAL MONTH:   1.0 INCH    5 = HAIL
                        GRTST 24HR   1.0 ON  8- 8  6 = FREEZING RAIN OR DRIZZLE
                        GRTST DEPTH:   T           7 = DUSTSTORM OR SANDSTORM:
                                                       VSBY 1/2 MILE OR LESS
                                                   8 = SMOKE OR HAZE
[NO. OF DAYS WITH]      [WEATHER - DAYS WITH]      9 = BLOWING SNOW
                                                   X = TORNADO
MAX 32 OR BELOW:   0    0.01 INCH OR MORE:   5
MAX 90 OR ABOVE:   0    0.10 INCH OR MORE:   5
MIN 32 OR BELOW:   3    0.50 INCH OR MORE:   3
MIN  0 OR BELOW:   0    1.00 INCH OR MORE:   1

[HDD (BASE 65) ]
TOTAL THIS MO.   222    CLEAR  (SCALE 0-3)   7
DPTR FM NORMAL    19    PTCLDY (SCALE 4-7)   6
TOTAL FM JUL 1   438    CLOUDY (SCALE 8-10)  4
DPTR FM NORMAL   -23

[CDD (BASE 65) ]
TOTAL THIS MO.     2
DPTR FM NORMAL    -6    [PRESSURE DATA]
TOTAL FM JAN 1  2781    HIGHEST SLP M ON M
DPTR FM NORMAL   270    LOWEST  SLP 29.94 ON  8

[REMARKS]
