000
CXUS56 KSTO 221425
CF6MOD
PRELIMINARY LOCAL CLIMATOLOGICAL DATA (WS FORM: F-6)

                                          STATION:   MODESTO CA
                                          MONTH:     OCTOBER
                                          YEAR:      2018
                                          LATITUDE:   37 37 N
                                          LONGITUDE: 120 57 W

  TEMPERATURE IN F:       :PCPN:    SNOW:  WIND      :SUNSHINE: SKY     :PK WND
================================================================================
1   2   3   4   5  6A  6B    7    8   9   10  11  12  13   14  15   16   17  18
                                     12Z  AVG MX 2MIN
DY MAX MIN AVG DEP HDD CDD  WTR  SNW DPTH SPD SPD DIR MIN PSBL S-S WX    SPD DR
================================================================================

 1  86  61  74   3   0   9 0.00  0.0    0  5.0 13 330   M    M   0        16 320
 2  86  66  76   6   0  11 0.00  0.0    0  7.7 16 310   M    M   1        21 310
 3  78  64  71   1   0   6 0.01  0.0    0  5.5 14 120   M    M   4 3      18 130
 4  76  60  68  -2   0   3    T  0.0    0  7.0 15 320   M    M   6        20 320
 5  77  54  66  -3   0   1 0.00  0.0    0  7.5 15 310   M    M   0        19 320
 6  79  58  69   0   0   4 0.00  0.0    0 12.3 23 340   M    M   1        29 330
 7  81  58  70   1   0   5 0.00  0.0    0 15.1 24 310   M    M   0        30 310
 8  81  51  66  -2   0   1 0.00  0.0    0  2.6 10 300   M    M   0 8      12 300
 9  83  52  68   0   0   3 0.00  0.0    0  3.8 12 320   M    M   0        14 310
10  76  54  65  -3   0   0 0.00  0.0    0  5.2 14 320   M    M   0        17 320
11  75  54  65  -3   0   0 0.00  0.0    0  4.8 12 330   M    M   0        16 280
12  84  55  70   3   0   5 0.00  0.0    0  9.0 18 310   M    M   0        24 330
13  84  49  67   0   0   2 0.00  0.0    0  3.9 16 320   M    M   0        20 300
14  81  48  65  -2   0   0 0.00  0.0    0  8.2 16 330   M    M   0        22 300
15  80  50  65  -1   0   0 0.00  0.0    0  7.8 18 310   M    M   0        22 310
16  80  42  61  -5   4   0 0.00  0.0    0  2.6  9 280   M    M   0        14 310
17  81  46  64  -2   1   0 0.00  0.0    0  1.6  8 320   M    M   0        11 310
18  81  48  65   0   0   0 0.00  0.0    0  2.4  9 330   M    M   0 18     12 330
19  83  48  66   1   0   1 0.00  0.0    0  3.7 10 290   M    M   0        14 290
20  85  46  66   2   0   1 0.00    M    0  1.8  6 110   M    M   0         8 140
21  81  52  67   3   0   2 0.00  0.0    0  6.7 15 310   M    M   0        17 320
================================================================================
SM 1698 1116         5  54  0.01     0.0 124.2          M       12
================================================================================
AV 80.9 53.1                               5.9 FASTST   M    M   1    MAX(MPH)
                                 MISC ---->  # 24 310               # 30  310
================================================================================
NOTES:
# LAST OF SEVERAL OCCURRENCES

COLUMN 17 PEAK WIND IN M.P.H.

PRELIMINARY LOCAL CLIMATOLOGICAL DATA (WS FORM: F-6) , PAGE 2

                                          STATION:  MODESTO CA
                                          MONTH:    OCTOBER
                                          YEAR:     2018
                                          LATITUDE:   37 37 N
                                          LONGITUDE: 120 57 W

[TEMPERATURE DATA]      [PRECIPITATION DATA]       SYMBOLS USED IN COLUMN 16

AVERAGE MONTHLY: 67.0   TOTAL FOR MONTH:   0.01    1 = FOG OR MIST
DPTR FM NORMAL:  -0.5   DPTR FM NORMAL:   -0.37    2 = FOG REDUCING VISIBILITY
HIGHEST:    86 ON  2, 1 GRTST 24HR  0.01 ON  3- 3      TO 1/4 MILE OR LESS
LOWEST:     42 ON 16                               3 = THUNDER
                        SNOW, ICE PELLETS, HAIL    4 = ICE PELLETS
                        TOTAL MONTH:   0.0 INCH    5 = HAIL
                        GRTST 24HR     0.0         6 = FREEZING RAIN OR DRIZZLE
                        GRTST DEPTH:   0           7 = DUSTSTORM OR SANDSTORM:
                                                       VSBY 1/2 MILE OR LESS
                                                   8 = SMOKE OR HAZE
[NO. OF DAYS WITH]      [WEATHER - DAYS WITH]      9 = BLOWING SNOW
                                                   X = TORNADO
MAX 32 OR BELOW:   0    0.01 INCH OR MORE:   1
MAX 90 OR ABOVE:   0    0.10 INCH OR MORE:   0
MIN 32 OR BELOW:   0    0.50 INCH OR MORE:   0
MIN  0 OR BELOW:   0    1.00 INCH OR MORE:   0

[HDD (BASE 65) ]
TOTAL THIS MO.     5    CLEAR  (SCALE 0-3)  19
DPTR FM NORMAL   -18    PTCLDY (SCALE 4-7)   2
TOTAL FM JUL 1     5    CLOUDY (SCALE 8-10)  0
DPTR FM NORMAL   -21

[CDD (BASE 65) ]
TOTAL THIS MO.    54
DPTR FM NORMAL   -22    [PRESSURE DATA]
TOTAL FM JAN 1  1735    HIGHEST SLP M ON M
DPTR FM NORMAL    47    LOWEST  SLP 29.68 ON  9

[REMARKS]
