000
CXUS53 KBIS 160803
CF6MOT
PRELIMINARY LOCAL CLIMATOLOGICAL DATA (WS FORM: F-6)

                                          STATION:   MINOT ND
                                          MONTH:     OCTOBER
                                          YEAR:      2018
                                          LATITUDE:   48 15 N
                                          LONGITUDE: 101 16 W

  TEMPERATURE IN F:       :PCPN:    SNOW:  WIND      :SUNSHINE: SKY     :PK WND
================================================================================
1   2   3   4   5  6A  6B    7    8   9   10  11  12  13   14  15   16   17  18
                                     12Z  AVG MX 2MIN
DY MAX MIN AVG DEP HDD CDD  WTR  SNW DPTH SPD SPD DIR MIN PSBL S-S WX    SPD DR
================================================================================

 1  51  33  42  -9  23   0 0.06    M    M 10.2 21 180   M    M   9 1      27 180
 2  67  37  52   1  13   0 0.00    M    M  6.9 18 320   M    M   3 12     23 320
 3  40  30  35 -15  30   0 0.36    M    M 16.3 31 290   M    M   7 1      39 310
 4  47  25  36 -14  29   0 0.06    M    M  9.2 21 170   M    M   4 1      27 170
 5  38  33  36 -13  29   0 0.13    M    M  7.3 15 110   M    M  10 1      19  80
 6  43  33  38 -11  27   0 0.00    M    M  4.6 12 110   M    M   8        13 110
 7  38  34  36 -12  29   0 0.00    M    M  6.7 12 110   M    M  10        14 110
 8  44  32  38 -10  27   0 0.00    M    M  5.5 14 360   M    M   9 1      17 360
 9  43  32  38 -10  27   0 0.00    M    M 11.8 20  10   M    M  10 1      24  10
10  33  28  31 -16  34   0 0.00    M    M 15.1 23 340   M    M   7        29 360
11  43  25  34 -13  31   0 0.00    M    M 11.3 18 310   M    M   4        24 280
12  51  24  38  -8  27   0    T    M    M  9.8 21 200   M    M   7        27 200
13  50  30  40  -6  25   0    T    M    M 23.2 37 300   M    M   9 8      45 320
14  33  18  26 -20  39   0    T    M    0 16.2 29 300   M    M   8 1      35 310
15  60  18  39  -6  26   0    T    M    M 16.0 31 260   M    M   2        39 280
================================================================================
SM  681  432       416   0  0.61    M    170.1          M      107
================================================================================
AV 45.4 28.8                              11.3 FASTST   M    M   7    MAX(MPH)
                                 MISC ---->  # 37 300               # 45  320
================================================================================
NOTES:
# LAST OF SEVERAL OCCURRENCES

COLUMN 17 PEAK WIND IN M.P.H.

PRELIMINARY LOCAL CLIMATOLOGICAL DATA (WS FORM: F-6) , PAGE 2

                                          STATION:  MINOT ND
                                          MONTH:    OCTOBER
                                          YEAR:     2018
                                          LATITUDE:   48 15 N
                                          LONGITUDE: 101 16 W

[TEMPERATURE DATA]      [PRECIPITATION DATA]       SYMBOLS USED IN COLUMN 16

AVERAGE MONTHLY: 37.1   TOTAL FOR MONTH:   0.61    1 = FOG OR MIST
DPTR FM NORMAL: -11.0   DPTR FM NORMAL:   -0.04    2 = FOG REDUCING VISIBILITY
HIGHEST:    67 ON  2    GRTST 24HR  0.36 ON  3- 3      TO 1/4 MILE OR LESS
LOWEST:     18 ON 15,14                            3 = THUNDER
                        SNOW, ICE PELLETS, HAIL    4 = ICE PELLETS
                        TOTAL MONTH:    M          5 = HAIL
                        GRTST 24HR    M  ON   M    6 = FREEZING RAIN OR DRIZZLE
                        GRTST DEPTH:   0           7 = DUSTSTORM OR SANDSTORM:
                                                       VSBY 1/2 MILE OR LESS
                                                   8 = SMOKE OR HAZE
[NO. OF DAYS WITH]      [WEATHER - DAYS WITH]      9 = BLOWING SNOW
                                                   X = TORNADO
MAX 32 OR BELOW:   0    0.01 INCH OR MORE:   4
MAX 90 OR ABOVE:   0    0.10 INCH OR MORE:   2
MIN 32 OR BELOW:  10    0.50 INCH OR MORE:   0
MIN  0 OR BELOW:   0    1.00 INCH OR MORE:   0

[HDD (BASE 65) ]
TOTAL THIS MO.   416    CLEAR  (SCALE 0-3)   1
DPTR FM NORMAL   161    PTCLDY (SCALE 4-7)   7
TOTAL FM JUL 1   786    CLOUDY (SCALE 8-10)  7
DPTR FM NORMAL   211

[CDD (BASE 65) ]
TOTAL THIS MO.     0
DPTR FM NORMAL     0    [PRESSURE DATA]
TOTAL FM JAN 1   660    HIGHEST SLP  0.00 ON  4
DPTR FM NORMAL   216    LOWEST  SLP 29.53 ON  3

[REMARKS]
