000
CXUS53 KBIS 260803
CF6MOT
PRELIMINARY LOCAL CLIMATOLOGICAL DATA (WS FORM: F-6)

                                          STATION:   MINOT ND
                                          MONTH:     JUNE
                                          YEAR:      2019
                                          LATITUDE:   48 15 N
                                          LONGITUDE: 101 16 W

  TEMPERATURE IN F:       :PCPN:    SNOW:  WIND      :SUNSHINE: SKY     :PK WND
================================================================================
1   2   3   4   5  6A  6B    7    8   9   10  11  12  13   14  15   16   17  18
                                     12Z  AVG MX 2MIN
DY MAX MIN AVG DEP HDD CDD  WTR  SNW DPTH SPD SPD DIR MIN PSBL S-S WX    SPD DR
================================================================================

 1  76  44  60   0   5   0 0.00    M    M  9.3 20 310   M    M   0        24 340
 2  81  44  63   3   2   0 0.00    M    M 11.3 21 110   M    M   0        29 100
 3  94  56  75  15   0  10    T    M    M  9.7 31 270   M    M   1 3      48 280
 4  83  56  70   9   0   5 0.00    M    M 14.4 31 330   M    M   1        40 320
 5  89  49  69   8   0   4 0.00    M    M 11.7 26 220   M    M   0        38 270
 6  88  52  70   9   0   5 0.00    M    M  9.1 21 120   M    M   0        27 110
 7  89  66  78  16   0  13 0.00    M    M 15.1 29 180   M    M   0        40 190
 8  69  47  58  -4   7   0 0.08    M    M 14.7 25 300   M    M   7 1      36 310
 9  70  49  60  -2   5   0    T    M    M 12.9 26 240   M    M   3        38 220
10  78  45  62   0   3   0 0.00    M    M  7.4 20 280   M    M   3        27 280
11  73  53  63   0   2   0 0.10    M    M  9.0 28  10   M    M   5        37  20
12  77  45  61  -2   4   0    T    M    M  7.0 16 250   M    M   3        21 340
13  88  56  72   9   0   7 0.12    M    M  8.7 25 290   M    M   5        33 280
14  85  58  72   8   0   7 0.14    M    M  5.9 22 210   M    M   3 13     28 220
15  73  54  64   0   1   0 0.05    M    M 11.9 22 310   M    M   6 18     31 310
16  61  45  53 -11  12   0 0.02    M    M 12.2 22 310   M    M   9 1      30 310
17  69  47  58  -6   7   0 0.00    M    M  6.9 17 320   M    M   5        24 310
18  76  45  61  -4   4   0 0.00    M    M  6.5 14  80   M    M   5        19 120
19  76  51  64  -1   1   0 0.00    M    M 11.3 23 110   M    M   4        32 100
20  73  55  64  -1   1   0 0.73    M    M  6.3 15 120   M    M   7 1      20 120
21  67  53  60  -6   5   0 0.15    M    M  9.7 22 100   M    M   8 1      30 100
22  75  52  64  -2   1   0 0.00    M    M 17.4 31 210   M    M   4        42 200
23  77  56  67   1   0   2 0.00    M    M 10.2 20 280   M    M   1        27 290
24  77  55  66   0   0   1 0.29    M    M  9.4 24 270   M    M   5 38     32 260
25  80  56  68   2   0   3 0.00    M    M 12.0 20 270   M    M   3        29 250
================================================================================
SM 1944 1289        60  57  1.68    M    260.0          M       88
================================================================================
AV 77.8 51.6                              10.4 FASTST   M    M   4    MAX(MPH)
                                 MISC ---->  # 31 270               # 48  280
================================================================================
NOTES:
# LAST OF SEVERAL OCCURRENCES

COLUMN 17 PEAK WIND IN M.P.H.

PRELIMINARY LOCAL CLIMATOLOGICAL DATA (WS FORM: F-6) , PAGE 2

                                          STATION:  MINOT ND
                                          MONTH:    JUNE
                                          YEAR:     2019
                                          LATITUDE:   48 15 N
                                          LONGITUDE: 101 16 W

[TEMPERATURE DATA]      [PRECIPITATION DATA]       SYMBOLS USED IN COLUMN 16

AVERAGE MONTHLY: 64.7   TOTAL FOR MONTH:   1.68    1 = FOG OR MIST
DPTR FM NORMAL:   1.4   DPTR FM NORMAL:   -1.33    2 = FOG REDUCING VISIBILITY
HIGHEST:    94 ON  3    GRTST 24HR  0.73 ON 20-20      TO 1/4 MILE OR LESS
LOWEST:     44 ON  2, 1                            3 = THUNDER
                        SNOW, ICE PELLETS, HAIL    4 = ICE PELLETS
                        TOTAL MONTH:    M          5 = HAIL
                        GRTST 24HR    M  ON   M    6 = FREEZING RAIN OR DRIZZLE
                        GRTST DEPTH:  M  ON   M    7 = DUSTSTORM OR SANDSTORM:
                                                       VSBY 1/2 MILE OR LESS
                                                   8 = SMOKE OR HAZE
[NO. OF DAYS WITH]      [WEATHER - DAYS WITH]      9 = BLOWING SNOW
                                                   X = TORNADO
MAX 32 OR BELOW:   0    0.01 INCH OR MORE:   9
MAX 90 OR ABOVE:   1    0.10 INCH OR MORE:   6
MIN 32 OR BELOW:   0    0.50 INCH OR MORE:   1
MIN  0 OR BELOW:   0    1.00 INCH OR MORE:   0

[HDD (BASE 65) ]
TOTAL THIS MO.    60    CLEAR  (SCALE 0-3)  12
DPTR FM NORMAL   -38    PTCLDY (SCALE 4-7)  12
TOTAL FM JUL 1  9447    CLOUDY (SCALE 8-10)  1
DPTR FM NORMAL   654

[CDD (BASE 65) ]
TOTAL THIS MO.    57
DPTR FM NORMAL     3    [PRESSURE DATA]
TOTAL FM JAN 1    80    HIGHEST SLP M ON M
DPTR FM NORMAL    10    LOWEST  SLP 29.53 ON  7

[REMARKS]
