000
CXUS53 KMQT 180900
CF6MQT
PRELIMINARY LOCAL CLIMATOLOGICAL DATA (WS FORM: F-6)

                                          STATION:   MARQUETTE MI
                                          MONTH:     JULY
                                          YEAR:      2018
                                          LATITUDE:   46 31 N
                                          LONGITUDE:  87 33 W

  TEMPERATURE IN F:       :PCPN:    SNOW:  WIND      :SUNSHINE: SKY     :PK WND
================================================================================
1   2   3   4   5  6A  6B    7    8   9   10  11  12  13   14  15   16   17  18
                                     12Z  AVG MX 2MIN
DY MAX MIN AVG DEP HDD CDD  WTR  SNW DPTH SPD SPD DIR MIN PSBL S-S WX    SPD DR
================================================================================

 1  79  60  70   6   0   5 0.32  0.0    0   M   M   M   M    M   M        33 270
 2  83  55  69   4   0   4 0.00  0.0    0   M   M   M   M    M   M        25 270
 3  87  64  76  11   0  11 0.00  0.0    0   M   M   M   M    M   M        22 180
 4  89  63  76  11   0  11    T  0.0    0   M   M   M   M    M   M        28 270
 5  79  60  70   5   0   5 0.00  0.0    0   M   M   M   M    M   M        25 270
 6  75  48  62  -3   3   0 0.00  0.0    0   M   M   M   M    M   M        16  90
 7  82  52  67   2   0   2 0.00  0.0    0   M   M   M   M    M   M        24 225
 8  88  62  75  10   0  10 0.00  0.0    0   M   M   M   M    M   M        26 225
 9  81  59  70   4   0   5    T  0.0    0   M   M   M   M    M   M        21 225
10  77  53  65  -1   0   0 0.00  0.0    0   M   M   M   M    M   M        15  45
11  80  49  65  -1   0   0 0.00  0.0    0   M   M   M   M    M   M        17 225
12  75  58  67   1   0   2 1.08  0.0    0   M   M   M   M    M   M 3      29 180
13  79  65  72   6   0   7 0.25  0.0    0   M   M   M   M    M   M        16 270
14  85  62  74   8   0   9 0.00  0.0    0   M   M   M   M    M   M        14  45
15  88  62  75   9   0  10 0.00  0.0    0   M   M   M   M    M   M        17 225
16  80  58  69   3   0   4 0.00  0.0    0   M   M   M   M    M   M        30 270
17  63  48  56 -10   9   0 0.00  0.0    0   M   M   M   M    M   M        20 360
================================================================================
SM 1370  978        12  85  1.65     0.0     M          M        M
================================================================================
AV 80.6 57.5                                 M FASTST   M    M   0    MAX(MPH)
                                 MISC ---->     M   M               # 33  270
================================================================================
NOTES:
# LAST OF SEVERAL OCCURRENCES

COLUMN 17 PEAK WIND IN M.P.H.

PRELIMINARY LOCAL CLIMATOLOGICAL DATA (WS FORM: F-6) , PAGE 2

                                          STATION:  MARQUETTE MI
                                          MONTH:    JULY
                                          YEAR:     2018
                                          LATITUDE:   46 31 N
                                          LONGITUDE:  87 33 W

[TEMPERATURE DATA]      [PRECIPITATION DATA]       SYMBOLS USED IN COLUMN 16

AVERAGE MONTHLY: 69.1   TOTAL FOR MONTH:   1.65    1 = FOG OR MIST
DPTR FM NORMAL:   3.6   DPTR FM NORMAL:    0.13    2 = FOG REDUCING VISIBILITY
HIGHEST:    89 ON  4    GRTST 24HR  1.08 ON 12-12      TO 1/4 MILE OR LESS
LOWEST:     48 ON 17, 6                            3 = THUNDER
                        SNOW, ICE PELLETS, HAIL    4 = ICE PELLETS
                        TOTAL MONTH:   0.0 INCH    5 = HAIL
                        GRTST 24HR     0.0         6 = FREEZING RAIN OR DRIZZLE
                        GRTST DEPTH:   0           7 = DUSTSTORM OR SANDSTORM:
                                                       VSBY 1/2 MILE OR LESS
                                                   8 = SMOKE OR HAZE
[NO. OF DAYS WITH]      [WEATHER - DAYS WITH]      9 = BLOWING SNOW
                                                   X = TORNADO
MAX 32 OR BELOW:   0    0.01 INCH OR MORE:   3
MAX 90 OR ABOVE:   0    0.10 INCH OR MORE:   3
MIN 32 OR BELOW:   0    0.50 INCH OR MORE:   1
MIN  0 OR BELOW:   0    1.00 INCH OR MORE:   1

[HDD (BASE 65) ]
TOTAL THIS MO.    12    CLEAR  (SCALE 0-3)   0
DPTR FM NORMAL   -34    PTCLDY (SCALE 4-7)   0
TOTAL FM JUL 1    12    CLOUDY (SCALE 8-10)  0
DPTR FM NORMAL   -34

[CDD (BASE 65) ]
TOTAL THIS MO.    85
DPTR FM NORMAL    34    [PRESSURE DATA]
TOTAL FM JAN 1   163    HIGHEST SLP M ON M
DPTR FM NORMAL    52    LOWEST  SLP M ON M

[REMARKS]
