000
CXUS53 KMQT 171000
CF6MQT
PRELIMINARY LOCAL CLIMATOLOGICAL DATA (WS FORM: F-6)

                                          STATION:   MARQUETTE MI
                                          MONTH:     FEBRUARY
                                          YEAR:      2019
                                          LATITUDE:   46 31 N
                                          LONGITUDE:  87 33 W

  TEMPERATURE IN F:       :PCPN:    SNOW:  WIND      :SUNSHINE: SKY     :PK WND
================================================================================
1   2   3   4   5  6A  6B    7    8   9   10  11  12  13   14  15   16   17  18
                                     12Z  AVG MX 2MIN
DY MAX MIN AVG DEP HDD CDD  WTR  SNW DPTH SPD SPD DIR MIN PSBL S-S WX    SPD DR
================================================================================

 1  13 -25  -6 -19  71   0    T  0.6   22   M   M   M   M    M   M        26 225
 2  20  11  16   3  49   0    T    T   22   M   M   M   M    M   M 9      26 225
 3  32  19  26  13  39   0    T  0.0   21   M   M   M   M    M   M 16     14 360
 4  29   8  19   5  46   0 1.07  1.6   21   M   M   M   M    M   M 1246   16  45
 5  12   6   9  -5  56   0 0.10  2.8   22   M   M   M   M    M   M         M  M
 6  19  10  15   1  50   0 0.13  1.9   26   M   M   M   M    M   M         M  M
 7  18   9  14   0  51   0 0.72  8.4   26   M   M   M   M    M   M 6       M  M
 8   9  -2   4 -10  61   0    T    T   31   M   M   M   M    M   M 9       M  M
 9  13  -1   6  -8  59   0    T    T   31   M   M   M   M    M   M         M  M
10  14  -2   6  -8  59   0 0.11  1.0   30   M   M   M   M    M   M         M  M
11  20  -2   9  -5  56   0    T  0.5   31   M   M   M   M    M   M         M  M
12  19  11  15   0  50   0 1.30 16.5   31   M   M   M   M    M   M 9       M  M
13  20   3  12  -3  53   0 0.28  9.1   46   M   M   M   M    M   M 9       M  M
14  27   2  15   0  50   0 0.16  2.3   43   M   M   M   M    M   M 6       M  M
15  20  12  16   1  49   0 0.26  8.0   44   M   M   M   M    M   M         M  M
16  18   0   9  -7  56   0 0.01  0.3   45   M   M   M   M    M   M         M  M
================================================================================
SM  303   59       855   0  4.14    53.0     M          M        M
================================================================================
AV 18.9  3.7                                 M FASTST   M    M   0    MAX(MPH)
                                 MISC ---->     M   M               # 26  225
================================================================================
NOTES:
# LAST OF SEVERAL OCCURRENCES

COLUMN 17 PEAK WIND IN M.P.H.

PRELIMINARY LOCAL CLIMATOLOGICAL DATA (WS FORM: F-6) , PAGE 2

                                          STATION:  MARQUETTE MI
                                          MONTH:    FEBRUARY
                                          YEAR:     2019
                                          LATITUDE:   46 31 N
                                          LONGITUDE:  87 33 W

[TEMPERATURE DATA]      [PRECIPITATION DATA]       SYMBOLS USED IN COLUMN 16

AVERAGE MONTHLY: 11.3   TOTAL FOR MONTH:   4.14    1 = FOG OR MIST
DPTR FM NORMAL:  -2.9   DPTR FM NORMAL:    2.97    2 = FOG REDUCING VISIBILITY
HIGHEST:    32 ON  3    GRTST 24HR  1.30 ON 12-12      TO 1/4 MILE OR LESS
LOWEST:    -25 ON  1                               3 = THUNDER
                        SNOW, ICE PELLETS, HAIL    4 = ICE PELLETS
                        TOTAL MONTH:  53.0 INCHES  5 = HAIL
                        GRTST 24HR  16.5 ON 12-12  6 = FREEZING RAIN OR DRIZZLE
                        GRTST DEPTH:  46 ON 13     7 = DUSTSTORM OR SANDSTORM:
                                                       VSBY 1/2 MILE OR LESS
                                                   8 = SMOKE OR HAZE
[NO. OF DAYS WITH]      [WEATHER - DAYS WITH]      9 = BLOWING SNOW
                                                   X = TORNADO
MAX 32 OR BELOW:  16    0.01 INCH OR MORE:  10
MAX 90 OR ABOVE:   0    0.10 INCH OR MORE:   9
MIN 32 OR BELOW:  16    0.50 INCH OR MORE:   3
MIN  0 OR BELOW:   6    1.00 INCH OR MORE:   2

[HDD (BASE 65) ]
TOTAL THIS MO.   855    CLEAR  (SCALE 0-3)   0
DPTR FM NORMAL    43    PTCLDY (SCALE 4-7)   0
TOTAL FM JUL 1  6334    CLOUDY (SCALE 8-10)  0
DPTR FM NORMAL   285

[CDD (BASE 65) ]
TOTAL THIS MO.     0
DPTR FM NORMAL     0    [PRESSURE DATA]
TOTAL FM JAN 1     0    HIGHEST SLP M ON M
DPTR FM NORMAL     0    LOWEST  SLP M ON M

[REMARKS]
