000
CXUS53 KMQT 220900
CF6MQT
PRELIMINARY LOCAL CLIMATOLOGICAL DATA (WS FORM: F-6)

                                          STATION:   MARQUETTE MI
                                          MONTH:     OCTOBER
                                          YEAR:      2018
                                          LATITUDE:   46 31 N
                                          LONGITUDE:  87 33 W

  TEMPERATURE IN F:       :PCPN:    SNOW:  WIND      :SUNSHINE: SKY     :PK WND
================================================================================
1   2   3   4   5  6A  6B    7    8   9   10  11  12  13   14  15   16   17  18
                                     12Z  AVG MX 2MIN
DY MAX MIN AVG DEP HDD CDD  WTR  SNW DPTH SPD SPD DIR MIN PSBL S-S WX    SPD DR
================================================================================

 1  47  36  42  -7  23   0 0.10  0.0    0   M   M   M   M    M   M        17  45
 2  54  40  47  -2  18   0 0.05  0.0    0   M   M   M   M    M   M 12     12 135
 3  66  48  57   9   8   0 1.19  0.0    0   M   M   M   M    M   M 13     37 270
 4  55  31  43  -5  22   0    T    T    0   M   M   M   M    M   M        40 270
 5  42  31  37 -11  28   0 0.31  1.5    2   M   M   M   M    M   M 125    10  90
 6  49  37  43  -4  22   0 0.02  0.0    0   M   M   M   M    M   M 1      15 360
 7  40  36  38  -9  27   0 0.01  0.0    0   M   M   M   M    M   M        15 360
 8  46  40  43  -3  22   0 0.66  0.0    0   M   M   M   M    M   M 1      14 360
 9  43  39  41  -5  24   0 0.84  0.0    0   M   M   M   M    M   M 12     23 360
10  45  39  42  -4  23   0 2.18  0.0    0   M   M   M   M    M   M 12     22  45
11  46  31  39  -6  26   0 0.03    T    0   M   M   M   M    M   M        35 270
12  35  28  32 -13  33   0    T    T    0   M   M   M   M    M   M        27 270
13  47  25  36  -8  29   0 0.00  0.0    0   M   M   M   M    M   M        28 180
14  43  30  37  -7  28   0 0.13  0.8    0   M   M   M   M    M   M        17 270
15  36  29  33 -11  32   0 0.02  0.2    1   M   M   M   M    M   M        31 270
16  48  31  40  -3  25   0    T    T    0   M   M   M   M    M   M        35 270
17  35  23  29 -14  36   0 0.04  0.5    0   M   M   M   M    M   M        30 315
18  58  19  39  -3  26   0 0.00  0.0    0   M   M   M   M    M   M        30 225
19  54  42  48   6  17   0    T  0.0    0   M   M   M   M    M   M        36 315
20  42  28  35  -7  30   0 0.12  1.1    0   M   M   M   M    M   M        33 360
21  38  25  32  -9  33   0    T    T    1   M   M   M   M    M   M        19 180
================================================================================
SM  969  688       532   0  5.70     4.1     M          M        M
================================================================================
AV 46.1 32.8                                 M FASTST   M    M   0    MAX(MPH)
                                 MISC ---->     M   M               # 40  270
================================================================================
NOTES:
# LAST OF SEVERAL OCCURRENCES

COLUMN 17 PEAK WIND IN M.P.H.

PRELIMINARY LOCAL CLIMATOLOGICAL DATA (WS FORM: F-6) , PAGE 2

                                          STATION:  MARQUETTE MI
                                          MONTH:    OCTOBER
                                          YEAR:     2018
                                          LATITUDE:   46 31 N
                                          LONGITUDE:  87 33 W

[TEMPERATURE DATA]      [PRECIPITATION DATA]       SYMBOLS USED IN COLUMN 16

AVERAGE MONTHLY: 39.5   TOTAL FOR MONTH:   5.70    1 = FOG OR MIST
DPTR FM NORMAL:  -5.7   DPTR FM NORMAL:    2.96    2 = FOG REDUCING VISIBILITY
HIGHEST:    66 ON  3    GRTST 24HR  2.18 ON 10-10      TO 1/4 MILE OR LESS
LOWEST:     19 ON 18                               3 = THUNDER
                        SNOW, ICE PELLETS, HAIL    4 = ICE PELLETS
                        TOTAL MONTH:   4.1 INCHES  5 = HAIL
                        GRTST 24HR   1.5 ON  5- 5  6 = FREEZING RAIN OR DRIZZLE
                        GRTST DEPTH:   2 ON  5     7 = DUSTSTORM OR SANDSTORM:
                                                       VSBY 1/2 MILE OR LESS
                                                   8 = SMOKE OR HAZE
[NO. OF DAYS WITH]      [WEATHER - DAYS WITH]      9 = BLOWING SNOW
                                                   X = TORNADO
MAX 32 OR BELOW:   0    0.01 INCH OR MORE:  14
MAX 90 OR ABOVE:   0    0.10 INCH OR MORE:   8
MIN 32 OR BELOW:  12    0.50 INCH OR MORE:   4
MIN  0 OR BELOW:   0    1.00 INCH OR MORE:   2

[HDD (BASE 65) ]
TOTAL THIS MO.   532    CLEAR  (SCALE 0-3)   0
DPTR FM NORMAL   113    PTCLDY (SCALE 4-7)   0
TOTAL FM JUL 1   938    CLOUDY (SCALE 8-10)  0
DPTR FM NORMAL    37

[CDD (BASE 65) ]
TOTAL THIS MO.     0
DPTR FM NORMAL     0    [PRESSURE DATA]
TOTAL FM JAN 1   280    HIGHEST SLP M ON M
DPTR FM NORMAL    39    LOWEST  SLP M ON M

[REMARKS]
