000
CXUS53 KMQT 170900
CF6MQT
PRELIMINARY LOCAL CLIMATOLOGICAL DATA (WS FORM: F-6)

                                          STATION:   MARQUETTE MI
                                          MONTH:     JUNE
                                          YEAR:      2019
                                          LATITUDE:   46 31 N
                                          LONGITUDE:  87 33 W

  TEMPERATURE IN F:       :PCPN:    SNOW:  WIND      :SUNSHINE: SKY     :PK WND
================================================================================
1   2   3   4   5  6A  6B    7    8   9   10  11  12  13   14  15   16   17  18
                                     12Z  AVG MX 2MIN
DY MAX MIN AVG DEP HDD CDD  WTR  SNW DPTH SPD SPD DIR MIN PSBL S-S WX    SPD DR
================================================================================

 1  63  44  54  -2  11   0 0.00  0.0    0   M   M   M   M    M   M        19  90
 2  54  36  45 -11  20   0 0.00  0.0    0   M   M   M   M    M   M        25 315
 3  59  31  45 -12  20   0    T  0.0    0   M   M   M   M    M   M        16  45
 4  77  48  63   6   2   0 0.01  0.0    0   M   M   M   M    M   M        21  45
 5  63  48  56  -1   9   0 0.00  0.0    0   M   M   M   M    M   M 1      13 360
 6  72  46  59   1   6   0 0.00  0.0    0   M   M   M   M    M   M        17  90
 7  84  47  66   8   0   1 0.00  0.0    0   M   M   M   M    M   M        20 180
 8  82  59  71  13   0   6 0.00  0.0    0   M   M   M   M    M   M        24 180
 9  80  56  68   9   0   3 0.15  0.0    0   M   M   M   M    M   M        19 315
10  68  48  58  -1   7   0 0.27  0.0    0   M   M   M   M    M   M        33 315
11  68  45  57  -2   8   0 0.03  0.0    0   M   M   M   M    M   M        23 225
12  54  47  51  -9  14   0 0.18  0.0    0   M   M   M   M    M   M        18 315
13  64  42  53  -7  12   0 0.00  0.0    0   M   M   M   M    M   M        25 315
14  62  45  54  -6  11   0    T  0.0    0   M   M   M   M    M   M 1      22 225
15  60  42  51 -10  14   0 0.00  0.0    0   M   M   M   M    M   M        17  45
16  62  41  52  -9  13   0 0.00  0.0    0   M   M   M   M    M   M        15  45
================================================================================
SM 1072  725       147  10  0.64     0.0     M          M        M
================================================================================
AV 67.0 45.3                                 M FASTST   M    M   0    MAX(MPH)
                                 MISC ---->     M   M               # 33  315
================================================================================
NOTES:
# LAST OF SEVERAL OCCURRENCES

COLUMN 17 PEAK WIND IN M.P.H.

PRELIMINARY LOCAL CLIMATOLOGICAL DATA (WS FORM: F-6) , PAGE 2

                                          STATION:  MARQUETTE MI
                                          MONTH:    JUNE
                                          YEAR:     2019
                                          LATITUDE:   46 31 N
                                          LONGITUDE:  87 33 W

[TEMPERATURE DATA]      [PRECIPITATION DATA]       SYMBOLS USED IN COLUMN 16

AVERAGE MONTHLY: 56.2   TOTAL FOR MONTH:   0.64    1 = FOG OR MIST
DPTR FM NORMAL:  -2.3   DPTR FM NORMAL:   -0.96    2 = FOG REDUCING VISIBILITY
HIGHEST:    84 ON  7    GRTST 24HR  0.27 ON 10-10      TO 1/4 MILE OR LESS
LOWEST:     31 ON  3                               3 = THUNDER
                        SNOW, ICE PELLETS, HAIL    4 = ICE PELLETS
                        TOTAL MONTH:   0.0 INCH    5 = HAIL
                        GRTST 24HR     0.0         6 = FREEZING RAIN OR DRIZZLE
                        GRTST DEPTH:   0           7 = DUSTSTORM OR SANDSTORM:
                                                       VSBY 1/2 MILE OR LESS
                                                   8 = SMOKE OR HAZE
[NO. OF DAYS WITH]      [WEATHER - DAYS WITH]      9 = BLOWING SNOW
                                                   X = TORNADO
MAX 32 OR BELOW:   0    0.01 INCH OR MORE:   5
MAX 90 OR ABOVE:   0    0.10 INCH OR MORE:   3
MIN 32 OR BELOW:   1    0.50 INCH OR MORE:   0
MIN  0 OR BELOW:   0    1.00 INCH OR MORE:   0

[HDD (BASE 65) ]
TOTAL THIS MO.   147    CLEAR  (SCALE 0-3)   0
DPTR FM NORMAL    27    PTCLDY (SCALE 4-7)   0
TOTAL FM JUL 1  9984    CLOUDY (SCALE 8-10)  0
DPTR FM NORMAL   712

[CDD (BASE 65) ]
TOTAL THIS MO.    10
DPTR FM NORMAL    -7    [PRESSURE DATA]
TOTAL FM JAN 1    10    HIGHEST SLP M ON M
DPTR FM NORMAL   -19    LOWEST  SLP M ON M

[REMARKS]
