000
CXUS52 KMHX 160700
CF6MRH
PRELIMINARY LOCAL CLIMATOLOGICAL DATA (WS FORM: F-6)

                                          STATION:   BEAUFORT/SMITH FIELD NC
                                          MONTH:     OCTOBER
                                          YEAR:      2018
                                          LATITUDE:   34 43 N
                                          LONGITUDE:  76 39 W

  TEMPERATURE IN F:       :PCPN:    SNOW:  WIND      :SUNSHINE: SKY     :PK WND
================================================================================
1   2   3   4   5  6A  6B    7    8   9   10  11  12  13   14  15   16   17  18
                                     12Z  AVG MX 2MIN
DY MAX MIN AVG DEP HDD CDD  WTR  SNW DPTH SPD SPD DIR MIN PSBL S-S WX    SPD DR
================================================================================

 1  83  67  75   5   0  10 0.00  0.0    M  5.6 13 100   M    M   0        17 100
 2  83  65  74   4   0   9 0.00  0.0    0  4.2 12 170   M    M   0        15 160
 3  83  68  76   6   0  11 0.00  0.0    0  6.9 15 210   M    M   0        18 220
 4  86  73  80  11   0  15 0.00  0.0    0  7.8 15 220   M    M   1        18 210
 5  88  73  81  12   0  16 0.00  0.0    0  5.8 13 210   M    M   1        15 220
 6  83  74  79  11   0  14 0.00  0.0    0  4.7 12  40   M    M   6 1      14  30
 7  86  72  79  11   0  14    T  0.0    0  4.7 12  20   M    M   3 1      16  20
 8  86  75  81  13   0  16 0.04  0.0    0  8.0 18 110   M    M   5        24 130
 9  85  75  80  12   0  15 0.06  0.0    0  9.7 20 110   M    M   5 1      25 140
10  86  78  82  15   0  17    T  0.0    0 12.0 18 170   M    M   3        27 170
11  86  76  81  14   0  16 0.10  0.0    0 21.5 47 220   M    M   7 1      62 210
12  77  63  70   3   0   5 0.00  0.0    0  7.4 17 280   M    M   1         M  M
13  75  59  67   1   0   2 0.00  0.0    M  7.6 16 330   M    M   0        19 340
14  76  59  68   2   0   3 0.00  0.0    0  6.5 13 100   M    M   6        17  80
15  82  74  78  12   0  13 0.19  0.0    0  8.1 17 210   M    M   6 1      21 220
================================================================================
SM 1245 1051         0 176  0.39     0.0 120.5          M       44
================================================================================
AV 83.0 70.1                               8.0 FASTST   M    M   3    MAX(MPH)
                                 MISC ---->  # 47 220               # 62  210
================================================================================
NOTES:
# LAST OF SEVERAL OCCURRENCES

COLUMN 17 PEAK WIND IN M.P.H.

PRELIMINARY LOCAL CLIMATOLOGICAL DATA (WS FORM: F-6) , PAGE 2

                                          STATION:  BEAUFORT/SMITH FIELD NC
                                          MONTH:    OCTOBER
                                          YEAR:     2018
                                          LATITUDE:   34 43 N
                                          LONGITUDE:  76 39 W

[TEMPERATURE DATA]      [PRECIPITATION DATA]       SYMBOLS USED IN COLUMN 16

AVERAGE MONTHLY: 76.5   TOTAL FOR MONTH:   0.39    1 = FOG OR MIST
DPTR FM NORMAL:   8.6   DPTR FM NORMAL:   -1.72    2 = FOG REDUCING VISIBILITY
HIGHEST:    88 ON  5    GRTST 24HR  0.19 ON 15-15      TO 1/4 MILE OR LESS
LOWEST:     59 ON 14,13                            3 = THUNDER
                        SNOW, ICE PELLETS, HAIL    4 = ICE PELLETS
                        TOTAL MONTH:   0.0 INCH    5 = HAIL
                        GRTST 24HR     0.0         6 = FREEZING RAIN OR DRIZZLE
                        GRTST DEPTH:   0           7 = DUSTSTORM OR SANDSTORM:
                                                       VSBY 1/2 MILE OR LESS
                                                   8 = SMOKE OR HAZE
[NO. OF DAYS WITH]      [WEATHER - DAYS WITH]      9 = BLOWING SNOW
                                                   X = TORNADO
MAX 32 OR BELOW:   0    0.01 INCH OR MORE:   4
MAX 90 OR ABOVE:   0    0.10 INCH OR MORE:   2
MIN 32 OR BELOW:   0    0.50 INCH OR MORE:   0
MIN  0 OR BELOW:   0    1.00 INCH OR MORE:   0

[HDD (BASE 65) ]
TOTAL THIS MO.     0    CLEAR  (SCALE 0-3)   8
DPTR FM NORMAL   -21    PTCLDY (SCALE 4-7)   7
TOTAL FM JUL 1     0    CLOUDY (SCALE 8-10)  0
DPTR FM NORMAL   -24

[CDD (BASE 65) ]
TOTAL THIS MO.   176
DPTR FM NORMAL   112    [PRESSURE DATA]
TOTAL FM JAN 1  2039    HIGHEST SLP M ON M
DPTR FM NORMAL   291    LOWEST  SLP 29.43 ON 11

[REMARKS]
