000
CXUS54 KHUN 170910
CF6MSL
PRELIMINARY LOCAL CLIMATOLOGICAL DATA (WS FORM: F-6)

                                          STATION:   MUSCLE SHOALS
                                          MONTH:     FEBRUARY
                                          YEAR:      2019
                                          LATITUDE:   34 45 N
                                          LONGITUDE:  87 37 W

  TEMPERATURE IN F:       :PCPN:    SNOW:  WIND      :SUNSHINE: SKY     :PK WND
================================================================================
1   2   3   4   5  6A  6B    7    8   9   10  11  12  13   14  15   16   17  18
                                     12Z  AVG MX 2MIN
DY MAX MIN AVG DEP HDD CDD  WTR  SNW DPTH SPD SPD DIR MIN PSBL S-S WX    SPD DR
================================================================================

 1  64  40  52  10  13   0 0.00  0.0    M  3.9 13 200   M    M   7 M    15 200
 2  70  34  52  10  13   0 0.00  0.0    0  2.9  9 150   M    M   1 M    12 140
 3  66  44  55  12  10   0 0.00  0.0    0  3.8 10 180   M    M   6 12   14 160
 4  65  46  56  13   9   0 0.08  0.0    0  6.9 18 190   M    M  10 12   23 200
 5  72  60  66  23   0   1 0.40  0.0    0  4.7 13 160   M    M  10 12   16 160
 6  75  66  71  28   0   6 0.01  0.0    0 10.6 21 200   M    M   8 M    26 200
 7  79  45  62  19   3   0 0.01  0.0    0 14.6 29 290   M    M   8 M    37 200
 8  45  30  38  -6  27   0 0.01  0.0    0 10.2 18 310   M    M   2 M    25 320
 9  48  29  39  -5  26   0 0.00  0.0    0  9.0 17  50   M    M   0 M    25  30
10  53  42  48   4  17   0 0.12  0.0    0  7.2 14 150   M    M  10 M    19 140
11  64  51  58  14   7   0 0.01  0.0    0  7.8 16 190   M    M   9 M    23 180
12  66  37  52   8  13   0 0.73  0.0    0 11.4 31 300   M    M   7 1    37 300
13  57  32  45   0  20   0 0.00  0.0    0  4.7 13 290   M    M   0 M    16 300
14  63  34  49   4  16   0 0.00  0.0    0 10.1 22 190   M    M   0 M    32 230
15  62  45  54   9  11   0 0.37    M    M  7.0 20 210   M    M   9 1    25 210
16  45  38  42  -3  23   0 0.14  0.0    0  6.3 14 300   M    M  10 1    22 360
================================================================================
SM  994  673       208   7  1.88  0.0    121.1          M       97
================================================================================
AV 62.1 42.1                               7.6 FASTST   M    M   6    MAX(MPH)
                                 MISC ---->    31 300               # 37 200
================================================================================
NOTES:
# LAST OF SEVERAL OCCURRENCES

COLUMN 17 PEAK WIND IN M.P.H.

PRELIMINARY LOCAL CLIMATOLOGICAL DATA (WS FORM: F-6) , PAGE 2

                                          STATION:   MUSCLE SHOALS
                                          MONTH:     FEBRUARY
                                          YEAR:      2019
                                          LATITUDE:   34 45 N
                                          LONGITUDE:  87 37 W

[TEMPERATURE DATA]      [PRECIPITATION DATA]       SYMBOLS USED IN COLUMN 16

AVERAGE MONTHLY: 52.1   TOTAL FOR MONTH:   1.88    1 = FOG OR MIST
DPTR FM NORMAL:   8.4   DPTR FM NORMAL:   -0.75    2 = FOG REDUCING VISIBILITY
HIGHEST:    79 ON  7    GRTST 24HR  0.74 ON 11-12      TO 1/4 MILE OR LESS
LOWEST:     29 ON  9                               3 = THUNDER
                        SNOW, ICE PELLETS, HAIL    4 = ICE PELLETS
                        TOTAL MONTH:   0.0 INCH    5 = HAIL
                        GRTST 24HR  0.0            6 = FREEZING RAIN OR DRIZZLE
                        GRTST DEPTH:  0            7 = DUSTSTORM OR SANDSTORM:
                                                       VSBY 1/2 MILE OR LESS
                                                   8 = SMOKE OR HAZE
[NO. OF DAYS WITH]      [WEATHER - DAYS WITH]      9 = BLOWING SNOW
                                                   X = TORNADO
MAX 32 OR BELOW:   0    0.01 INCH OR MORE:   6
MAX 90 OR ABOVE:   0    0.10 INCH OR MORE:   5
MIN 32 OR BELOW:   3    0.50 INCH OR MORE:   1
MIN  0 OR BELOW:   0    1.00 INCH OR MORE:   0

[HDD (BASE 65) ]
TOTAL THIS MO.   208    CLEAR  (SCALE 0-3)   5
DPTR FM NORMAL  -133    PTCLDY (SCALE 4-7)   5
TOTAL FM JUL 1  2064    CLOUDY (SCALE 8-10)  6
DPTR FM NORMAL  -257

[CDD (BASE 65) ]
TOTAL THIS MO.     7
DPTR FM NORMAL     7    [PRESSURE DATA]
TOTAL FM JAN 1     7    HIGHEST SLP M ON M
DPTR FM NORMAL     7    LOWEST  SLP 29.72 ON 15

[REMARKS]
