000
CXUS54 KHUN 170810
CF6MSL
PRELIMINARY LOCAL CLIMATOLOGICAL DATA (WS FORM: F-6)

                                          STATION:   MUSCLE SHOALS
                                          MONTH:     JUNE
                                          YEAR:      2019
                                          LATITUDE:   34 45 N
                                          LONGITUDE:  87 37 W

  TEMPERATURE IN F:       :PCPN:    SNOW:  WIND      :SUNSHINE: SKY     :PK WND
================================================================================
1   2   3   4   5  6A  6B    7    8   9   10  11  12  13   14  15   16   17  18
                                     12Z  AVG MX 2MIN
DY MAX MIN AVG DEP HDD CDD  WTR  SNW DPTH SPD SPD DIR MIN PSBL S-S WX    SPD DR
================================================================================

 1  91  64  78   4   0  13 0.00  0.0    0  3.5 15 300   M    M   1        20 300
 2  95  65  80   6   0  15 0.00  0.0    0  5.4 20 250   M    M   1        24 260
 3  90  67  79   5   0  14 0.00  0.0    0  5.1 14  70   M    M   0        20  80
 4  86  68  77   2   0  12 0.00  0.0    0  4.2 10  70   M    M   2        14 160
 5  90  73  82   7   0  17 0.06  0.0    0  4.9 25 240   M    M   1 3      30 240
 6  75  72  74  -1   0   9 0.66  0.0    0  5.7 10 140   M    M   9        14 140
 7  90  70  80   5   0  15 0.34  0.0    0  4.4 20 150   M    M   6 3      23 150
 8  84  70  77   1   0  12 0.04  0.0    0  2.7 14  30   M    M   7        17  40
 9  89  71  80   4   0  15 0.16  0.0    0  3.4 15 320   M    M   6 3      19 330
10  90  68  79   3   0  14 0.00  0.0    0  6.7 18 340   M    M   2        26  10
11  78  61  70  -6   0   5 0.00  0.0    0  7.1 18  60   M    M   0        25  60
12  86  59  73  -3   0   8 0.00  0.0    0  4.8 18 280   M    M   2        22 280
13  83  59  71  -6   0   6 0.00  0.0    0  6.7 18 320   M    M   1        26 320
14  85  54  70  -7   0   5 0.00  0.0    0  4.7 14 160   M    M   0        17 160
15  91  67  79   2   0  14 0.00  0.0    0  9.8 20 220   M    M   2        26 190
16  92  73  83   6   0  18 0.00  0.0    0  6.5 16 310   M    M   3 3      26 210
================================================================================
SM 1395 1061         0 192  1.26  0.0     85.6          M       43
================================================================================
AV 87.2 66.3                               5.3 FASTST   M    M   2    MAX(MPH)
                                 MISC ---->    25 240                 30 240
================================================================================
NOTES:
# LAST OF SEVERAL OCCURRENCES

COLUMN 17 PEAK WIND IN M.P.H.

PRELIMINARY LOCAL CLIMATOLOGICAL DATA (WS FORM: F-6) , PAGE 2

                                          STATION:   MUSCLE SHOALS
                                          MONTH:     JUNE
                                          YEAR:      2019
                                          LATITUDE:   34 45 N
                                          LONGITUDE:  87 37 W

[TEMPERATURE DATA]      [PRECIPITATION DATA]       SYMBOLS USED IN COLUMN 16

AVERAGE MONTHLY: 76.8   TOTAL FOR MONTH:   1.26    1 = FOG OR MIST
DPTR FM NORMAL:   1.1   DPTR FM NORMAL:   -1.33    2 = FOG REDUCING VISIBILITY
HIGHEST:    95 ON  2    GRTST 24HR  0.84 ON  6- 7      TO 1/4 MILE OR LESS
LOWEST:     54 ON 14                               3 = THUNDER
                        SNOW, ICE PELLETS, HAIL    4 = ICE PELLETS
                        TOTAL MONTH:   0.0 INCH    5 = HAIL
                        GRTST 24HR  0.0            6 = FREEZING RAIN OR DRIZZLE
                        GRTST DEPTH:  0            7 = DUSTSTORM OR SANDSTORM:
                                                       VSBY 1/2 MILE OR LESS
                                                   8 = SMOKE OR HAZE
[NO. OF DAYS WITH]      [WEATHER - DAYS WITH]      9 = BLOWING SNOW
                                                   X = TORNADO
MAX 32 OR BELOW:   0    0.01 INCH OR MORE:   5
MAX 90 OR ABOVE:   8    0.10 INCH OR MORE:   3
MIN 32 OR BELOW:   0    0.50 INCH OR MORE:   1
MIN  0 OR BELOW:   0    1.00 INCH OR MORE:   0

[HDD (BASE 65) ]
TOTAL THIS MO.     0    CLEAR  (SCALE 0-3)  11
DPTR FM NORMAL     0    PTCLDY (SCALE 4-7)   4
TOTAL FM JUL 1  2742    CLOUDY (SCALE 8-10)  1
DPTR FM NORMAL  -361

[CDD (BASE 65) ]
TOTAL THIS MO.   192
DPTR FM NORMAL    20    [PRESSURE DATA]
TOTAL FM JAN 1   575    HIGHEST SLP M ON M
DPTR FM NORMAL   159    LOWEST  SLP 29.63 ON  7

[REMARKS]
