000
CXUS53 KMKX 160900
CF6MSN
PRELIMINARY LOCAL CLIMATOLOGICAL DATA (WS FORM: F-6)

                                          STATION:   MADISON WI
                                          MONTH:     JULY
                                          YEAR:      2018
                                          LATITUDE:   43  7 N
                                          LONGITUDE:  89 20 W

  TEMPERATURE IN F:       :PCPN:    SNOW:  WIND      :SUNSHINE: SKY     :PK WND
================================================================================
1   2   3   4   5  6A  6B    7    8   9   10  11  12  13   14  15   16   17  18
                                     12Z  AVG MX 2MIN
DY MAX MIN AVG DEP HDD CDD  WTR  SNW DPTH SPD SPD DIR MIN PSBL S-S WX    SPD DR
================================================================================

 1  88  66  77   6   0  12 0.38  0.0    0  8.2 25 220   M    M   5 13     38 220
 2  84  59  72   1   0   7 0.00  0.0    0  3.8 14 170   M    M   2        18 180
 3  87  61  74   3   0   9 0.00  0.0    0  5.9 14 180   M    M   4        21 180
 4  92  70  81  10   0  16    T  0.0    0  5.4 17 170   M    M   4        29 170
 5  88  66  77   6   0  12 0.00  0.0    0  5.6 14 350   M    M   5        22 340
 6  78  59  69  -2   0   4 0.00  0.0    0  6.5 17  70   M    M   0        24  70
 7  79  50  65  -7   0   0 0.00  0.0    0  6.2 18 180   M    M   1        23 170
 8  84  59  72   0   0   7 0.00  0.0    0  6.6 15 180   M    M   0        22 180
 9  88  68  78   6   0  13 0.00  0.0    0  6.3 14 200   M    M   4        20 200
10  87  63  75   3   0  10 0.00  0.0    0  4.6 10 120   M    M   5        16  80
11  85  59  72   0   0   7 0.00  0.0    0  5.6 14 130   M    M   4        19 170
12  87  67  77   5   0  12 0.00  0.0    0 10.1 20 190   M    M   6        28 210
13  92  70  81   9   0  16 1.09  0.0    0  8.1 22 320   M    M   7 13     38 320
14  84  70  77   5   0  12 0.13  0.0    0  1.7  8 200   M    M   8 1      11 190
15  86  68  77   5   0  12 0.00  0.0    0  2.3 12 180   M    M   7 18     16 170
================================================================================
SM 1289  955         0 149  1.60     0.0  86.9          M       62
================================================================================
AV 85.9 63.7                               5.8 FASTST   M    M   4    MAX(MPH)
                                 MISC ---->  # 25 220               # 38  220
================================================================================
NOTES:
# LAST OF SEVERAL OCCURRENCES

COLUMN 17 PEAK WIND IN M.P.H.

PRELIMINARY LOCAL CLIMATOLOGICAL DATA (WS FORM: F-6) , PAGE 2

                                          STATION:  MADISON WI
                                          MONTH:    JULY
                                          YEAR:     2018
                                          LATITUDE:   43  7 N
                                          LONGITUDE:  89 20 W

[TEMPERATURE DATA]      [PRECIPITATION DATA]       SYMBOLS USED IN COLUMN 16

AVERAGE MONTHLY: 74.8   TOTAL FOR MONTH:   1.60    1 = FOG OR MIST
DPTR FM NORMAL:   3.2   DPTR FM NORMAL:   -0.50    2 = FOG REDUCING VISIBILITY
HIGHEST:    92 ON 13, 4 GRTST 24HR  1.09 ON 13-13      TO 1/4 MILE OR LESS
LOWEST:     50 ON  7                               3 = THUNDER
                        SNOW, ICE PELLETS, HAIL    4 = ICE PELLETS
                        TOTAL MONTH:   0.0 INCH    5 = HAIL
                        GRTST 24HR     0.0         6 = FREEZING RAIN OR DRIZZLE
                        GRTST DEPTH:   0           7 = DUSTSTORM OR SANDSTORM:
                                                       VSBY 1/2 MILE OR LESS
                                                   8 = SMOKE OR HAZE
[NO. OF DAYS WITH]      [WEATHER - DAYS WITH]      9 = BLOWING SNOW
                                                   X = TORNADO
MAX 32 OR BELOW:   0    0.01 INCH OR MORE:   3
MAX 90 OR ABOVE:   2    0.10 INCH OR MORE:   3
MIN 32 OR BELOW:   0    0.50 INCH OR MORE:   1
MIN  0 OR BELOW:   0    1.00 INCH OR MORE:   1

[HDD (BASE 65) ]
TOTAL THIS MO.     0    CLEAR  (SCALE 0-3)   4
DPTR FM NORMAL     0    PTCLDY (SCALE 4-7)  11
TOTAL FM JUL 1     0    CLOUDY (SCALE 8-10)  0
DPTR FM NORMAL     0

[CDD (BASE 65) ]
TOTAL THIS MO.   149
DPTR FM NORMAL    46    [PRESSURE DATA]
TOTAL FM JAN 1   396    HIGHEST SLP M ON M
DPTR FM NORMAL   143    LOWEST  SLP 29.70 ON  1

[REMARKS]
