000
CXUS53 KMKX 170900
CF6MSN
PRELIMINARY LOCAL CLIMATOLOGICAL DATA (WS FORM: F-6)

                                          STATION:   MADISON WI
                                          MONTH:     JUNE
                                          YEAR:      2019
                                          LATITUDE:   43  7 N
                                          LONGITUDE:  89 20 W

  TEMPERATURE IN F:       :PCPN:    SNOW:  WIND      :SUNSHINE: SKY     :PK WND
================================================================================
1   2   3   4   5  6A  6B    7    8   9   10  11  12  13   14  15   16   17  18
                                     12Z  AVG MX 2MIN
DY MAX MIN AVG DEP HDD CDD  WTR  SNW DPTH SPD SPD DIR MIN PSBL S-S WX    SPD DR
================================================================================

 1  73  55  64   2   1   0 0.47  0.0    0  5.1 22 350   M    M   7 1238   32 350
 2  73  47  60  -3   5   0 0.00  0.0    0  7.5 17 350   M    M   3 12     28 350
 3  68  45  57  -6   8   0 0.00  0.0    0  8.1 15 150   M    M   8        20 150
 4  78  52  65   2   0   0 0.53  0.0    0  8.1 18 170   M    M   7 13     29 230
 5  82  62  72   8   0   7 0.03  0.0    0  5.0 15  10   M    M   5 1      27  20
 6  84  57  71   7   0   6 0.00  0.0    0  3.4 13 100   M    M   6 18     16 110
 7  83  55  69   5   0   4 0.00  0.0    0  6.5 16 110   M    M   0 1      21 110
 8  82  54  68   3   0   3 0.00  0.0    0  7.0 22 110   M    M   4        29 110
 9  77  62  70   5   0   5 0.02  0.0    0  4.4 18 340   M    M   6 1      30 340
10  74  53  64  -2   1   0 0.00  0.0    0  9.6 22 340   M    M   3        34 340
11  78  48  63  -3   2   0 0.05  0.0    0  4.3 17 300   M    M   7 3      32 240
12  62  53  58  -8   7   0 0.35  0.0    0  7.6 22  10   M    M  10 1      33 360
13  69  49  59  -7   6   0 0.00  0.0    0  8.8 22 360   M    M   3        29  10
14  78  48  63  -4   2   0    T  0.0    0 10.3 21 220   M    M   6        37 200
15  78  56  67   0   0   2 0.01  0.0    0  8.7 20  70   M    M   8        26  70
16  61  54  58  -9   7   0 0.33  0.0    0  7.0 13  30   M    M  10 18     17  40
================================================================================
SM 1200  850        39  27  1.79     0.0 111.4          M       93
================================================================================
AV 75.0 53.1                               7.0 FASTST   M    M   6    MAX(MPH)
                                 MISC ---->  # 22 350               # 37  200
================================================================================
NOTES:
# LAST OF SEVERAL OCCURRENCES

COLUMN 17 PEAK WIND IN M.P.H.

PRELIMINARY LOCAL CLIMATOLOGICAL DATA (WS FORM: F-6) , PAGE 2

                                          STATION:  MADISON WI
                                          MONTH:    JUNE
                                          YEAR:     2019
                                          LATITUDE:   43  7 N
                                          LONGITUDE:  89 20 W

[TEMPERATURE DATA]      [PRECIPITATION DATA]       SYMBOLS USED IN COLUMN 16

AVERAGE MONTHLY: 64.1   TOTAL FOR MONTH:   1.79    1 = FOG OR MIST
DPTR FM NORMAL:  -0.8   DPTR FM NORMAL:   -0.63    2 = FOG REDUCING VISIBILITY
HIGHEST:    84 ON  6    GRTST 24HR  0.53 ON  4- 4      TO 1/4 MILE OR LESS
LOWEST:     45 ON  3                               3 = THUNDER
                        SNOW, ICE PELLETS, HAIL    4 = ICE PELLETS
                        TOTAL MONTH:   0.0 INCH    5 = HAIL
                        GRTST 24HR     0.0         6 = FREEZING RAIN OR DRIZZLE
                        GRTST DEPTH:   0           7 = DUSTSTORM OR SANDSTORM:
                                                       VSBY 1/2 MILE OR LESS
                                                   8 = SMOKE OR HAZE
[NO. OF DAYS WITH]      [WEATHER - DAYS WITH]      9 = BLOWING SNOW
                                                   X = TORNADO
MAX 32 OR BELOW:   0    0.01 INCH OR MORE:   8
MAX 90 OR ABOVE:   0    0.10 INCH OR MORE:   4
MIN 32 OR BELOW:   0    0.50 INCH OR MORE:   1
MIN  0 OR BELOW:   0    1.00 INCH OR MORE:   0

[HDD (BASE 65) ]
TOTAL THIS MO.    39    CLEAR  (SCALE 0-3)   2
DPTR FM NORMAL    -9    PTCLDY (SCALE 4-7)  12
TOTAL FM JUL 1  7498    CLOUDY (SCALE 8-10)  2
DPTR FM NORMAL   177

[CDD (BASE 65) ]
TOTAL THIS MO.    27
DPTR FM NORMAL   -18    [PRESSURE DATA]
TOTAL FM JAN 1    47    HIGHEST SLP M ON M
DPTR FM NORMAL   -28    LOWEST  SLP 29.65 ON  5

[REMARKS]
