000
CXUS53 KMPX 181000
CF6MSP
PRELIMINARY LOCAL CLIMATOLOGICAL DATA (WS FORM: F-6)

                                          STATION:   TWIN CITIES MN
                                          MONTH:     JULY
                                          YEAR:      2018
                                          LATITUDE:   44 52 N
                                          LONGITUDE:  93 13 W

  TEMPERATURE IN F:       :PCPN:    SNOW:  WIND      :SUNSHINE: SKY     :PK WND
================================================================================
1   2   3   4   5  6A  6B    7    8   9   10  11  12  13   14  15   16   17  18
                                     12Z  AVG MX 2MIN
DY MAX MIN AVG DEP HDD CDD  WTR  SNW DPTH SPD SPD DIR MIN PSBL S-S WX    SPD DR
================================================================================

 1  75  63  69  -4   0   4 1.16  0.0    0 10.2 35 330   M    M   7 1      50 310
 2  88  66  77   4   0  12 0.00  0.0    0 10.6 18 170   M    M   2        29 210
 3  87  70  79   6   0  14 0.02  0.0    0 10.1 30 160   M    M   8        40 160
 4  83  71  77   3   0  12 0.67  0.0    0  7.5 32 290   M    M   6 138    43 300
 5  83  68  76   2   0  11 0.00  0.0    0  9.1 18 310   M    M   4 18     30 360
 6  82  63  73  -1   0   8 0.00  0.0    0  6.9 15 120   M    M   2        20 150
 7  85  68  77   3   0  12 0.00  0.0    0 13.0 21 170   M    M   0        29 180
 8  90  71  81   7   0  16 0.00  0.0    0 11.4 20 190   M    M   2        32 180
 9  90  72  81   7   0  16    T  0.0    0  6.3 15  10   M    M   5        28  10
10  85  68  77   3   0  12    T  0.0    0  5.1 20 140   M    M   5        25 140
11  92  69  81   7   0  16 0.00  0.0    0 11.3 21 170   M    M   6 3      29 170
12  95  73  84  10   0  19 2.13  0.0    0  8.9 28 350   M    M   8 13     41 350
13  83  72  78   4   0  13 0.08  0.0    0  4.1 16 310   M    M   8 13     23 300
14  87  69  78   4   0  13 0.00  0.0    0  3.4 10 130   M    M   2 18     16  99
15  89  71  80   6   0  15 0.00  0.0    0  7.5 17 320   M    M   5 1      24 330
16  86  64  75   1   0  10 0.00  0.0    0  9.2 18 300   M    M   2 8      28 320
17  81  65  73  -1   0   8    T  0.0    0  6.4 12  80   M    M   3 8      20  70
================================================================================
SM 1461 1163         0 211  4.06     0.0 141.0          M       75
================================================================================
AV 85.9 68.4                               8.3 FASTST   M    M   4    MAX(MPH)
                                 MISC ---->  # 35 330               # 50  310
================================================================================
NOTES:
# LAST OF SEVERAL OCCURRENCES

COLUMN 17 PEAK WIND IN M.P.H.

PRELIMINARY LOCAL CLIMATOLOGICAL DATA (WS FORM: F-6) , PAGE 2

                                          STATION:  TWIN CITIES MN
                                          MONTH:    JULY
                                          YEAR:     2018
                                          LATITUDE:   44 52 N
                                          LONGITUDE:  93 13 W

[TEMPERATURE DATA]      [PRECIPITATION DATA]       SYMBOLS USED IN COLUMN 16

AVERAGE MONTHLY: 77.2   TOTAL FOR MONTH:   4.06    1 = FOG OR MIST
DPTR FM NORMAL:   3.4   DPTR FM NORMAL:    1.88    2 = FOG REDUCING VISIBILITY
HIGHEST:    95 ON 12    GRTST 24HR  2.13 ON 12-12      TO 1/4 MILE OR LESS
LOWEST:     63 ON  6, 1                            3 = THUNDER
                        SNOW, ICE PELLETS, HAIL    4 = ICE PELLETS
                        TOTAL MONTH:   0.0 INCH    5 = HAIL
                        GRTST 24HR     0.0         6 = FREEZING RAIN OR DRIZZLE
                        GRTST DEPTH:   0           7 = DUSTSTORM OR SANDSTORM:
                                                       VSBY 1/2 MILE OR LESS
                                                   8 = SMOKE OR HAZE
[NO. OF DAYS WITH]      [WEATHER - DAYS WITH]      9 = BLOWING SNOW
                                                   X = TORNADO
MAX 32 OR BELOW:   0    0.01 INCH OR MORE:   5
MAX 90 OR ABOVE:   4    0.10 INCH OR MORE:   3
MIN 32 OR BELOW:   0    0.50 INCH OR MORE:   3
MIN  0 OR BELOW:   0    1.00 INCH OR MORE:   2

[HDD (BASE 65) ]
TOTAL THIS MO.     0    CLEAR  (SCALE 0-3)   7
DPTR FM NORMAL     0    PTCLDY (SCALE 4-7)   9
TOTAL FM JUL 1     0    CLOUDY (SCALE 8-10)  1
DPTR FM NORMAL     0

[CDD (BASE 65) ]
TOTAL THIS MO.   211
DPTR FM NORMAL    60    [PRESSURE DATA]
TOTAL FM JAN 1   611    HIGHEST SLP M ON M
DPTR FM NORMAL   260    LOWEST  SLP 29.71 ON  1

[REMARKS]
