711
CXUS52 KKEY 260545
CF6MTH
PRELIMINARY LOCAL CLIMATOLOGICAL DATA (WS FORM: F-6)

                                          STATION:   MARATHON
                                          MONTH:     MAY
                                          YEAR:      2018
                                          LATITUDE:   24 43 N
                                          LONGITUDE:  81  5 W

  TEMPERATURE IN F:       :PCPN:    SNOW:  WIND      :SUNSHINE: SKY     :PK WND
================================================================================
1   2   3   4   5  6A  6B    7    8   9   10  11  12  13   14  15   16   17  18
                                     12Z  AVG MX 2MIN
DY MAX MIN AVG DEP HDD CDD  WTR  SNW DPTH SPD SPD DIR MIN PSBL S-S WX    SPD DR
================================================================================

 1  86  77  82   3   0  17 0.00  0.0    0 14.6 22  70   M    M   3        28  70
 2  85  74  80   1   0  15 0.09  0.0    0 17.5 28  50   M    M   4 1      34  70
 3  85  76  81   2   0  16    T  0.0    0 15.9 24  70   M    M   4        33  60
 4  86  76  81   2   0  16 0.00  0.0    0 15.2 23  60   M    M   2        28  60
 5  85  74  80   0   0  15 0.09  0.0    0  9.5 18  20   M    M   5 18     27  70
 6  88  77  83   3   0  18 0.00  0.0    0  5.9 12 150   M    M   1        17 150
 7  86  75  81   1   0  16 0.00  0.0    0  4.6 12 320   M    M   1        17 310
 8  88  76  82   2   0  17 0.05  0.0    0  8.6 26  50   M    M   3 13     35  50
 9  86  77  82   2   0  17 0.00  0.0    0 13.5 20  70   M    M   1        25  60
10  86  77  82   2   0  17 0.00  0.0    0 11.1 17  60   M    M   4        23  50
11  87  78  83   3   0  18    T  0.0    0 10.7 17  70   M    M   1        23  60
12  81  77  79  -2   0  14    T  0.0    0 10.4 23  70   M    M   5        29  60
13  81  74  78  -3   0  13 0.59  0.0    0  7.5 16 120   M    M   6 13     22 110
14  86  75  81   0   0  16 0.01  0.0    0  7.2 16 270   M    M   3 3      23 260
15  88  78  83   2   0  18 0.00  0.0    0  7.1 10 160   M    M   2        15 150
16  89  78  84   3   0  19 0.07  0.0    0  7.0 10 130   M    M   1 138    20 170
17  80  74  77  -5   0  12 0.51  0.0    0  4.6 10 130   M    M   4 13     15 150
18  88  76  82   0   0  17 0.00  0.0    0  4.6 10 120   M    M   1        15 120
19  82  74  78  -4   0  13 0.55  0.0    0  8.2 17 130   M    M   6 1      25 130
20  83  73  78  -4   0  13 1.09  0.0    0 10.9 21 130   M    M   6 1      28 130
21  86  73  80  -2   0  15 2.47  0.0    0 12.8 22 130   M    M   6 13     32 130
22  86  74  80  -2   0  15 0.15  0.0    0 11.2 22 130   M    M   5 1      29 110
23  87  79  83   0   0  18 0.00  0.0    0  7.8 14 120   M    M   1        20 110
24  87  76  82  -1   0  17 0.02  0.0    0  5.5 14 130   M    M   0 13     20 120
25  82  73  78  -5   0  13 2.40  0.0    0  9.2 21 160   M    M   7 138    30 160
================================================================================
SM 2134 1891         0 395  8.09     0.0 241.1          M       82
================================================================================
AV 85.4 75.6                               9.6 FASTST   M    M   3    MAX(MPH)
                                 MISC ---->  # 28  50               # 35   50
================================================================================
NOTES:
# LAST OF SEVERAL OCCURRENCES

COLUMN 17 PEAK WIND IN M.P.H.

PRELIMINARY LOCAL CLIMATOLOGICAL DATA (WS FORM: F-6) , PAGE 2

                                          STATION:  MARATHON
                                          MONTH:    MAY
                                          YEAR:     2018
                                          LATITUDE:   24 43 N
                                          LONGITUDE:  81  5 W

[TEMPERATURE DATA]      [PRECIPITATION DATA]       SYMBOLS USED IN COLUMN 16

AVERAGE MONTHLY: 80.5   TOTAL FOR MONTH:   8.09    1 = FOG OR MIST
DPTR FM NORMAL:  -0.4   DPTR FM NORMAL:    5.53    2 = FOG REDUCING VISIBILITY
HIGHEST:    89 ON 16    GRTST 24HR  2.47 ON 21-21      TO 1/4 MILE OR LESS
LOWEST:     73 ON 25,21                            3 = THUNDER
                        SNOW, ICE PELLETS, HAIL    4 = ICE PELLETS
                        TOTAL MONTH:   0.0 INCH    5 = HAIL
                        GRTST 24HR     0.0         6 = FREEZING RAIN OR DRIZZLE
                        GRTST DEPTH:   0           7 = DUSTSTORM OR SANDSTORM:
                                                       VSBY 1/2 MILE OR LESS
                                                   8 = SMOKE OR HAZE
[NO. OF DAYS WITH]      [WEATHER - DAYS WITH]      9 = BLOWING SNOW
                                                   X = TORNADO
MAX 32 OR BELOW:   0    0.01 INCH OR MORE:  13
MAX 90 OR ABOVE:   0    0.10 INCH OR MORE:   7
MIN 32 OR BELOW:   0    0.50 INCH OR MORE:   6
MIN  0 OR BELOW:   0    1.00 INCH OR MORE:   3

[HDD (BASE 65) ]
TOTAL THIS MO.     0    CLEAR  (SCALE 0-3)  12
DPTR FM NORMAL     0    PTCLDY (SCALE 4-7)  13
TOTAL FM JUL 1    62    CLOUDY (SCALE 8-10)  0
DPTR FM NORMAL   -19

[CDD (BASE 65) ]
TOTAL THIS MO.   395
DPTR FM NORMAL     0    [PRESSURE DATA]
TOTAL FM JAN 1  1603    HIGHEST SLP M ON M
DPTR FM NORMAL   172    LOWEST  SLP 29.88 ON M

[REMARKS]
