000
CXUS55 KGJT 191000
CF6MTJ
PRELIMINARY LOCAL CLIMATOLOGICAL DATA (WS FORM: F-6)

                                          STATION:   MONTROSE CO
                                          MONTH:     OCTOBER
                                          YEAR:      2018
                                          LATITUDE:   38 30 N
                                          LONGITUDE: 107 53 W

  TEMPERATURE IN F:       :PCPN:    SNOW:  WIND      :SUNSHINE: SKY     :PK WND
================================================================================
1   2   3   4   5  6A  6B    7    8   9   10  11  12  13   14  15   16   17  18
                                     12Z  AVG MX 2MIN
DY MAX MIN AVG DEP HDD CDD  WTR  SNW DPTH SPD SPD DIR MIN PSBL S-S WX    SPD DR
================================================================================

 1  67  52  60   4   5   0 0.13    M    M  4.6 12 110   M    M   7 1      15 120
 2  61  51  56   0   9   0 0.37    M    M  4.1  9 150   M    M   9 1      10 110
 3  77  55  66  11   0   1 0.02    M    M  4.2 13 150   M    M   M        14 150
 4  68  50  59   4   6   0 0.03    M    M  8.3 41 240   M    M   5 8      54 240
 5  63  43  53  -1  12   0 0.04    M    M  6.6 23 280   M    M   9        30 280
 6  58  38  48  -6  17   0 0.13    M    M  5.4 21 330   M    M   7 1      26 330
 7  58  40  49  -5  16   0 0.16    M    M  4.9 17 160   M    M   7 1      21 160
 8  49  39  44  -9  21   0 0.27    M    M  3.9 13 120   M    M   9 1      14 120
 9  52  39  46  -7  19   0 0.04    M    M  4.2 18 290   M    M  10        22 290
10  58  40  49  -3  16   0 0.06    M    M  7.4 25 160   M    M   6 1      36 170
11  49  39  44  -8  21   0 0.13    M    M  3.9 10 280   M    M   9 1      12 280
12  56  35  46  -6  19   0 0.00    M    M  5.5 12 340   M    M   3        15 340
13  61  32  47  -4  18   0 0.00    M    M  5.3 14 340   M    M   0        18 350
14  45  29  37 -14  28   0    T    M    M  9.7 25 310   M    M   9        29 270
15  45  22  34 -16  31   0 0.00    M    M  5.0 13 340   M    M   0        19 360
16  53  24  39 -11  26   0 0.00    M    M  5.5 12 150   M    M   0        13 350
17  57  34  46  -4  19   0 0.00    M    M  8.0 17 310   M    M   5        22 310
18  58  39  49   0  16   0 0.11    M    M  5.8 22 320   M    M   8 1      25 310
================================================================================
SM 1035  701       299   1  1.49    M    102.3          M      103
================================================================================
AV 57.5 38.9                               5.7 FASTST   M    M   6    MAX(MPH)
                                 MISC ---->  # 41 240               # 54  240
================================================================================
NOTES:
# LAST OF SEVERAL OCCURRENCES

COLUMN 17 PEAK WIND IN M.P.H.

PRELIMINARY LOCAL CLIMATOLOGICAL DATA (WS FORM: F-6) , PAGE 2

                                          STATION:  MONTROSE CO
                                          MONTH:    OCTOBER
                                          YEAR:     2018
                                          LATITUDE:   38 30 N
                                          LONGITUDE: 107 53 W

[TEMPERATURE DATA]      [PRECIPITATION DATA]       SYMBOLS USED IN COLUMN 16

AVERAGE MONTHLY: 48.2   TOTAL FOR MONTH:   1.49    1 = FOG OR MIST
DPTR FM NORMAL:  -4.4   DPTR FM NORMAL:    0.63    2 = FOG REDUCING VISIBILITY
HIGHEST:    77 ON  3    GRTST 24HR  0.37 ON  2- 2      TO 1/4 MILE OR LESS
LOWEST:     22 ON 15                               3 = THUNDER
                        SNOW, ICE PELLETS, HAIL    4 = ICE PELLETS
                        TOTAL MONTH:    M          5 = HAIL
                        GRTST 24HR    M  ON   M    6 = FREEZING RAIN OR DRIZZLE
                        GRTST DEPTH:  M  ON   M    7 = DUSTSTORM OR SANDSTORM:
                                                       VSBY 1/2 MILE OR LESS
                                                   8 = SMOKE OR HAZE
[NO. OF DAYS WITH]      [WEATHER - DAYS WITH]      9 = BLOWING SNOW
                                                   X = TORNADO
MAX 32 OR BELOW:   0    0.01 INCH OR MORE:  12
MAX 90 OR ABOVE:   0    0.10 INCH OR MORE:   7
MIN 32 OR BELOW:   4    0.50 INCH OR MORE:   0
MIN  0 OR BELOW:   0    1.00 INCH OR MORE:   0

[HDD (BASE 65) ]
TOTAL THIS MO.   299    CLEAR  (SCALE 0-3)   4
DPTR FM NORMAL    76    PTCLDY (SCALE 4-7)   7
TOTAL FM JUL 1   335    CLOUDY (SCALE 8-10)  6
DPTR FM NORMAL   -15

[CDD (BASE 65) ]
TOTAL THIS MO.     1
DPTR FM NORMAL     1    [PRESSURE DATA]
TOTAL FM JAN 1   961    HIGHEST SLP  0.00 ON 15
DPTR FM NORMAL   318    LOWEST  SLP 29.48 ON  7

[REMARKS]
