000
CXUS55 KGJT 181000
CF6MTJ
PRELIMINARY LOCAL CLIMATOLOGICAL DATA (WS FORM: F-6)

                                          STATION:   MONTROSE CO
                                          MONTH:     JULY
                                          YEAR:      2018
                                          LATITUDE:   38 30 N
                                          LONGITUDE: 107 53 W

  TEMPERATURE IN F:       :PCPN:    SNOW:  WIND      :SUNSHINE: SKY     :PK WND
================================================================================
1   2   3   4   5  6A  6B    7    8   9   10  11  12  13   14  15   16   17  18
                                     12Z  AVG MX 2MIN
DY MAX MIN AVG DEP HDD CDD  WTR  SNW DPTH SPD SPD DIR MIN PSBL S-S WX    SPD DR
================================================================================

 1  88  52  70  -2   0   5 0.00    M    M  7.5 16 320   M    M   0        20 340
 2  93  52  73   0   0   8 0.00    M    M  7.5 15 320   M    M   0        19 330
 3  93  58  76   3   0  11 0.00    M    M  9.7 32 130   M    M   0 38     40 120
 4  95  63  79   6   0  14    T    M    M  8.2 39 100   M    M   0 8      50 100
 5  94  63  79   6   0  14 0.00    M    M  9.1 29 160   M    M   0 3      35 150
 6  93  60  77   4   0  12    T    M    M  7.3 25 150   M    M   0 3      34 140
 7  96  62  79   6   0  14 0.00    M    M  8.8 25  80   M    M   0        31  60
 8  94  62  78   4   0  13 0.01    M    M  7.6 25 110   M    M   1        31 120
 9  94  56  75   1   0  10 0.00    M    M  7.9 16 340   M    M   0        22 330
10  95  65  80   6   0  15 0.00    M    M 11.1 32 150   M    M   1        40 140
11  94  63  79   5   0  14 0.01    M    M  8.3 29  60   M    M   1 3      36 220
12  87  64  76   2   0  11 0.00    M    M  5.7 15 230   M    M   3        23 280
13  94  67  81   7   0  16    T    M    M  8.9 20 160   M    M   3 3      23 160
14  94  71  83   9   0  18 0.00    M    M  8.2 28 300   M    M   2        35 280
15  85  64  75   1   0  10 0.03    M    M  9.9 32 150   M    M   3 3      37 150
16  94  60  77   3   0  12 0.00    M    M  7.5 17 110   M    M   0        23 110
17  92  65  79   5   0  14 0.00    M    M  7.5 35 290   M    M   0        44 290
================================================================================
SM 1575 1047         0 211  0.05    M    140.7          M       14
================================================================================
AV 92.7 61.6                               8.3 FASTST   M    M   1    MAX(MPH)
                                 MISC ---->  # 39 100               # 50  100
================================================================================
NOTES:
# LAST OF SEVERAL OCCURRENCES

COLUMN 17 PEAK WIND IN M.P.H.

PRELIMINARY LOCAL CLIMATOLOGICAL DATA (WS FORM: F-6) , PAGE 2

                                          STATION:  MONTROSE CO
                                          MONTH:    JULY
                                          YEAR:     2018
                                          LATITUDE:   38 30 N
                                          LONGITUDE: 107 53 W

[TEMPERATURE DATA]      [PRECIPITATION DATA]       SYMBOLS USED IN COLUMN 16

AVERAGE MONTHLY: 77.1   TOTAL FOR MONTH:   0.05    1 = FOG OR MIST
DPTR FM NORMAL:   3.6   DPTR FM NORMAL:   -0.38    2 = FOG REDUCING VISIBILITY
HIGHEST:    96 ON  7    GRTST 24HR  0.03 ON 15-15      TO 1/4 MILE OR LESS
LOWEST:     52 ON  2, 1                            3 = THUNDER
                        SNOW, ICE PELLETS, HAIL    4 = ICE PELLETS
                        TOTAL MONTH:    M          5 = HAIL
                        GRTST 24HR    M  ON   M    6 = FREEZING RAIN OR DRIZZLE
                        GRTST DEPTH:  M  ON   M    7 = DUSTSTORM OR SANDSTORM:
                                                       VSBY 1/2 MILE OR LESS
                                                   8 = SMOKE OR HAZE
[NO. OF DAYS WITH]      [WEATHER - DAYS WITH]      9 = BLOWING SNOW
                                                   X = TORNADO
MAX 32 OR BELOW:   0    0.01 INCH OR MORE:   3
MAX 90 OR ABOVE:  14    0.10 INCH OR MORE:   0
MIN 32 OR BELOW:   0    0.50 INCH OR MORE:   0
MIN  0 OR BELOW:   0    1.00 INCH OR MORE:   0

[HDD (BASE 65) ]
TOTAL THIS MO.     0    CLEAR  (SCALE 0-3)  17
DPTR FM NORMAL     0    PTCLDY (SCALE 4-7)   0
TOTAL FM JUL 1     0    CLOUDY (SCALE 8-10)  0
DPTR FM NORMAL     0

[CDD (BASE 65) ]
TOTAL THIS MO.   211
DPTR FM NORMAL    66    [PRESSURE DATA]
TOTAL FM JAN 1   450    HIGHEST SLP M ON M
DPTR FM NORMAL   153    LOWEST  SLP 29.72 ON  3

[REMARKS]
