000
CXUS53 KILX 172300
CF6MTO
PRELIMINARY LOCAL CLIMATOLOGICAL DATA (WS FORM: F-6)

                                          STATION:   MATTOON IL AIRPORT
                                          MONTH:     JUNE
                                          YEAR:      2019
                                          LATITUDE:   39 28 N
                                          LONGITUDE:  88 17 W

  TEMPERATURE IN F:       :PCPN:    SNOW:  WIND      :SUNSHINE: SKY     :PK WND
================================================================================
1   2   3   4   5  6A  6B    7    8   9   10  11  12  13   14  15   16   17  18
                                     12Z  AVG MX 2MIN
DY MAX MIN AVG DEP HDD CDD  WTR  SNW DPTH SPD SPD DIR MIN PSBL S-S WX    SPD DR
================================================================================

 1  82  64  73   5   0   8 0.00    M    M  6.8 15 220   M    M   1        22 240
 2  79  57  68   0   0   3 0.00    M    M  9.6 20 350   M    M   1        27 330
 3  79  54  67  -1   0   2 0.00    M    M  5.9 12 200   M    M   0        19 210
 4  82  58  70   1   0   5    T    M    M 11.0 20 160   M    M   0        30 200
 5  90  68  79  10   0  14    T    M    M  9.1 20 290   M    M   3 3      24 300
 6  87  64  76   7   0  11 0.00    M    M  6.2 14 110   M    M   0 1      19 120
 7  87  69  78   8   0  13 0.00    M    M 12.8 24  60   M    M   0        32  60
 8  79  66  73   3   0   8 0.01    M    M 10.2 17  70   M    M   5 1      24  70
 9  83  66  75   5   0  10    T    M    M  5.5 14  10   M    M   7 1      20  10
10  80  56  68  -2   0   3 0.00    M    M 16.9 31 330   M    M   3        51 310
11  81  50  66  -5   0   1 0.00    M    M  5.5 14 130   M    M   0 8      19 130
12  75  57  66  -5   0   1 0.08    M    M  7.2 24 290   M    M   2 18     34 240
13  72  51  62  -9   3   0 0.00    M    M 15.3 30 320   M    M   2 8      37 310
14  76  52  64  -8   1   0 0.07    M    M  9.1 18 170   M    M   3 38     28 200
15  75  61  68  -4   0   3 2.83    M    M  9.1 18 160   M    M   4 13     26 170
16  82  64  73   1   0   8 0.28    M    M  5.9 35 300   M    M   6 138    44 300
================================================================================
SM 1289  957         4  90  3.27    M    146.1          M       37
================================================================================
AV 80.6 59.8                               9.1 FASTST   M    M   2    MAX(MPH)
                                 MISC ---->  # 35 300               # 51  310
================================================================================
NOTES:
# LAST OF SEVERAL OCCURRENCES

COLUMN 17 PEAK WIND IN M.P.H.

PRELIMINARY LOCAL CLIMATOLOGICAL DATA (WS FORM: F-6) , PAGE 2

                                          STATION:  MATTOON IL AIRPORT
                                          MONTH:    JUNE
                                          YEAR:     2019
                                          LATITUDE:   39 28 N
                                          LONGITUDE:  88 17 W

[TEMPERATURE DATA]      [PRECIPITATION DATA]       SYMBOLS USED IN COLUMN 16

AVERAGE MONTHLY: 70.2   TOTAL FOR MONTH:   3.27    1 = FOG OR MIST
DPTR FM NORMAL:   0.2   DPTR FM NORMAL:    0.82    2 = FOG REDUCING VISIBILITY
HIGHEST:    90 ON  5    GRTST 24HR  2.83 ON 15-15      TO 1/4 MILE OR LESS
LOWEST:     50 ON 11                               3 = THUNDER
                        SNOW, ICE PELLETS, HAIL    4 = ICE PELLETS
                        TOTAL MONTH:    M          5 = HAIL
                        GRTST 24HR    M  ON   M    6 = FREEZING RAIN OR DRIZZLE
                        GRTST DEPTH:  M  ON   M    7 = DUSTSTORM OR SANDSTORM:
                                                       VSBY 1/2 MILE OR LESS
                                                   8 = SMOKE OR HAZE
[NO. OF DAYS WITH]      [WEATHER - DAYS WITH]      9 = BLOWING SNOW
                                                   X = TORNADO
MAX 32 OR BELOW:   0    0.01 INCH OR MORE:   5
MAX 90 OR ABOVE:   1    0.10 INCH OR MORE:   2
MIN 32 OR BELOW:   0    0.50 INCH OR MORE:   1
MIN  0 OR BELOW:   0    1.00 INCH OR MORE:   1

[HDD (BASE 65) ]
TOTAL THIS MO.     4    CLEAR  (SCALE 0-3)  11
DPTR FM NORMAL   -10    PTCLDY (SCALE 4-7)   5
TOTAL FM JUL 1  5521    CLOUDY (SCALE 8-10)  0
DPTR FM NORMAL   117

[CDD (BASE 65) ]
TOTAL THIS MO.    90
DPTR FM NORMAL    -5    [PRESSURE DATA]
TOTAL FM JAN 1   215    HIGHEST SLP M ON M
DPTR FM NORMAL    32    LOWEST  SLP 29.68 ON  5

[REMARKS]
