000
CXUS53 KILX 222300
CF6MTO
PRELIMINARY LOCAL CLIMATOLOGICAL DATA (WS FORM: F-6)

                                          STATION:   MATTOON IL AIRPORT
                                          MONTH:     OCTOBER
                                          YEAR:      2018
                                          LATITUDE:   39 28 N
                                          LONGITUDE:  88 17 W

  TEMPERATURE IN F:       :PCPN:    SNOW:  WIND      :SUNSHINE: SKY     :PK WND
================================================================================
1   2   3   4   5  6A  6B    7    8   9   10  11  12  13   14  15   16   17  18
                                     12Z  AVG MX 2MIN
DY MAX MIN AVG DEP HDD CDD  WTR  SNW DPTH SPD SPD DIR MIN PSBL S-S WX    SPD DR
================================================================================

 1  80  61  71  11   0   6    T    M    M  7.3 14 190   M    M   2        22 160
 2  85  66  76  16   0  11    T    M    M  5.8 13 230   M    M   4 13     22 250
 3  86  67  77  17   0  12 0.01    M    M 11.4 23 180   M    M   2        35 180
 4  76  56  66   7   0   1 0.10    M    M 11.2 20 340   M    M   7        26 350
 5  86  55  71  12   0   6 0.03    M    M  7.0 14 200   M    M   6 18     20 190
 6  87  65  76  18   0  11 0.43    M    M  9.0 29 310   M    M   2 123    41 310
 7  85  63  74  16   0   9 0.00    M    M  5.3 14 170   M    M   6 12     21 170
 8  85  66  76  18   0  11 0.00    M    M  8.1 20 190   M    M   2        27 170
 9  84  69  77  20   0  12 0.00    M    M 11.7 20 150   M    M   2        29 170
10  76  52  64   7   1   0 0.26    M    M 12.7 22 300   M    M   6 1      32 270
11  56  36  46 -10  19   0 0.00    M    M 14.5 23 320   M    M   5        31 310
12  45  34  40 -16  25   0    T    M    M  5.8 15 320   M    M   6 1      18 360
13  51  33  42 -14  23   0 0.00    M    M  3.9 12 170   M    M   3 1      19 130
14  55  43  49  -6  16   0    T    M    M  4.8 12 140   M    M   9 1      16 110
15  53  36  45 -10  20   0 0.03    M    M 12.1 22 320   M    M   5 1      29 320
16  56  35  46  -9  19   0 0.00    M    M  6.5 14 190   M    M   0        21 220
17  59  36  48  -6  17   0 0.00    M    M 10.8 26 310   M    M   0        36 300
18  58  30  44 -10  21   0 0.00    M    M  2.4 10 130   M    M   0        16 150
19  55  37  46  -8  19   0    T    M    M  8.8 17 190   M    M   6        27 210
20  62  28  45  -8  20   0 0.00    M    M 18.0 44 310   M    M   0        58 310
21  51  24  38 -15  27   0 0.00    M    M  5.3 13 180   M    M   0        22 200
================================================================================
SM 1431  992       227  79  0.86    M    182.4          M       73
================================================================================
AV 68.1 47.2                               8.7 FASTST   M    M   3    MAX(MPH)
                                 MISC ---->  # 44 310               # 58  310
================================================================================
NOTES:
# LAST OF SEVERAL OCCURRENCES

COLUMN 17 PEAK WIND IN M.P.H.

PRELIMINARY LOCAL CLIMATOLOGICAL DATA (WS FORM: F-6) , PAGE 2

                                          STATION:  MATTOON IL AIRPORT
                                          MONTH:    OCTOBER
                                          YEAR:     2018
                                          LATITUDE:   39 28 N
                                          LONGITUDE:  88 17 W

[TEMPERATURE DATA]      [PRECIPITATION DATA]       SYMBOLS USED IN COLUMN 16

AVERAGE MONTHLY: 57.7   TOTAL FOR MONTH:   0.86    1 = FOG OR MIST
DPTR FM NORMAL:   1.2   DPTR FM NORMAL:   -1.05    2 = FOG REDUCING VISIBILITY
HIGHEST:    87 ON  6    GRTST 24HR  0.43 ON  6- 6      TO 1/4 MILE OR LESS
LOWEST:     24 ON 21                               3 = THUNDER
                        SNOW, ICE PELLETS, HAIL    4 = ICE PELLETS
                        TOTAL MONTH:    M          5 = HAIL
                        GRTST 24HR    M  ON   M    6 = FREEZING RAIN OR DRIZZLE
                        GRTST DEPTH:  M  ON   M    7 = DUSTSTORM OR SANDSTORM:
                                                       VSBY 1/2 MILE OR LESS
                                                   8 = SMOKE OR HAZE
[NO. OF DAYS WITH]      [WEATHER - DAYS WITH]      9 = BLOWING SNOW
                                                   X = TORNADO
MAX 32 OR BELOW:   0    0.01 INCH OR MORE:   6
MAX 90 OR ABOVE:   0    0.10 INCH OR MORE:   3
MIN 32 OR BELOW:   3    0.50 INCH OR MORE:   0
MIN  0 OR BELOW:   0    1.00 INCH OR MORE:   0

[HDD (BASE 65) ]
TOTAL THIS MO.   227    CLEAR  (SCALE 0-3)  11
DPTR FM NORMAL    32    PTCLDY (SCALE 4-7)   9
TOTAL FM JUL 1   261    CLOUDY (SCALE 8-10)  1
DPTR FM NORMAL    -5

[CDD (BASE 65) ]
TOTAL THIS MO.    79
DPTR FM NORMAL    64    [PRESSURE DATA]
TOTAL FM JAN 1  1485    HIGHEST SLP M ON M
DPTR FM NORMAL   432    LOWEST  SLP 29.69 ON 10

[REMARKS]
