000
CXUS53 KGRB 200804
CF6MTW
PRELIMINARY LOCAL CLIMATOLOGICAL DATA (WS FORM: F-6)

                                          STATION:   MANITOWOC AWOS
                                          MONTH:     NOVEMBER
                                          YEAR:      2018
                                          LATITUDE:   44  7 N
                                          LONGITUDE:  87 40 W

  TEMPERATURE IN F:       :PCPN:    SNOW:  WIND      :SUNSHINE: SKY     :PK WND
================================================================================
1   2   3   4   5  6A  6B    7    8   9   10  11  12  13   14  15   16   17  18
                                     12Z  AVG MX 2MIN
DY MAX MIN AVG DEP HDD CDD  WTR  SNW DPTH SPD SPD DIR MIN PSBL S-S WX    SPD DR
================================================================================

 1  47  34  41   M  24   0 0.00  0.0    0  5.2 10  20   M    M   0         M  M
 2  45  35  40   M  25   0 0.00  0.0    0  6.8 12  40   M    M   8        16  40
 3  45  32  39   M  26   0 0.00  0.0    0  4.7  9 120   M    M   5         M  M
 4   M   M   M   M   M   M 0.37    M    0 19.5 24 150   M    M  10        43 130
 5  49  42  46   M  19   0 0.11    M    0 10.5 15 170   M    M  10        23 240
 6  47  36  42   M  23   0 0.26    M    0 11.8 23 260   M    M  10 1      31 260
 7  38  33  36   M  29   0    T    M    0 15.3 23 260   M    M  10        33 270
 8  35  31  33   M  32   0 0.00  0.0    0  5.2 10 280   M    M  10         M  M
 9  34  20  27   M  38   0 0.01    M    0 11.8 21 300   M    M   6 1      30 270
10   M   M   M   M   M   M    T    M    0 11.2 25 290   M    M   5 1      36 290
11  35  24  30   M  35   0    T    M    0  5.4 10 210   M    M  10 1       M  M
12  32  23  28   M  37   0    T    M    0  9.8 16 310   M    M  10        23 310
13  24  15  20   M  45   0 0.00  0.0    0 11.1 16 310   M    M   3        21 300
14  28  14  21   M  44   0    T    M    0  6.2 10 330   M    M   0         M  M
15  39  21  30   M  35   0    T    M    0  6.0 14 160   M    M   5         M  M
16  39  31  35   M  30   0    T    M    0 11.4 21 280   M    M  10        24 280
17  32  22  27   M  38   0 0.00  0.0    0  6.4 14 340   M    M   8        16 350
18  31  16  24   M  41   0 0.00  0.0    0  6.0 14 230   M    M   0        18 270
19  29  24  27   M  38   0    T    M    0  7.0 14 340   M    M   7        18 340
================================================================================
SM  629  453       559   0  0.75     0.0 171.3          M      127
================================================================================
AV 37.0 26.7                               9.0 FASTST   M    M   7    MAX(MPH)
                                 MISC ---->  # 25 290               # 43  130
================================================================================
NOTES:
# LAST OF SEVERAL OCCURRENCES

COLUMN 17 PEAK WIND IN M.P.H.

PRELIMINARY LOCAL CLIMATOLOGICAL DATA (WS FORM: F-6) , PAGE 2

                                          STATION:  MANITOWOC AWOS
                                          MONTH:    NOVEMBER
                                          YEAR:     2018
                                          LATITUDE:   44  7 N
                                          LONGITUDE:  87 40 W

[TEMPERATURE DATA]      [PRECIPITATION DATA]       SYMBOLS USED IN COLUMN 16

AVERAGE MONTHLY: 31.8   TOTAL FOR MONTH:   0.75    1 = FOG OR MIST
DPTR FM NORMAL:     M   DPTR FM NORMAL:       M    2 = FOG REDUCING VISIBILITY
HIGHEST:    49 ON  5    GRTST 24HR  0.37 ON  4- 4      TO 1/4 MILE OR LESS
LOWEST:     14 ON 14                               3 = THUNDER
                        SNOW, ICE PELLETS, HAIL    4 = ICE PELLETS
                        TOTAL MONTH:   0.0 INCH    5 = HAIL
                        GRTST 24HR     0.0         6 = FREEZING RAIN OR DRIZZLE
                        GRTST DEPTH:   0           7 = DUSTSTORM OR SANDSTORM:
                                                       VSBY 1/2 MILE OR LESS
                                                   8 = SMOKE OR HAZE
[NO. OF DAYS WITH]      [WEATHER - DAYS WITH]      9 = BLOWING SNOW
                                                   X = TORNADO
MAX 32 OR BELOW:   6    0.01 INCH OR MORE:   4
MAX 90 OR ABOVE:   0    0.10 INCH OR MORE:   3
MIN 32 OR BELOW:  12    0.50 INCH OR MORE:   0
MIN  0 OR BELOW:   0    1.00 INCH OR MORE:   0

[HDD (BASE 65) ]
TOTAL THIS MO.   559    CLEAR  (SCALE 0-3)   3
DPTR FM NORMAL     M    PTCLDY (SCALE 4-7)   8
TOTAL FM JUL 1  1266    CLOUDY (SCALE 8-10)  8
DPTR FM NORMAL     M

[CDD (BASE 65) ]
TOTAL THIS MO.     0
DPTR FM NORMAL     M    [PRESSURE DATA]
TOTAL FM JAN 1   393    HIGHEST SLP M ON M
DPTR FM NORMAL   393    LOWEST  SLP M ON M

[REMARKS]
