000
CXUS55 KBOI 171002
CF6MUO
PRELIMINARY LOCAL CLIMATOLOGICAL DATA (WS FORM: F-6)

                                          STATION:   MOUNTAIN HOME AFB
                                          MONTH:     DECEMBER
                                          YEAR:      2017
                                          LATITUDE:   43  2 N
                                          LONGITUDE: 115 52 W

  TEMPERATURE IN F:       :PCPN:    SNOW:  WIND      :SUNSHINE: SKY     :PK WND
================================================================================
1   2   3   4   5  6A  6B    7    8   9   10  11  12  13   14  15   16   17  18
                                     12Z  AVG MX 2MIN
DY MAX MIN AVG DEP HDD CDD  WTR  SNW DPTH SPD SPD DIR MIN PSBL S-S WX    SPD DR
================================================================================

 1  45  23  34   2  31   0 0.00    M    M  8.3 15 130   M    M   6 12      M  M
 2  47  28  38   6  27   0 0.00    M    M 11.2 17 120   M    M   4         M  M
 3  42  33  38   6  27   0 0.12    M    M 14.5 28 300   M    M   8 1      36 310
 4  40  26  33   1  32   0 0.00    M    M 14.4 23 300   M    M   3        32 300
 5  40  20  30  -1  35   0 0.00    M    M  4.9  9 270   M    M   0         M  M
 6  34  17  26  -5  39   0 0.00    M    M  4.4  9 120   M    M   3         M  M
 7  32  14  23  -8  42   0 0.00    M    M  1.7  6 100   M    M   4 1       M  M
 8  33  14  24  -7  41   0 0.00    M    M  3.5 10  90   M    M   5         M  M
 9  29  22  26  -4  39   0 0.00    M    M  5.2 13 100   M    M  10         M  M
10  26  22  24  -6  41   0 0.00    M    M  3.7  7 120   M    M  10         M  M
11  25  21  23  -7  42   0 0.00    M    M  3.6  6 130   M    M  10 1       M  M
12  23  21  22  -8  43   0    T    M    M  1.4  6 290   M    M  10 1       M  M
13  25  20  23  -7  42   0    T    M    M  2.5 10 310   M    M  10 126     M  M
14  28  24  26  -3  39   0 0.00    M    M  4.8  9  90   M    M  10 1       M  M
15  28  22  25  -4  40   0 0.01    M    M  7.3 13 100   M    M  10 1       M  M
16  36  21  29   0  36   0    T    M    M 18.4 32 300   M    M   3 1      43 310
================================================================================
SM  533  348       596   0  0.13    M    109.8          M      106
================================================================================
AV 33.3 21.8                               6.9 FASTST   M    M   7    MAX(MPH)
                                 MISC ---->  # 32 300               # 43  310
================================================================================
NOTES:
# LAST OF SEVERAL OCCURRENCES

COLUMN 17 PEAK WIND IN M.P.H.

PRELIMINARY LOCAL CLIMATOLOGICAL DATA (WS FORM: F-6) , PAGE 2

                                          STATION:  MOUNTAIN HOME AFB
                                          MONTH:    DECEMBER
                                          YEAR:     2017
                                          LATITUDE:   43  2 N
                                          LONGITUDE: 115 52 W

[TEMPERATURE DATA]      [PRECIPITATION DATA]       SYMBOLS USED IN COLUMN 16

AVERAGE MONTHLY: 27.5   TOTAL FOR MONTH:   0.13    1 = FOG OR MIST
DPTR FM NORMAL:  -3.0   DPTR FM NORMAL:   -0.75    2 = FOG REDUCING VISIBILITY
HIGHEST:    47 ON  2    GRTST 24HR  0.12 ON  3- 3      TO 1/4 MILE OR LESS
LOWEST:     14 ON  8, 7                            3 = THUNDER
                        SNOW, ICE PELLETS, HAIL    4 = ICE PELLETS
                        TOTAL MONTH:    M          5 = HAIL
                        GRTST 24HR    M  ON   M    6 = FREEZING RAIN OR DRIZZLE
                        GRTST DEPTH:  M  ON   M    7 = DUSTSTORM OR SANDSTORM:
                                                       VSBY 1/2 MILE OR LESS
                                                   8 = SMOKE OR HAZE
[NO. OF DAYS WITH]      [WEATHER - DAYS WITH]      9 = BLOWING SNOW
                                                   X = TORNADO
MAX 32 OR BELOW:   8    0.01 INCH OR MORE:   2
MAX 90 OR ABOVE:   0    0.10 INCH OR MORE:   1
MIN 32 OR BELOW:  15    0.50 INCH OR MORE:   0
MIN  0 OR BELOW:   0    1.00 INCH OR MORE:   0

[HDD (BASE 65) ]
TOTAL THIS MO.   596    CLEAR  (SCALE 0-3)   4
DPTR FM NORMAL    47    PTCLDY (SCALE 4-7)   5
TOTAL FM JUL 1  1907    CLOUDY (SCALE 8-10)  7
DPTR FM NORMAL    23

[CDD (BASE 65) ]
TOTAL THIS MO.     0
DPTR FM NORMAL     0    [PRESSURE DATA]
TOTAL FM JAN 1  1243    HIGHEST SLP M ON M
DPTR FM NORMAL   330    LOWEST  SLP M ON M

[REMARKS]
