000
CXUS55 KBOI 221002
CF6MUO
PRELIMINARY LOCAL CLIMATOLOGICAL DATA (WS FORM: F-6)

                                          STATION:   MOUNTAIN HOME AFB
                                          MONTH:     OCTOBER
                                          YEAR:      2018
                                          LATITUDE:   43  2 N
                                          LONGITUDE: 115 52 W

  TEMPERATURE IN F:       :PCPN:    SNOW:  WIND      :SUNSHINE: SKY     :PK WND
================================================================================
1   2   3   4   5  6A  6B    7    8   9   10  11  12  13   14  15   16   17  18
                                     12Z  AVG MX 2MIN
DY MAX MIN AVG DEP HDD CDD  WTR  SNW DPTH SPD SPD DIR MIN PSBL S-S WX    SPD DR
================================================================================

 1  77  40  59   2   6   0 0.00    M    M  7.9 10 120   M    M   1         M  M
 2  79  54  67  10   0   2    T    M    M  8.0 17 110   M    M   8 8       M  M
 3  73  56  65   8   0   0    T    M    M  9.6 17 330   M    M   8         M  M
 4  61  39  50  -6  15   0 0.06    M    M  4.4  9 260   M    M   8 1       M  M
 5  64  33  49  -7  16   0    T    M    M  1.9  7 310   M    M   1 18      M  M
 6  60  44  52  -3  13   0 0.02    M    M  2.5  6 250   M    M   5 18     30 310
 7  62  40  51  -4  14   0 0.00    M    M 18.6 23 310   M    M   3        31 330
 8  59  33  46  -9  19   0 0.00    M    M  6.3 14 320   M    M   3         M  M
 9  50  39  45  -9  20   0 0.45    M    M  5.0 15 320   M    M  10 1       M  M
10  51  38  45  -9  20   0 0.00    M    M  9.7 15 310   M    M   9         M  M
11  58  33  46  -7  19   0    T    M    M  8.3 14 330   M    M   2        23 330
12  64  28  46  -7  19   0 0.00    M    M  3.3  9 110   M    M   0 18      M  M
13  60  32  46  -7  19   0    T    M    M 12.8 28 310   M    M   0 18     38 310
14  52  28  40 -12  25   0    T    M    M  4.8  9 130   M    M   2 8       M  M
15  58  25  42 -10  23   0 0.00    M    M  3.9 10 320   M    M   0         M  M
16  61  29  45  -6  20   0 0.00    M    M  6.8 15 110   M    M   0         M  M
17  65  31  48  -3  17   0 0.00    M    M  3.8  6 280   M    M   0 8       M  M
18  69  35  52   1  13   0 0.00    M    M  4.3 12 310   M    M   0 18      M  M
19  69  33  51   1  14   0 0.00    M    M  5.1 13 100   M    M   0 8       M  M
20  70  35  53   3  12   0 0.00    M    M  6.4 13 100   M    M   0         M  M
21  69  36  53   4  12   0 0.00    M    M  4.9 10 100   M    M   0         M  M
================================================================================
SM 1331  761       316   2  0.53    M    138.3          M       60
================================================================================
AV 63.4 36.2                               6.6 FASTST   M    M   3    MAX(MPH)
                                 MISC ---->  # 28 310               # 38  310
================================================================================
NOTES:
# LAST OF SEVERAL OCCURRENCES

COLUMN 17 PEAK WIND IN M.P.H.

PRELIMINARY LOCAL CLIMATOLOGICAL DATA (WS FORM: F-6) , PAGE 2

                                          STATION:  MOUNTAIN HOME AFB
                                          MONTH:    OCTOBER
                                          YEAR:     2018
                                          LATITUDE:   43  2 N
                                          LONGITUDE: 115 52 W

[TEMPERATURE DATA]      [PRECIPITATION DATA]       SYMBOLS USED IN COLUMN 16

AVERAGE MONTHLY: 49.8   TOTAL FOR MONTH:   0.53    1 = FOG OR MIST
DPTR FM NORMAL:  -3.5   DPTR FM NORMAL:    0.06    2 = FOG REDUCING VISIBILITY
HIGHEST:    79 ON  2    GRTST 24HR  0.45 ON  9- 9      TO 1/4 MILE OR LESS
LOWEST:     25 ON 15                               3 = THUNDER
                        SNOW, ICE PELLETS, HAIL    4 = ICE PELLETS
                        TOTAL MONTH:    M          5 = HAIL
                        GRTST 24HR    M  ON   M    6 = FREEZING RAIN OR DRIZZLE
                        GRTST DEPTH:  M  ON   M    7 = DUSTSTORM OR SANDSTORM:
                                                       VSBY 1/2 MILE OR LESS
                                                   8 = SMOKE OR HAZE
[NO. OF DAYS WITH]      [WEATHER - DAYS WITH]      9 = BLOWING SNOW
                                                   X = TORNADO
MAX 32 OR BELOW:   0    0.01 INCH OR MORE:   3
MAX 90 OR ABOVE:   0    0.10 INCH OR MORE:   1
MIN 32 OR BELOW:   6    0.50 INCH OR MORE:   0
MIN  0 OR BELOW:   0    1.00 INCH OR MORE:   0

[HDD (BASE 65) ]
TOTAL THIS MO.   316    CLEAR  (SCALE 0-3)  15
DPTR FM NORMAL    74    PTCLDY (SCALE 4-7)   3
TOTAL FM JUL 1   359    CLOUDY (SCALE 8-10)  3
DPTR FM NORMAL   -16

[CDD (BASE 65) ]
TOTAL THIS MO.     2
DPTR FM NORMAL     0    [PRESSURE DATA]
TOTAL FM JAN 1   952    HIGHEST SLP M ON M
DPTR FM NORMAL    39    LOWEST  SLP M ON M

[REMARKS]
