000
CXUS55 KBOI 171002
CF6MUO
PRELIMINARY LOCAL CLIMATOLOGICAL DATA (WS FORM: F-6)

                                          STATION:   MOUNTAIN HOME AFB
                                          MONTH:     JUNE
                                          YEAR:      2019
                                          LATITUDE:   43  2 N
                                          LONGITUDE: 115 52 W

  TEMPERATURE IN F:       :PCPN:    SNOW:  WIND      :SUNSHINE: SKY     :PK WND
================================================================================
1   2   3   4   5  6A  6B    7    8   9   10  11  12  13   14  15   16   17  18
                                     12Z  AVG MX 2MIN
DY MAX MIN AVG DEP HDD CDD  WTR  SNW DPTH SPD SPD DIR MIN PSBL S-S WX    SPD DR
================================================================================

 1  80  53  67   4   0   2 0.00    M    M  3.9  7  50   M    M   3         M  M
 2  84  51  68   5   0   3    T    M    M  5.7 16 190   M    M   0        30 160
 3  85  53  69   5   0   4    T    M    M  8.0 20 290   M    M   3 3      23 270
 4  86  54  70   6   0   5 0.00    M    M 10.0 16 360   M    M   0        27 360
 5  88  50  69   5   0   4    T    M    M  7.2 12  90   M    M   1         M  M
 6  83  52  68   4   0   3    T    M    M 15.7 44 320   M    M   3 7      55 320
 7  58  39  49 -16  16   0 0.03    M    M 14.3 28 320   M    M   8        37 310
 8  65  37  51 -14  14   0 0.00    M    M 10.6 18 310   M    M   1        27 300
 9  74  35  55 -10  10   0 0.00    M    M  6.5 16 110   M    M   0        17 110
10  83  42  63  -3   2   0 0.00    M    M  7.9 18 350   M    M   3        22 350
11  88  47  68   2   0   3 0.00    M    M  8.0 17 320   M    M   0        23 300
12   M   M   M   M   M   M 0.01    M    M  6.1 21 310   M    M   3 3      27 310
13  90  57  74   8   0   9    T    M    M  8.0 18 340   M    M   6        25 340
14  88  60  74   7   0   9 0.00    M    M 12.1 22 320   M    M   1        30 320
15  86  54  70   3   0   5 0.00    M    M  9.9 18 330   M    M   0        25 280
16  89  55  72   5   0   7 0.00    M    M  9.6 21 330   M    M   0        25 330
================================================================================
SM 1227  739        42  54  0.04    M    143.5          M       32
================================================================================
AV 81.8 49.3                               9.0 FASTST   M    M   2    MAX(MPH)
                                 MISC ---->  # 44 320               # 55  320
================================================================================
NOTES:
# LAST OF SEVERAL OCCURRENCES

COLUMN 17 PEAK WIND IN M.P.H.

PRELIMINARY LOCAL CLIMATOLOGICAL DATA (WS FORM: F-6) , PAGE 2

                                          STATION:  MOUNTAIN HOME AFB
                                          MONTH:    JUNE
                                          YEAR:     2019
                                          LATITUDE:   43  2 N
                                          LONGITUDE: 115 52 W

[TEMPERATURE DATA]      [PRECIPITATION DATA]       SYMBOLS USED IN COLUMN 16

AVERAGE MONTHLY: 65.5   TOTAL FOR MONTH:   0.04    1 = FOG OR MIST
DPTR FM NORMAL:   0.4   DPTR FM NORMAL:   -0.36    2 = FOG REDUCING VISIBILITY
HIGHEST:    90 ON 13    GRTST 24HR  0.03 ON  7- 7      TO 1/4 MILE OR LESS
LOWEST:     35 ON  9                               3 = THUNDER
                        SNOW, ICE PELLETS, HAIL    4 = ICE PELLETS
                        TOTAL MONTH:    M          5 = HAIL
                        GRTST 24HR    M  ON   M    6 = FREEZING RAIN OR DRIZZLE
                        GRTST DEPTH:  M  ON   M    7 = DUSTSTORM OR SANDSTORM:
                                                       VSBY 1/2 MILE OR LESS
                                                   8 = SMOKE OR HAZE
[NO. OF DAYS WITH]      [WEATHER - DAYS WITH]      9 = BLOWING SNOW
                                                   X = TORNADO
MAX 32 OR BELOW:   0    0.01 INCH OR MORE:   2
MAX 90 OR ABOVE:   1    0.10 INCH OR MORE:   0
MIN 32 OR BELOW:   0    0.50 INCH OR MORE:   0
MIN  0 OR BELOW:   0    1.00 INCH OR MORE:   0

[HDD (BASE 65) ]
TOTAL THIS MO.    42    CLEAR  (SCALE 0-3)  12
DPTR FM NORMAL   -12    PTCLDY (SCALE 4-7)   4
TOTAL FM JUL 1  5253    CLOUDY (SCALE 8-10)  0
DPTR FM NORMAL  -564

[CDD (BASE 65) ]
TOTAL THIS MO.    54
DPTR FM NORMAL     2    [PRESSURE DATA]
TOTAL FM JAN 1    67    HIGHEST SLP M ON M
DPTR FM NORMAL   -21    LOWEST  SLP M ON M

[REMARKS]
