000
CXUS55 KBOI 191002
CF6MUO
PRELIMINARY LOCAL CLIMATOLOGICAL DATA (WS FORM: F-6)

                                          STATION:   MOUNTAIN HOME AFB
                                          MONTH:     JULY
                                          YEAR:      2018
                                          LATITUDE:   43  2 N
                                          LONGITUDE: 115 52 W

  TEMPERATURE IN F:       :PCPN:    SNOW:  WIND      :SUNSHINE: SKY     :PK WND
================================================================================
1   2   3   4   5  6A  6B    7    8   9   10  11  12  13   14  15   16   17  18
                                     12Z  AVG MX 2MIN
DY MAX MIN AVG DEP HDD CDD  WTR  SNW DPTH SPD SPD DIR MIN PSBL S-S WX    SPD DR
================================================================================

 1  87  52  70  -2   0   5 0.00    M    M 10.4 16 340   M    M   0         M  M
 2   M   M   M   M   M   M 0.00    M    M 14.0 23 330   M    M   0        30 320
 3  77  51  64  -9   1   0 0.00    M    M 15.9 27 310   M    M   0        35 320
 4  96  44  70  -3   0   5 0.00    M    M  9.4 15 150   M    M   1        18 150
 5  75  68  72  -1   0   7 0.00    M    M 12.1 25 110   M    M   1        31 110
 6  97  70  84  10   0  19 0.00    M    M 10.9 28 320   M    M   2        35 320
 7  98  62  80   6   0  15 0.00    M    M  5.2 10 330   M    M   2         M  M
 8 102  62  82   8   0  17 0.00    M    M  6.1 13 310   M    M   1         M  M
 9 104  61  83   8   0  18    T    M    M  3.5  9 280   M    M   1         M  M
10  92  67  80   5   0  15 0.00    M    M 15.6 25 320   M    M   0        35 330
11  93  60  77   2   0  12 0.00    M    M 13.3 21 320   M    M   0        30 310
12  94  63  79   4   0  14 0.00    M    M 13.3 18 310   M    M   0        30 320
13 100  57  79   3   0  14 0.00    M    M  6.6 16 350   M    M   0        22 340
14 101  62  82   6   0  17 0.00    M    M 10.2 23 340   M    M   1        31 330
15 100  65  83   7   0  18 0.00    M    M 12.3 30 310   M    M   4        38 310
16  98  69  84   8   0  19    T    M    M  8.1 20 330   M    M   3 3      27 330
17  99  59  79   2   0  14 0.00    M    M  5.6 17 340   M    M   0        23 340
18 100  64  82   5   0  17 0.00    M    M  9.4 21 330   M    M   0        28 330
================================================================================
SM 1613 1036         1 226    T     M    181.9          M       16
================================================================================
AV 94.9 60.9                              10.1 FASTST   M    M   1    MAX(MPH)
                                 MISC ---->  # 30 310               # 38  310
================================================================================
NOTES:
# LAST OF SEVERAL OCCURRENCES

COLUMN 17 PEAK WIND IN M.P.H.

PRELIMINARY LOCAL CLIMATOLOGICAL DATA (WS FORM: F-6) , PAGE 2

                                          STATION:  MOUNTAIN HOME AFB
                                          MONTH:    JULY
                                          YEAR:     2018
                                          LATITUDE:   43  2 N
                                          LONGITUDE: 115 52 W

[TEMPERATURE DATA]      [PRECIPITATION DATA]       SYMBOLS USED IN COLUMN 16

AVERAGE MONTHLY: 77.9   TOTAL FOR MONTH:      T    1 = FOG OR MIST
DPTR FM NORMAL:   3.3   DPTR FM NORMAL:   -0.13    2 = FOG REDUCING VISIBILITY
HIGHEST:   104 ON  9    GRTST 24HR    T  ON 16-16      TO 1/4 MILE OR LESS
LOWEST:     44 ON  4                               3 = THUNDER
                        SNOW, ICE PELLETS, HAIL    4 = ICE PELLETS
                        TOTAL MONTH:    M          5 = HAIL
                        GRTST 24HR    M  ON   M    6 = FREEZING RAIN OR DRIZZLE
                        GRTST DEPTH:  M  ON   M    7 = DUSTSTORM OR SANDSTORM:
                                                       VSBY 1/2 MILE OR LESS
                                                   8 = SMOKE OR HAZE
[NO. OF DAYS WITH]      [WEATHER - DAYS WITH]      9 = BLOWING SNOW
                                                   X = TORNADO
MAX 32 OR BELOW:   0    0.01 INCH OR MORE:   0
MAX 90 OR ABOVE:  14    0.10 INCH OR MORE:   0
MIN 32 OR BELOW:   0    0.50 INCH OR MORE:   0
MIN  0 OR BELOW:   0    1.00 INCH OR MORE:   0

[HDD (BASE 65) ]
TOTAL THIS MO.     1    CLEAR  (SCALE 0-3)  17
DPTR FM NORMAL    -5    PTCLDY (SCALE 4-7)   1
TOTAL FM JUL 1     1    CLOUDY (SCALE 8-10)  0
DPTR FM NORMAL    -5

[CDD (BASE 65) ]
TOTAL THIS MO.   226
DPTR FM NORMAL    49    [PRESSURE DATA]
TOTAL FM JAN 1   371    HIGHEST SLP M ON M
DPTR FM NORMAL    24    LOWEST  SLP M ON M

[REMARKS]
