000
CXUS51 KBTV 260700
CF6MVL
PRELIMINARY LOCAL CLIMATOLOGICAL DATA (WS FORM: F-6)

                                          STATION:   MORRISVILLE VT
                                          MONTH:     JUNE
                                          YEAR:      2019
                                          LATITUDE:   44 31 N
                                          LONGITUDE:  72 37 W

  TEMPERATURE IN F:       :PCPN:    SNOW:  WIND      :SUNSHINE: SKY     :PK WND
================================================================================
1   2   3   4   5  6A  6B    7    8   9   10  11  12  13   14  15   16   17  18
                                     12Z  AVG MX 2MIN
DY MAX MIN AVG DEP HDD CDD  WTR  SNW DPTH SPD SPD DIR MIN PSBL S-S WX    SPD DR
================================================================================

 1  70  38  54  -4  11   0 0.01    M    0  3.0 10  10   M    M   8 1      12 350
 2  69  47  58  -1   7   0 0.61    M    0  5.5 18 210   M    M   7 13     25 200
 3  59  41  50  -9  15   0 0.02    M    0  6.0 20 210   M    M   7 1      26 200
 4  64  40  52  -7  13   0 0.02    M    0  5.7 18 330   M    M   6        30 340
 5  66  48  57  -3   8   0 0.63    M    0  1.8  7 200   M    M  10 1      10 180
 6  73  45  59  -1   6   0 0.18    M    0  5.5 14 340   M    M   4 1      21 320
 7  78  41  60   0   5   0 0.00  0.0    0  3.2 16 320   M    M   3 12     24 290
 8  75  39  57  -3   8   0 0.00  0.0    0  4.0 15 340   M    M   0 1      19 330
 9  83  39  61   0   4   0 0.00  0.0    0  3.5 10 200   M    M   0 1      13 220
10  83  48  66   5   0   1 0.12    M    0  6.1 22 170   M    M   1 1      27 150
11  66  46  56  -5   9   0 0.39    M    M  5.3 18 320   M    M   7 1      29 310
12  75  41  58  -4   7   0 0.00  0.0    0  3.5 15  20   M    M   1 12     19  20
13  60  50  55  -7  10   0 0.02  0.0    0  5.6 25 150   M    M   6        30 140
14  67  49  58  -4   7   0 0.09    M    0  6.0 21 210   M    M   7        28 210
15  77  45  61  -1   4   0 0.04    M    0  6.4 22 200   M    M   6        33 200
16  73  48  61  -2   4   0    T    M    0  3.9 15  10   M    M   5        19  10
17  74  43  59  -4   6   0 0.00  0.0    0  3.7 16  10   M    M   2 12     20 360
18  76  49  63   0   2   0 0.00  0.0    0  2.2 10 210   M    M   6 1      14 200
19  82  53  68   4   0   3 0.01  0.0    0  2.2 12 210   M    M   5 1      16 230
20  68  60  64   0   1   0 1.50  0.0    0  3.5 10 350   M    M  10 12     14  10
21  73  52  63  -1   2   0 0.00  0.0    0  7.6 20 340   M    M   7        30 320
22  75  48  62  -2   3   0 0.00  0.0    0  5.5 22 360   M    M   4        34  10
23  80  47  64  -1   1   0 0.00  0.0    0  4.3 18 310   M    M   0        29 320
24  79  47  63  -2   2   0 0.00  0.0    0  3.8 14 360   M    M   0        19  10
25  69  48  59  -6   6   0 0.63    M    0  3.7 13 210   M    M   6 1      14 210
================================================================================
SM 1814 1152       141   4  4.27     0.0 111.5          M      118
================================================================================
AV 72.6 46.1                               4.5 FASTST   M    M   5    MAX(MPH)
                                 MISC ---->  # 25 150               # 34   10
================================================================================
NOTES:
# LAST OF SEVERAL OCCURRENCES

COLUMN 17 PEAK WIND IN M.P.H.

PRELIMINARY LOCAL CLIMATOLOGICAL DATA (WS FORM: F-6) , PAGE 2

                                          STATION:  MORRISVILLE VT
                                          MONTH:    JUNE
                                          YEAR:     2019
                                          LATITUDE:   44 31 N
                                          LONGITUDE:  72 37 W

[TEMPERATURE DATA]      [PRECIPITATION DATA]       SYMBOLS USED IN COLUMN 16

AVERAGE MONTHLY: 59.3   TOTAL FOR MONTH:   4.27    1 = FOG OR MIST
DPTR FM NORMAL:  -2.5   DPTR FM NORMAL:    1.00    2 = FOG REDUCING VISIBILITY
HIGHEST:    83 ON 10, 9 GRTST 24HR  1.50 ON 20-20      TO 1/4 MILE OR LESS
LOWEST:     38 ON  1                               3 = THUNDER
                        SNOW, ICE PELLETS, HAIL    4 = ICE PELLETS
                        TOTAL MONTH:   0.0 INCH    5 = HAIL
                        GRTST 24HR     0.0         6 = FREEZING RAIN OR DRIZZLE
                        GRTST DEPTH:   0           7 = DUSTSTORM OR SANDSTORM:
                                                       VSBY 1/2 MILE OR LESS
                                                   8 = SMOKE OR HAZE
[NO. OF DAYS WITH]      [WEATHER - DAYS WITH]      9 = BLOWING SNOW
                                                   X = TORNADO
MAX 32 OR BELOW:   0    0.01 INCH OR MORE:  14
MAX 90 OR ABOVE:   0    0.10 INCH OR MORE:   7
MIN 32 OR BELOW:   0    0.50 INCH OR MORE:   4
MIN  0 OR BELOW:   0    1.00 INCH OR MORE:   1

[HDD (BASE 65) ]
TOTAL THIS MO.   141    CLEAR  (SCALE 0-3)   8
DPTR FM NORMAL    26    PTCLDY (SCALE 4-7)  15
TOTAL FM JUL 1  8651    CLOUDY (SCALE 8-10)  2
DPTR FM NORMAL   405

[CDD (BASE 65) ]
TOTAL THIS MO.     4
DPTR FM NORMAL   -31    [PRESSURE DATA]
TOTAL FM JAN 1     5    HIGHEST SLP M ON M
DPTR FM NORMAL   -38    LOWEST  SLP 29.52 ON 20

[REMARKS]
