000
CXUS51 KBTV 180700
CF6MVL
PRELIMINARY LOCAL CLIMATOLOGICAL DATA (WS FORM: F-6)

                                          STATION:   MORRISVILLE VT
                                          MONTH:     FEBRUARY
                                          YEAR:      2019
                                          LATITUDE:   44 31 N
                                          LONGITUDE:  72 37 W

  TEMPERATURE IN F:       :PCPN:    SNOW:  WIND      :SUNSHINE: SKY     :PK WND
================================================================================
1   2   3   4   5  6A  6B    7    8   9   10  11  12  13   14  15   16   17  18
                                     12Z  AVG MX 2MIN
DY MAX MIN AVG DEP HDD CDD  WTR  SNW DPTH SPD SPD DIR MIN PSBL S-S WX    SPD DR
================================================================================

 1  15 -14   1 -15  64   0 0.00  0.0    0  5.7 15 250   M    M   0        22 250
 2  23 -16   4 -12  61   0    T    M    0  3.7 12 330   M    M   7 18     16 310
 3  31   9  20   4  45   0 0.05    M    0  1.8 10 350   M    M  10 16     14 340
 4  41  31  36  20  29   0 0.10    M    0  1.2  6 360   M    M  10 126     M  M
 5  51  19  35  19  30   0 0.17    M    0  7.0 26 360   M    M   8 1      31  10
 6  34   9  22   6  43   0 0.34    M    0  3.1 21  10   M    M   4 16     28  20
 7  36  33  35  18  30   0 0.06    M    0  5.3 14 220   M    M  10 1      21 220
 8  45  19  32  15  33   0 0.04    M    0  8.3 21 240   M    M   9 1      38 230
 9  21   6  14  -3  51   0    T    M    0  6.6 22 290   M    M   3 8      36 280
10  24   7  16  -1  49   0    T    M    0  5.1 16 330   M    M   0        24 330
11  19  -4   8 -10  57   0 0.00  0.0    0  4.7 15 340   M    M   2        19 320
12  18 -10   4 -14  61   0    T    M    M  2.2  8 210   M    M   5 1      11 150
13  31  17  24   6  41   0 0.17    M    M  3.2 10 210   M    M  10 1      17 200
14  31   5  18   0  47   0    T    M    M  3.6 14 230   M    M   4 18     21 210
15  37  10  24   6  41   0 0.40    M    0  6.7 28 190   M    M   9 1      38 170
16  31  16  24   5  41   0    T    M    0  5.8 16 330   M    M  10 1      24 340
17  24   0  12  -7  53   0    T    M    0  2.9 10  10   M    M   2        15 330
================================================================================
SM  512  137       776   0  1.33     0.0  76.9          M      103
================================================================================
AV 30.1  8.1                               4.5 FASTST   M    M   6    MAX(MPH)
                                 MISC ---->  # 28 190               # 38  230
================================================================================
NOTES:
# LAST OF SEVERAL OCCURRENCES

COLUMN 17 PEAK WIND IN M.P.H.

PRELIMINARY LOCAL CLIMATOLOGICAL DATA (WS FORM: F-6) , PAGE 2

                                          STATION:  MORRISVILLE VT
                                          MONTH:    FEBRUARY
                                          YEAR:     2019
                                          LATITUDE:   44 31 N
                                          LONGITUDE:  72 37 W

[TEMPERATURE DATA]      [PRECIPITATION DATA]       SYMBOLS USED IN COLUMN 16

AVERAGE MONTHLY: 19.1   TOTAL FOR MONTH:   1.33    1 = FOG OR MIST
DPTR FM NORMAL:   1.9   DPTR FM NORMAL:    0.28    2 = FOG REDUCING VISIBILITY
HIGHEST:    51 ON  5    GRTST 24HR  0.40 ON 15-15      TO 1/4 MILE OR LESS
LOWEST:    -16 ON  2                               3 = THUNDER
                        SNOW, ICE PELLETS, HAIL    4 = ICE PELLETS
                        TOTAL MONTH:   0.0 INCH    5 = HAIL
                        GRTST 24HR     0.0         6 = FREEZING RAIN OR DRIZZLE
                        GRTST DEPTH:   0           7 = DUSTSTORM OR SANDSTORM:
                                                       VSBY 1/2 MILE OR LESS
                                                   8 = SMOKE OR HAZE
[NO. OF DAYS WITH]      [WEATHER - DAYS WITH]      9 = BLOWING SNOW
                                                   X = TORNADO
MAX 32 OR BELOW:  11    0.01 INCH OR MORE:   8
MAX 90 OR ABOVE:   0    0.10 INCH OR MORE:   5
MIN 32 OR BELOW:  16    0.50 INCH OR MORE:   0
MIN  0 OR BELOW:   5    1.00 INCH OR MORE:   0

[HDD (BASE 65) ]
TOTAL THIS MO.   776    CLEAR  (SCALE 0-3)   5
DPTR FM NORMAL   -37    PTCLDY (SCALE 4-7)   5
TOTAL FM JUL 1  5598    CLOUDY (SCALE 8-10)  7
DPTR FM NORMAL   123

[CDD (BASE 65) ]
TOTAL THIS MO.     0
DPTR FM NORMAL     0    [PRESSURE DATA]
TOTAL FM JAN 1     0    HIGHEST SLP M ON M
DPTR FM NORMAL     0    LOWEST  SLP 29.54 ON 13

[REMARKS]
