000
CXUS51 KBTV 210700
CF6MVL
PRELIMINARY LOCAL CLIMATOLOGICAL DATA (WS FORM: F-6)

                                          STATION:   MORRISVILLE VT
                                          MONTH:     MAY
                                          YEAR:      2018
                                          LATITUDE:   44 31 N
                                          LONGITUDE:  72 37 W

  TEMPERATURE IN F:       :PCPN:    SNOW:  WIND      :SUNSHINE: SKY     :PK WND
================================================================================
1   2   3   4   5  6A  6B    7    8   9   10  11  12  13   14  15   16   17  18
                                     12Z  AVG MX 2MIN
DY MAX MIN AVG DEP HDD CDD  WTR  SNW DPTH SPD SPD DIR MIN PSBL S-S WX    SPD DR
================================================================================

 1  66  42  54   5  11   0 0.01    M    0  2.4  8  40   M    M   8 1      10 220
 2  85  39  62  13   3   0 0.01    M    0  8.0 22 200   M    M   2        30 190
 3  69  55  62  12   3   0 0.11  0.0    0  1.3 13 360   M    M   8 1      15 340
 4  73  54  64  14   1   0 1.15  0.0    0  3.0 14 210   M    M   9 13     38 220
 5  70  47  59   9   6   0 0.00  0.0    0  7.3 17 270   M    M   4        33 230
 6  69  44  57   6   8   0 0.00  0.0    0  4.3 13  20   M    M   4        16  20
 7  61  33  47  -4  18   0    T    M    0  5.8 21  20   M    M   2        23  20
 8  73  29  51  -1  14   0 0.00  0.0    0  2.9 10 200   M    M   0        21 210
 9  80  34  57   5   8   0 0.00  0.0    0  4.5 14 140   M    M   1        21 200
10  73  48  61   9   4   0    T    M    0 10.6 23 350   M    M   5        33 320
11  53  30  42 -11  23   0 0.00  0.0    0  9.4 23 350   M    M   3        36 340
12  64  27  46  -7  19   0 0.00  0.0    0  4.3 16  10   M    M   0        21  40
13  71  28  50  -3  15   0 0.00  0.0    0  4.6 16 170   M    M   0        22 160
14  77  38  58   4   7   0 0.00  0.0    0  4.7 17 220   M    M   0        24 210
15  61  40  51  -3  14   0 0.43    M    0  2.8 15 330   M    M   5 1      22 330
16  71  33  52  -2  13   0 0.00  0.0    0  4.9 17 160   M    M   1 12     22 180
17  69  42  56   2   9   0 0.00  0.0    0  6.0 17 340   M    M   1        23 360
18  68  32  50  -5  15   0 0.00  0.0    0  2.1 12  30   M    M   0        13  20
19  64  34  49  -6  16   0 0.15    M    0  5.5 18 170   M    M   4 1      28 170
20  64  42  53  -2  12   0 0.15    M    0  5.7 14 350   M    M   7 1      22 340
================================================================================
SM 1381  771       219   0  2.01     0.0 100.1          M       64
================================================================================
AV 69.1 38.6                               5.0 FASTST   M    M   3    MAX(MPH)
                                 MISC ---->  # 23 350               # 38  220
================================================================================
NOTES:
# LAST OF SEVERAL OCCURRENCES

COLUMN 17 PEAK WIND IN M.P.H.

PRELIMINARY LOCAL CLIMATOLOGICAL DATA (WS FORM: F-6) , PAGE 2

                                          STATION:  MORRISVILLE VT
                                          MONTH:    MAY
                                          YEAR:     2018
                                          LATITUDE:   44 31 N
                                          LONGITUDE:  72 37 W

[TEMPERATURE DATA]      [PRECIPITATION DATA]       SYMBOLS USED IN COLUMN 16

AVERAGE MONTHLY: 53.8   TOTAL FOR MONTH:   2.01    1 = FOG OR MIST
DPTR FM NORMAL:   1.5   DPTR FM NORMAL:    0.10    2 = FOG REDUCING VISIBILITY
HIGHEST:    85 ON  2    GRTST 24HR  1.15 ON  4- 4      TO 1/4 MILE OR LESS
LOWEST:     27 ON 12                               3 = THUNDER
                        SNOW, ICE PELLETS, HAIL    4 = ICE PELLETS
                        TOTAL MONTH:   0.0 INCH    5 = HAIL
                        GRTST 24HR     0.0         6 = FREEZING RAIN OR DRIZZLE
                        GRTST DEPTH:   0           7 = DUSTSTORM OR SANDSTORM:
                                                       VSBY 1/2 MILE OR LESS
                                                   8 = SMOKE OR HAZE
[NO. OF DAYS WITH]      [WEATHER - DAYS WITH]      9 = BLOWING SNOW
                                                   X = TORNADO
MAX 32 OR BELOW:   0    0.01 INCH OR MORE:   7
MAX 90 OR ABOVE:   0    0.10 INCH OR MORE:   5
MIN 32 OR BELOW:   5    0.50 INCH OR MORE:   1
MIN  0 OR BELOW:   0    1.00 INCH OR MORE:   1

[HDD (BASE 65) ]
TOTAL THIS MO.   219    CLEAR  (SCALE 0-3)  11
DPTR FM NORMAL   -39    PTCLDY (SCALE 4-7)   7
TOTAL FM JUL 1  7814    CLOUDY (SCALE 8-10)  2
DPTR FM NORMAL  -224

[CDD (BASE 65) ]
TOTAL THIS MO.     0
DPTR FM NORMAL     0    [PRESSURE DATA]
TOTAL FM JAN 1     0    HIGHEST SLP M ON M
DPTR FM NORMAL    -1    LOWEST  SLP 29.66 ON 10

[REMARKS]
