000
CXUS51 KBTV 170700
CF6MVL
PRELIMINARY LOCAL CLIMATOLOGICAL DATA (WS FORM: F-6)

                                          STATION:   MORRISVILLE VT
                                          MONTH:     AUGUST
                                          YEAR:      2018
                                          LATITUDE:   44 31 N
                                          LONGITUDE:  72 37 W

  TEMPERATURE IN F:       :PCPN:    SNOW:  WIND      :SUNSHINE: SKY     :PK WND
================================================================================
1   2   3   4   5  6A  6B    7    8   9   10  11  12  13   14  15   16   17  18
                                     12Z  AVG MX 2MIN
DY MAX MIN AVG DEP HDD CDD  WTR  SNW DPTH SPD SPD DIR MIN PSBL S-S WX    SPD DR
================================================================================

 1  80  59  70   3   0   5    T  0.0    0  4.5 18 160   M    M   3 1      25 170
 2  83  65  74   7   0   9 0.03  0.0    0  4.5 15 220   M    M   5 1      23 220
 3  81  64  73   6   0   8 0.02  0.0    0  1.2  8 150   M    M   2 1      10 140
 4  85  63  74   7   0   9 0.20  0.0    0  2.0 13 320   M    M   5 123    17 320
 5  89  63  76   9   0  11 0.00  0.0    0  2.9  9 200   M    M   4 12     11 210
 6  92  60  76   9   0  11    T  0.0    0  3.1 14 220   M    M   2 12     22 220
 7  85  66  76   9   0  11 0.23  0.0    0  2.9 10 200   M    M   3 12     13 210
 8  85  65  75   8   0  10 0.13  0.0    0  2.1  9 200   M    M   7 1      11 210
 9  83  68  76  10   0  11 0.07  0.0    0  4.0 13 310   M    M   7 1      20 320
10  76  50  63  -3   2   0 0.27  0.0    0  5.4 15 340   M    M   0 13     20 350
11  78  45  62  -4   3   0 0.00  0.0    0  3.2 10 150   M    M   4 12     14 160
12  76  63  70   4   0   5    T  0.0    0  2.6 12 150   M    M   9 1      15 150
13  84  60  72   6   0   7    T  0.0    0  2.3  7 200   M    M   5 1       M  M
14  84  62  73   7   0   8 0.10  0.0    0  2.3  9 170   M    M   5 1      12 190
15  83  61  72   6   0   7 0.99  0.0    0  3.3 14  10   M    M   7 123    18  10
16  78  52  65  -1   0   0 0.09  0.0    0  3.6 15 350   M    M   4 1      20 350
================================================================================
SM 1322  966         5 112  2.13     0.0  49.9          M       72
================================================================================
AV 82.6 60.4                               3.1 FASTST   M    M   5    MAX(MPH)
                                 MISC ---->  # 18 160               # 25  170
================================================================================
NOTES:
# LAST OF SEVERAL OCCURRENCES

COLUMN 17 PEAK WIND IN M.P.H.

PRELIMINARY LOCAL CLIMATOLOGICAL DATA (WS FORM: F-6) , PAGE 2

                                          STATION:  MORRISVILLE VT
                                          MONTH:    AUGUST
                                          YEAR:     2018
                                          LATITUDE:   44 31 N
                                          LONGITUDE:  72 37 W

[TEMPERATURE DATA]      [PRECIPITATION DATA]       SYMBOLS USED IN COLUMN 16

AVERAGE MONTHLY: 71.5   TOTAL FOR MONTH:   2.13    1 = FOG OR MIST
DPTR FM NORMAL:   5.0   DPTR FM NORMAL:   -0.08    2 = FOG REDUCING VISIBILITY
HIGHEST:    92 ON  6    GRTST 24HR  0.99 ON 15-15      TO 1/4 MILE OR LESS
LOWEST:     45 ON 11                               3 = THUNDER
                        SNOW, ICE PELLETS, HAIL    4 = ICE PELLETS
                        TOTAL MONTH:   0.0 INCH    5 = HAIL
                        GRTST 24HR     0.0         6 = FREEZING RAIN OR DRIZZLE
                        GRTST DEPTH:   0           7 = DUSTSTORM OR SANDSTORM:
                                                       VSBY 1/2 MILE OR LESS
                                                   8 = SMOKE OR HAZE
[NO. OF DAYS WITH]      [WEATHER - DAYS WITH]      9 = BLOWING SNOW
                                                   X = TORNADO
MAX 32 OR BELOW:   0    0.01 INCH OR MORE:  10
MAX 90 OR ABOVE:   1    0.10 INCH OR MORE:   6
MIN 32 OR BELOW:   0    0.50 INCH OR MORE:   1
MIN  0 OR BELOW:   0    1.00 INCH OR MORE:   0

[HDD (BASE 65) ]
TOTAL THIS MO.     5    CLEAR  (SCALE 0-3)   5
DPTR FM NORMAL   -22    PTCLDY (SCALE 4-7)  10
TOTAL FM JUL 1    31    CLOUDY (SCALE 8-10)  1
DPTR FM NORMAL   -26

[CDD (BASE 65) ]
TOTAL THIS MO.   112
DPTR FM NORMAL    64    [PRESSURE DATA]
TOTAL FM JAN 1   316    HIGHEST SLP M ON M
DPTR FM NORMAL   100    LOWEST  SLP 29.74 ON  9

[REMARKS]
