000
CXUS56 KOTX 170920
CF6MWH
PRELIMINARY LOCAL CLIMATOLOGICAL DATA (WS FORM: F-6)

                                          STATION:   MOSES LAKE WA AIRPORT
                                          MONTH:     OCTOBER
                                          YEAR:      2018
                                          LATITUDE:   47 12 N
                                          LONGITUDE: 119 19 W

  TEMPERATURE IN F:       :PCPN:    SNOW:  WIND      :SUNSHINE: SKY     :PK WND
================================================================================
1   2   3   4   5  6A  6B    7    8   9   10  11  12  13   14  15   16   17  18
                                     12Z  AVG MX 2MIN
DY MAX MIN AVG DEP HDD CDD  WTR  SNW DPTH SPD SPD DIR MIN PSBL S-S WX    SPD DR
================================================================================

 1  71  51  61   5   4   0 0.00    M    M  6.6 14 180   M    M   5        17 180
 2  74  42  58   3   7   0 0.00    M    M 14.1 36 280   M    M   3 8      46 280
 3  59  32  46  -9  19   0 0.00    M    M  5.0 13 350   M    M   0 8      15  60
 4  62  37  50  -4  15   0 0.00    M    M  3.5  9 160   M    M   1        13 180
 5  56  29  43 -11  22   0 0.12    M    M  3.5 10 220   M    M   4 1      12 210
 6  65  40  53   0  12   0 0.06    M    M  6.7 14  30   M    M   5 18     19  20
 7  56  34  45  -8  20   0    T    M    M  4.0  9  20   M    M   4 18     14 120
 8  57  47  52   0  13   0 0.01    M    M  4.1  9  10   M    M  10 8      10 360
 9  59  47  53   1  12   0 0.02    M    M 11.1 23  30   M    M  10 1      28  30
10  64  38  51  -1  14   0 0.00    M    M  6.0 13  10   M    M   3 8      16  10
11  62  30  46  -5  19   0 0.00    M    M  4.4 10 170   M    M   0 18     16 180
12  69  33  51   0  14   0 0.00    M    M  5.4 20 340   M    M   0 1      25 330
13  64  35  50   0  15   0 0.00    M    M 15.8 38 350   M    M   0        47 350
14  62  30  46  -4  19   0 0.00    M    M  5.2 10 360   M    M   0        11  10
15  61  27  44  -6  21   0 0.00    M    M  4.6  8 210   M    M   0        12 240
16  67  27  47  -2  18   0 0.00    M    M  5.1  9  20   M    M   0        12 330
================================================================================
SM 1008  579       244   0  0.21    M    105.1          M       45
================================================================================
AV 63.0 36.2                               6.6 FASTST   M    M   3    MAX(MPH)
                                 MISC ---->  # 38 350               # 47  350
================================================================================
NOTES:
# LAST OF SEVERAL OCCURRENCES

COLUMN 17 PEAK WIND IN M.P.H.

PRELIMINARY LOCAL CLIMATOLOGICAL DATA (WS FORM: F-6) , PAGE 2

                                          STATION:  MOSES LAKE WA AIRPORT
                                          MONTH:    OCTOBER
                                          YEAR:     2018
                                          LATITUDE:   47 12 N
                                          LONGITUDE: 119 19 W

[TEMPERATURE DATA]      [PRECIPITATION DATA]       SYMBOLS USED IN COLUMN 16

AVERAGE MONTHLY: 49.6   TOTAL FOR MONTH:   0.21    1 = FOG OR MIST
DPTR FM NORMAL:  -2.7   DPTR FM NORMAL:   -0.08    2 = FOG REDUCING VISIBILITY
HIGHEST:    74 ON  2    GRTST 24HR  0.12 ON  5- 5      TO 1/4 MILE OR LESS
LOWEST:     27 ON 16,15                            3 = THUNDER
                        SNOW, ICE PELLETS, HAIL    4 = ICE PELLETS
                        TOTAL MONTH:    M          5 = HAIL
                        GRTST 24HR    M  ON   M    6 = FREEZING RAIN OR DRIZZLE
                        GRTST DEPTH:  M  ON   M    7 = DUSTSTORM OR SANDSTORM:
                                                       VSBY 1/2 MILE OR LESS
                                                   8 = SMOKE OR HAZE
[NO. OF DAYS WITH]      [WEATHER - DAYS WITH]      9 = BLOWING SNOW
                                                   X = TORNADO
MAX 32 OR BELOW:   0    0.01 INCH OR MORE:   4
MAX 90 OR ABOVE:   0    0.10 INCH OR MORE:   1
MIN 32 OR BELOW:   6    0.50 INCH OR MORE:   0
MIN  0 OR BELOW:   0    1.00 INCH OR MORE:   0

[HDD (BASE 65) ]
TOTAL THIS MO.   244    CLEAR  (SCALE 0-3)   9
DPTR FM NORMAL    42    PTCLDY (SCALE 4-7)   5
TOTAL FM JUL 1   396    CLOUDY (SCALE 8-10)  2
DPTR FM NORMAL    44

[CDD (BASE 65) ]
TOTAL THIS MO.     0
DPTR FM NORMAL     0    [PRESSURE DATA]
TOTAL FM JAN 1   730    HIGHEST SLP M ON M
DPTR FM NORMAL   116    LOWEST  SLP 29.52 ON  2

[REMARKS]
