000
CXUS54 KFWD 210730
CF6MWL
PRELIMINARY LOCAL CLIMATOLOGICAL DATA (WS FORM: F-6)

                                          STATION:   MINERAL WELLS
                                          MONTH:     AUGUST
                                          YEAR:      2018
                                          LATITUDE:   32 46 N
                                          LONGITUDE:  98  4 W

  TEMPERATURE IN F:       :PCPN:    SNOW:  WIND      :SUNSHINE: SKY     :PK WND
================================================================================
1   2   3   4   5  6A  6B    7    8   9   10  11  12  13   14  15   16   17  18
                                     12Z  AVG MX 2MIN
DY MAX MIN AVG DEP HDD CDD  WTR  SNW DPTH SPD SPD DIR MIN PSBL S-S WX    SPD DR
================================================================================

 1  94  62  78  -6   0  13 0.00  0.0    0  3.9 12  30   M    M   0        18  20
 2  97  68  83  -1   0  18 0.00  0.0    0  6.9 14 100   M    M   1        18 130
 3 100  71  86   2   0  21 0.00  0.0    0  9.3 18  90   M    M   0        27 120
 4  99  68  84   0   0  19 0.00  0.0    0  9.0 20 150   M    M   0        26 150
 5 101  73  87   3   0  22 0.00  0.0    0 11.1 22 150   M    M   1        26 140
 6  99  72  86   2   0  21 0.00  0.0    0  8.5 17 150   M    M   1        23 150
 7 104  73  89   5   0  24 0.00  0.0    0  8.8 14 140   M    M   0        20 200
 8  97  76  87   3   0  22 0.02  0.0    0  9.2 25  80   M    M   2 3      31  50
 9  97  72  85   1   0  20 0.08  0.0    0  5.9 18 210   M    M   2 3      25 200
10  84  72  78  -6   0  13 0.60  0.0    0  4.8 14 220   M    M   4 13     17 160
11  87  70  79  -5   0  14 0.17  0.0    0  5.3 14 110   M    M   7 1      16 110
12  85  71  78  -6   0  13    T  0.0    0  7.0 16 150   M    M   5        22 160
13  82  72  77  -7   0  12 2.16  0.0    0  7.1 26 250   M    M   7 13     33 250
14  92  72  82  -2   0  17 0.10  0.0    0  8.5 20 170   M    M   4 13     26 190
15  98  74  86   3   0  21 0.00  0.0    0  8.4 15 150   M    M   0        20 210
16  98  72  85   2   0  20 0.00  0.0    0  8.7 14 120   M    M   0        19 140
17 100  74  87   4   0  22 0.00  0.0    0  5.7 14 160   M    M   1        19 150
18 101  74  88   5   0  23 0.28  0.0    0  8.0 20 260   M    M   2 13     26 270
19  95  75  85   2   0  20 0.00  0.0    0  5.0 21 170   M    M   2 13     26 190
20  94  71  83   0   0  18 0.32  0.0    0  6.4 14 330   M    M   1 13     36 260
================================================================================
SM 1904 1432         0 373  3.73     0.0 147.5          M       40
================================================================================
AV 95.2 71.6                               7.4 FASTST   M    M   2    MAX(MPH)
                                 MISC ---->  # 26 250               # 36  260
================================================================================
NOTES:
# LAST OF SEVERAL OCCURRENCES

COLUMN 17 PEAK WIND IN M.P.H.

PRELIMINARY LOCAL CLIMATOLOGICAL DATA (WS FORM: F-6) , PAGE 2

                                          STATION:  MINERAL WELLS
                                          MONTH:    AUGUST
                                          YEAR:     2018
                                          LATITUDE:   32 46 N
                                          LONGITUDE:  98  4 W

[TEMPERATURE DATA]      [PRECIPITATION DATA]       SYMBOLS USED IN COLUMN 16

AVERAGE MONTHLY: 83.4   TOTAL FOR MONTH:   3.73    1 = FOG OR MIST
DPTR FM NORMAL:  -0.3   DPTR FM NORMAL:    2.32    2 = FOG REDUCING VISIBILITY
HIGHEST:   104 ON  7    GRTST 24HR  2.16 ON 13-13      TO 1/4 MILE OR LESS
LOWEST:     62 ON  1                               3 = THUNDER
                        SNOW, ICE PELLETS, HAIL    4 = ICE PELLETS
                        TOTAL MONTH:   0.0 INCH    5 = HAIL
                        GRTST 24HR     0.0         6 = FREEZING RAIN OR DRIZZLE
                        GRTST DEPTH:   0           7 = DUSTSTORM OR SANDSTORM:
                                                       VSBY 1/2 MILE OR LESS
                                                   8 = SMOKE OR HAZE
[NO. OF DAYS WITH]      [WEATHER - DAYS WITH]      9 = BLOWING SNOW
                                                   X = TORNADO
MAX 32 OR BELOW:   0    0.01 INCH OR MORE:   8
MAX 90 OR ABOVE:  16    0.10 INCH OR MORE:   6
MIN 32 OR BELOW:   0    0.50 INCH OR MORE:   2
MIN  0 OR BELOW:   0    1.00 INCH OR MORE:   1

[HDD (BASE 65) ]
TOTAL THIS MO.     0    CLEAR  (SCALE 0-3)  15
DPTR FM NORMAL     0    PTCLDY (SCALE 4-7)   5
TOTAL FM JUL 1     0    CLOUDY (SCALE 8-10)  0
DPTR FM NORMAL     0

[CDD (BASE 65) ]
TOTAL THIS MO.   373
DPTR FM NORMAL    -1    [PRESSURE DATA]
TOTAL FM JAN 1  2185    HIGHEST SLP M ON M
DPTR FM NORMAL   466    LOWEST  SLP 29.76 ON 19

[REMARKS]
