681
CXUS56 KSGX 181445
CF6MYF
PRELIMINARY LOCAL CLIMATOLOGICAL DATA (WS FORM: F-6)

                                          STATION:   SAN DIEGO/MONTGOMERY FLD CA
                                          MONTH:     JULY
                                          YEAR:      2018
                                          LATITUDE:   32 49 N
                                          LONGITUDE: 117  9 W

  TEMPERATURE IN F:       :PCPN:    SNOW:  WIND      :SUNSHINE: SKY     :PK WND
================================================================================
1   2   3   4   5  6A  6B    7    8   9   10  11  12  13   14  15   16   17  18
                                     12Z  AVG MX 2MIN
DY MAX MIN AVG DEP HDD CDD  WTR  SNW DPTH SPD SPD DIR MIN PSBL S-S WX    SPD DR
================================================================================

 1  75  62  69   0   0   4 0.00  0.0    0  5.7 15 250   M    M   4        20 240
 2  78  63  71   1   0   6 0.00  0.0    0  6.0 14 270   M    M   4        18 300
 3  75  64  70   0   0   5 0.00  0.0    0  5.7 13 220   M    M   4        18 230
 4  79  64  72   2   0   7 0.00  0.0    0  5.9 14 250   M    M   3        20 260
 5  84  63  74   4   0   9 0.00  0.0    0  7.1 16 280   M    M   3 8      21 280
 6 105  67  86  16   0  21 0.00  0.0    0  6.1 16 320   M    M   0        20 320
 7  96  73  85  15   0  20 0.00  0.0    0  4.4 15 180   M    M   0        22 210
 8  92  72  82  12   0  17 0.00  0.0    0  4.6 12 210   M    M   0        16 230
 9  88  71  80   9   0  15    T  0.0    0  5.8 13 260   M    M   1        16 250
10  82  69  76   5   0  11 0.00  0.0    0  4.8 10 200   M    M   1        13 220
11  81  68  75   4   0  10 0.00  0.0    0  5.7 14 250   M    M   1        18 260
12  80  69  75   4   0  10 0.00  0.0    0  5.8 14 250   M    M   1        17 250
13  83  69  76   5   0  11 0.00  0.0    0  6.7 15 310   M    M   3        19 300
14  82  68  75   4   0  10 0.00  0.0    0  6.0 12 280   M    M   4        18 310
15  81  66  74   3   0   9 0.00  0.0    0  5.0 14 200   M    M   3        17 230
16  80  66  73   2   0   8 0.00  0.0    0  5.3 14 260   M    M   5 18     19 260
17  82  67  75   3   0  10 0.00  0.0    0  5.2 14 310   M    M   6        18 280
================================================================================
SM 1423 1141         0 183    T      0.0  95.8          M       43
================================================================================
AV 83.7 67.1                               5.6 FASTST   M    M   3    MAX(MPH)
                                 MISC ---->  # 16 280               # 22  210
================================================================================
NOTES:
# LAST OF SEVERAL OCCURRENCES

COLUMN 17 PEAK WIND IN M.P.H.

PRELIMINARY LOCAL CLIMATOLOGICAL DATA (WS FORM: F-6) , PAGE 2

                                          STATION:  SAN DIEGO/MONTGOMERY FLD CA
                                          MONTH:    JULY
                                          YEAR:     2018
                                          LATITUDE:   32 49 N
                                          LONGITUDE: 117  9 W

[TEMPERATURE DATA]      [PRECIPITATION DATA]       SYMBOLS USED IN COLUMN 16

AVERAGE MONTHLY: 75.4   TOTAL FOR MONTH:      T    1 = FOG OR MIST
DPTR FM NORMAL:   4.9   DPTR FM NORMAL:   -0.03    2 = FOG REDUCING VISIBILITY
HIGHEST:   105 ON  6    GRTST 24HR    T  ON  9- 9      TO 1/4 MILE OR LESS
LOWEST:     62 ON  1                               3 = THUNDER
                        SNOW, ICE PELLETS, HAIL    4 = ICE PELLETS
                        TOTAL MONTH:   0.0 INCH    5 = HAIL
                        GRTST 24HR     0.0         6 = FREEZING RAIN OR DRIZZLE
                        GRTST DEPTH:   0           7 = DUSTSTORM OR SANDSTORM:
                                                       VSBY 1/2 MILE OR LESS
                                                   8 = SMOKE OR HAZE
[NO. OF DAYS WITH]      [WEATHER - DAYS WITH]      9 = BLOWING SNOW
                                                   X = TORNADO
MAX 32 OR BELOW:   0    0.01 INCH OR MORE:   0
MAX 90 OR ABOVE:   3    0.10 INCH OR MORE:   0
MIN 32 OR BELOW:   0    0.50 INCH OR MORE:   0
MIN  0 OR BELOW:   0    1.00 INCH OR MORE:   0

[HDD (BASE 65) ]
TOTAL THIS MO.     0    CLEAR  (SCALE 0-3)   9
DPTR FM NORMAL     0    PTCLDY (SCALE 4-7)   8
TOTAL FM JUL 1     0    CLOUDY (SCALE 8-10)  0
DPTR FM NORMAL     0

[CDD (BASE 65) ]
TOTAL THIS MO.   183
DPTR FM NORMAL    88    [PRESSURE DATA]
TOTAL FM JAN 1   376    HIGHEST SLP M ON M
DPTR FM NORMAL   163    LOWEST  SLP 29.78 ON 11

[REMARKS]
