000
CXUS53 KBIS 220803
CF6N60
PRELIMINARY LOCAL CLIMATOLOGICAL DATA (WS FORM: F-6)

                                          STATION:   GARRISON (AMOS) ND
                                          MONTH:     OCTOBER
                                          YEAR:      2018
                                          LATITUDE:   47 39 N
                                          LONGITUDE: 101 23 W

  TEMPERATURE IN F:       :PCPN:    SNOW:  WIND      :SUNSHINE: SKY     :PK WND
================================================================================
1   2   3   4   5  6A  6B    7    8   9   10  11  12  13   14  15   16   17  18
                                     12Z  AVG MX 2MIN
DY MAX MIN AVG DEP HDD CDD  WTR  SNW DPTH SPD SPD DIR MIN PSBL S-S WX    SPD DR
================================================================================

 1  50  36  43   M  22   0 0.01    M    M 12.8 21 150   M    M   0        25 160
 2  64  40  52   M  13   0 0.00    M    M  7.3 16 180   M    M   0        20 180
 3  43  26  35   M  30   0 0.10    M    M 15.9 35 330   M    M   0        42 320
 4  41  19  30   M  35   0 0.16    M    M 11.0 22 110   M    M   0        27 120
 5  37  32  35   M  30   0 0.24    M    M  7.4 20 130   M    M   0        26 140
 6  44  32  38   M  27   0 0.00    M    M  6.1 16 110   M    M   0        19 140
 7  37  32  35   M  30   0 0.01    M    M  6.6 12 130   M    M   0        14  90
 8  42  34  38   M  27   0 0.00    M    M  4.9  9  30   M    M   0        14  30
 9  39  33  36   M  29   0 0.05    M    M  9.0 17  30   M    M   0        24  10
10  33  28  31   M  34   0 0.00    M    M 11.9 23 350   M    M   0        30 350
11  43  23  33   M  32   0 0.00    M    M  9.9 20 320   M    M   0        26 330
12  51  21  36   M  29   0 0.01    M    M  8.7 21 230   M    M   0        25 220
13  50  27  39   M  26   0 0.00    M    M 22.8 36 330   M    M   0        43 320
14  31  16  24   M  41   0 0.00    M    M 16.0 31 320   M    M   0        40 320
15  58  17  38   M  27   0 0.00    M    M 13.4 26 290   M    M   0        36 310
16  54  31  43   M  22   0 0.00    M    M 14.0 37 320   M    M   M        50 320
17  63  25  44   M  21   0 0.00    M    M  4.5 14 180   M    M   0        17 180
18  73  33  53   M  12   0 0.00    M    M  6.4 16 320   M    M   0        20 310
19  58  37  48   M  17   0 0.00    M    M 16.1 22 280   M    M   0        57 320
20  46  19  33   M  32   0 0.00    M    M  9.1 17 180   M    M   0        23 170
21  62  26  44   M  21   0 0.00    M    M 10.0 20 320   M    M   0        23 310
================================================================================
SM 1019  587       557   0  0.58    M    223.8          M        0
================================================================================
AV 48.5 28.0                              10.7 FASTST   M    M   0    MAX(MPH)
                                 MISC ---->  # 37 320               # 57  320
================================================================================
NOTES:
# LAST OF SEVERAL OCCURRENCES

COLUMN 17 PEAK WIND IN M.P.H.

PRELIMINARY LOCAL CLIMATOLOGICAL DATA (WS FORM: F-6) , PAGE 2

                                          STATION:  GARRISON (AMOS) ND
                                          MONTH:    OCTOBER
                                          YEAR:     2018
                                          LATITUDE:   47 39 N
                                          LONGITUDE: 101 23 W

[TEMPERATURE DATA]      [PRECIPITATION DATA]       SYMBOLS USED IN COLUMN 16

AVERAGE MONTHLY: 38.2   TOTAL FOR MONTH:   0.58    1 = FOG OR MIST
DPTR FM NORMAL:     M   DPTR FM NORMAL:       M    2 = FOG REDUCING VISIBILITY
HIGHEST:    73 ON 18    GRTST 24HR  0.24 ON  5- 5      TO 1/4 MILE OR LESS
LOWEST:     16 ON 14                               3 = THUNDER
                        SNOW, ICE PELLETS, HAIL    4 = ICE PELLETS
                        TOTAL MONTH:    M          5 = HAIL
                        GRTST 24HR    M  ON   M    6 = FREEZING RAIN OR DRIZZLE
                        GRTST DEPTH:  M  ON   M    7 = DUSTSTORM OR SANDSTORM:
                                                       VSBY 1/2 MILE OR LESS
                                                   8 = SMOKE OR HAZE
[NO. OF DAYS WITH]      [WEATHER - DAYS WITH]      9 = BLOWING SNOW
                                                   X = TORNADO
MAX 32 OR BELOW:   1    0.01 INCH OR MORE:   7
MAX 90 OR ABOVE:   0    0.10 INCH OR MORE:   3
MIN 32 OR BELOW:  15    0.50 INCH OR MORE:   0
MIN  0 OR BELOW:   0    1.00 INCH OR MORE:   0

[HDD (BASE 65) ]
TOTAL THIS MO.   557    CLEAR  (SCALE 0-3)  20
DPTR FM NORMAL     M    PTCLDY (SCALE 4-7)   0
TOTAL FM JUL 1   964    CLOUDY (SCALE 8-10)  0
DPTR FM NORMAL     M

[CDD (BASE 65) ]
TOTAL THIS MO.     0
DPTR FM NORMAL     M    [PRESSURE DATA]
TOTAL FM JAN 1   406    HIGHEST SLP  0.00 ON  4
DPTR FM NORMAL     M    LOWEST  SLP 29.53 ON  3

[REMARKS]
