000
CXUS53 KBIS 170803
CF6N60
PRELIMINARY LOCAL CLIMATOLOGICAL DATA (WS FORM: F-6)

                                          STATION:   GARRISON (AMOS) ND
                                          MONTH:     JUNE
                                          YEAR:      2019
                                          LATITUDE:   47 39 N
                                          LONGITUDE: 101 23 W

  TEMPERATURE IN F:       :PCPN:    SNOW:  WIND      :SUNSHINE: SKY     :PK WND
================================================================================
1   2   3   4   5  6A  6B    7    8   9   10  11  12  13   14  15   16   17  18
                                     12Z  AVG MX 2MIN
DY MAX MIN AVG DEP HDD CDD  WTR  SNW DPTH SPD SPD DIR MIN PSBL S-S WX    SPD DR
================================================================================

 1  73  38  56   M   9   0 0.00    M    M  6.2 18 340   M    M   0        24 340
 2  77  49  63   M   2   0 0.00    M    M 11.2 18 170   M    M   0        23 180
 3  89  50  70   M   0   5 0.01    M    M  8.8 30 300   M    M   0        49 310
 4  83  53  68   M   0   3 0.00    M    M 11.0 28 350   M    M   0        37 340
 5  85  46  66   M   0   1 0.00    M    M 10.2 23 260   M    M   0        30 250
 6  85  46  66   M   0   1 0.00    M    M  9.5 16 110   M    M   0        22 150
 7  84  63  74   M   0   9    M    M    M 14.5 24 170   M    M   0        33 170
 8  64  45  55   M  10   0 0.09    M    M 15.4 28 340   M    M   0        38 330
 9  68  45  57   M   8   0 0.01    M    M 12.9 30 270   M    M   0        41 290
10  74  40  57   M   8   0 0.00    M    M  6.9 18 310   M    M   0        28 300
11  71  44  58   M   7   0 0.01    M    M  6.4 21  30   M    M   0        31  20
12  74  44  59   M   6   0 0.00    M    M  6.9 16 340   M    M   0        21 320
13  83  54  69   M   0   4 0.08    M    M  9.2 35 250   M    M   0        48 260
14  81  58  70   M   0   5 0.18    M    M  4.6 22 310   M    M   0        32 320
15  71  51  61   M   4   0 0.36    M    M 11.0 31 330   M    M   0        42 330
16  65  45  55   M  10   0 0.00    M    M 12.5 23 330   M    M   0        33 340
================================================================================
SM 1227  771        64  28  0.74    M    157.2          M        0
================================================================================
AV 76.7 48.2                               9.8 FASTST   M    M   0    MAX(MPH)
                                 MISC ---->  # 35 250               # 49  310
================================================================================
NOTES:
# LAST OF SEVERAL OCCURRENCES

COLUMN 17 PEAK WIND IN M.P.H.

PRELIMINARY LOCAL CLIMATOLOGICAL DATA (WS FORM: F-6) , PAGE 2

                                          STATION:  GARRISON (AMOS) ND
                                          MONTH:    JUNE
                                          YEAR:     2019
                                          LATITUDE:   47 39 N
                                          LONGITUDE: 101 23 W

[TEMPERATURE DATA]      [PRECIPITATION DATA]       SYMBOLS USED IN COLUMN 16

AVERAGE MONTHLY: 62.4   TOTAL FOR MONTH:   0.74    1 = FOG OR MIST
DPTR FM NORMAL:     M   DPTR FM NORMAL:       M    2 = FOG REDUCING VISIBILITY
HIGHEST:    89 ON  3    GRTST 24HR  0.36 ON 15-15      TO 1/4 MILE OR LESS
LOWEST:     38 ON  1                               3 = THUNDER
                        SNOW, ICE PELLETS, HAIL    4 = ICE PELLETS
                        TOTAL MONTH:    M          5 = HAIL
                        GRTST 24HR    M  ON   M    6 = FREEZING RAIN OR DRIZZLE
                        GRTST DEPTH:  M  ON   M    7 = DUSTSTORM OR SANDSTORM:
                                                       VSBY 1/2 MILE OR LESS
                                                   8 = SMOKE OR HAZE
[NO. OF DAYS WITH]      [WEATHER - DAYS WITH]      9 = BLOWING SNOW
                                                   X = TORNADO
MAX 32 OR BELOW:   0    0.01 INCH OR MORE:   7
MAX 90 OR ABOVE:   0    0.10 INCH OR MORE:   2
MIN 32 OR BELOW:   0    0.50 INCH OR MORE:   0
MIN  0 OR BELOW:   0    1.00 INCH OR MORE:   0

[HDD (BASE 65) ]
TOTAL THIS MO.    64    CLEAR  (SCALE 0-3)  16
DPTR FM NORMAL     M    PTCLDY (SCALE 4-7)   0
TOTAL FM JUL 1  9887    CLOUDY (SCALE 8-10)  0
DPTR FM NORMAL     M

[CDD (BASE 65) ]
TOTAL THIS MO.    28
DPTR FM NORMAL     M    [PRESSURE DATA]
TOTAL FM JAN 1    36    HIGHEST SLP M ON M
DPTR FM NORMAL     M    LOWEST  SLP 29.53 ON  7

[REMARKS]
