384
CXUS56 KMTR 221000
CF6NUQ
PRELIMINARY LOCAL CLIMATOLOGICAL DATA (WS FORM: F-6)

                                          STATION:   MOFFETT FIELD
                                          MONTH:     JULY
                                          YEAR:      2018
                                          LATITUDE:   37 25 N
                                          LONGITUDE: 122  3 W

  TEMPERATURE IN F:       :PCPN:    SNOW:  WIND      :SUNSHINE: SKY     :PK WND
================================================================================
1   2   3   4   5  6A  6B    7    8   9   10  11  12  13   14  15   16   17  18
                                     12Z  AVG MX 2MIN
DY MAX MIN AVG DEP HDD CDD  WTR  SNW DPTH SPD SPD DIR MIN PSBL S-S WX    SPD DR
================================================================================

 1  74  60  67  -1   0   2 0.00  0.0    0  7.2 17 350   M    M   1        21 360
 2  71  58  65  -3   0   0 0.00  0.0    0  7.1 16 350   M    M   3        21 360
 3  77  56  67  -1   0   2 0.00  0.0    0  6.8 15 340   M    M   0        17 340
 4  79  56  68   0   0   3 0.00  0.0    0  8.4 20 360   M    M   0        23 350
 5  78  58  68   0   0   3 0.00  0.0    0  6.3 22 350   M    M   3 8      25 350
 6  89  64  77   9   0  12 0.00  0.0    0  6.4 18 350   M    M   0        21 350
 7  81  62  72   4   0   7 0.00  0.0    0  8.7 21 350   M    M   0        25 350
 8  78  58  68   0   0   3 0.00  0.0    0  8.5 20 360   M    M   0        24  10
 9  82  57  70   2   0   5 0.00  0.0    0  7.4 21 350   M    M   0        23 360
10  91  60  76   8   0  11 0.00  0.0    0  8.5 23 360   M    M   0        25  10
11  79  58  69   1   0   4 0.00  0.0    0  7.1 16 350   M    M   1        19 340
12  76  61  69   1   0   4 0.01  0.0    0  7.0 16 350   M    M   3        19 340
13  76  62  69   1   0   4 0.00  0.0    0  8.0 16 350   M    M   1        19 350
14  71  59  65  -3   0   0 0.00  0.0    0  9.2 17 350   M    M   5        20 350
15  70  58  64  -4   1   0 0.00  0.0    0  6.7 16 340   M    M   4        21 350
16  73  58  66  -2   0   1 0.00  0.0    0  7.7 15 340   M    M   3        20 340
17  77  58  68   0   0   3 0.00  0.0    0  6.9 15 350   M    M   3 8      18 350
18  75  59  67  -1   0   2 0.00  0.0    0  6.0 16 350   M    M   4        18 350
19  77  59  68   0   0   3 0.00  0.0    0  6.9 16 350   M    M   4        20 350
20  76  58  67  -1   0   2 0.00  0.0    0  8.1 18 350   M    M   1        22 350
21  75  60  68   0   0   3 0.00  0.0    0  9.3 22 350   M    M   3        26 350
================================================================================
SM 1625 1239         1  74  0.01     0.0 158.2          M       39
================================================================================
AV 77.4 59.0                               7.5 FASTST   M    M   2    MAX(MPH)
                                 MISC ---->  # 23 360               # 26  350
================================================================================
NOTES:
# LAST OF SEVERAL OCCURRENCES

COLUMN 17 PEAK WIND IN M.P.H.

PRELIMINARY LOCAL CLIMATOLOGICAL DATA (WS FORM: F-6) , PAGE 2

                                          STATION:  MOFFETT FIELD
                                          MONTH:    JULY
                                          YEAR:     2018
                                          LATITUDE:   37 25 N
                                          LONGITUDE: 122  3 W

[TEMPERATURE DATA]      [PRECIPITATION DATA]       SYMBOLS USED IN COLUMN 16

AVERAGE MONTHLY: 68.2   TOTAL FOR MONTH:   0.01    1 = FOG OR MIST
DPTR FM NORMAL:   0.2   DPTR FM NORMAL:   -0.01    2 = FOG REDUCING VISIBILITY
HIGHEST:    91 ON 10    GRTST 24HR  0.01 ON 12-12      TO 1/4 MILE OR LESS
LOWEST:     56 ON  4, 3                            3 = THUNDER
                        SNOW, ICE PELLETS, HAIL    4 = ICE PELLETS
                        TOTAL MONTH:   0.0 INCH    5 = HAIL
                        GRTST 24HR     0.0         6 = FREEZING RAIN OR DRIZZLE
                        GRTST DEPTH:   0           7 = DUSTSTORM OR SANDSTORM:
                                                       VSBY 1/2 MILE OR LESS
                                                   8 = SMOKE OR HAZE
[NO. OF DAYS WITH]      [WEATHER - DAYS WITH]      9 = BLOWING SNOW
                                                   X = TORNADO
MAX 32 OR BELOW:   0    0.01 INCH OR MORE:   1
MAX 90 OR ABOVE:   1    0.10 INCH OR MORE:   0
MIN 32 OR BELOW:   0    0.50 INCH OR MORE:   0
MIN  0 OR BELOW:   0    1.00 INCH OR MORE:   0

[HDD (BASE 65) ]
TOTAL THIS MO.     1    CLEAR  (SCALE 0-3)  15
DPTR FM NORMAL     1    PTCLDY (SCALE 4-7)   6
TOTAL FM JUL 1     1    CLOUDY (SCALE 8-10)  0
DPTR FM NORMAL     1

[CDD (BASE 65) ]
TOTAL THIS MO.    74
DPTR FM NORMAL     7    [PRESSURE DATA]
TOTAL FM JAN 1   158    HIGHEST SLP M ON M
DPTR FM NORMAL   -30    LOWEST  SLP 29.81 ON 11

[REMARKS]
