000
CXUS51 KOKX 220703
CF6NYC
PRELIMINARY LOCAL CLIMATOLOGICAL DATA (WS FORM: F-6)

                                          STATION:   CENTRAL PARK NY
                                          MONTH:     OCTOBER
                                          YEAR:      2018
                                          LATITUDE:   40 46 N
                                          LONGITUDE:  73 58 W

  TEMPERATURE IN F:       :PCPN:    SNOW:  WIND      :SUNSHINE: SKY     :PK WND
================================================================================
1   2   3   4   5  6A  6B    7    8   9   10  11  12  13   14  15   16   17  18
                                     12Z  AVG MX 2MIN
DY MAX MIN AVG DEP HDD CDD  WTR  SNW DPTH SPD SPD DIR MIN PSBL S-S WX    SPD DR
================================================================================

 1  76  63  70   8   0   5 0.00  0.0    0  1.9  9 240   M    M   6        16 230
 2  77  65  71   9   0   6 0.69  0.0    0  2.1 14 300   M    M   7 138    24 310
 3  74  63  69   8   0   4 0.00  0.0    0  2.4  9 290   M    M   2        15 300
 4  76  61  69   8   0   4 0.04  0.0    0  0.8  9 230   M    M   4 1      14 200
 5  71  60  66   6   0   1 0.00  0.0    0  3.6 13  20   M    M   5        18  50
 6  68  63  66   6   0   1 0.00  0.0    0  1.2  7 240   M    M  10 18     12 260
 7  79  67  73  13   0   8 0.00  0.0    0  2.4  8 270   M    M   7 1      14 250
 8  74  64  69  10   0   4 0.00  0.0    0  4.1 12  50   M    M  10 1      17  60
 9  77  66  72  13   0   7    T  0.0    0  0.7  9 230   M    M   8 1      15 220
10  80  71  76  17   0  11 0.00  0.0    0  2.6  8 260   M    M   5 18     14 230
11  77  69  73  15   0   8 0.84  0.0    0  1.4  9 280   M    M   9 13     15 260
12  68  51  60   2   5   0 0.43  0.0    0  5.7 16 290   M    M   3 1      30 300
13  55  46  51  -7  14   0 0.10  0.0    0   M   M   M   M    M   5 1       M  M
14  58  47  53  -4  12   0 0.00  0.0    0   M   M   M   M    M   2         M  M
15  68  52  60   3   5   0 0.05  0.0    0   M   M   M   M    M  10 1       M  M
16  60  47  54  -3  11   0 0.01  0.0    0   M   M   M   M    M   1         M  M
17  61  46  54  -2  11   0 0.00  0.0    0   M   M   M   M    M   2         M  M
18  50  42  46 -10  19   0 0.00  0.0    0   M   M   M   M    M   2         M  M
19  60  43  52  -4  13   0 0.00  0.0    0   M   M   M   M    M   0         M  M
20  62  51  57   1   8   0 0.06  0.0    0   M   M   M   M    M   6         M  M
21  51  39  45 -10  20   0    T  0.0    0   M   M   M   M    M   5         M  M
================================================================================
SM 1422 1176       118  59  2.22     0.0  28.9          M      109
================================================================================
AV 67.7 56.0                               2.4 FASTST   M    M   5    MAX(MPH)
                                 MISC ---->  # 16 290               # 30  300
================================================================================
NOTES:
# LAST OF SEVERAL OCCURRENCES

COLUMN 17 PEAK WIND IN M.P.H.

PRELIMINARY LOCAL CLIMATOLOGICAL DATA (WS FORM: F-6) , PAGE 2

                                          STATION:  CENTRAL PARK NY
                                          MONTH:    OCTOBER
                                          YEAR:     2018
                                          LATITUDE:   40 46 N
                                          LONGITUDE:  73 58 W

[TEMPERATURE DATA]      [PRECIPITATION DATA]       SYMBOLS USED IN COLUMN 16

AVERAGE MONTHLY: 61.9   TOTAL FOR MONTH:   2.22    1 = FOG OR MIST
DPTR FM NORMAL:   3.4   DPTR FM NORMAL:   -0.79    2 = FOG REDUCING VISIBILITY
HIGHEST:    80 ON 10    GRTST 24HR  0.84 ON 11-11      TO 1/4 MILE OR LESS
LOWEST:     39 ON 21                               3 = THUNDER
                        SNOW, ICE PELLETS, HAIL    4 = ICE PELLETS
                        TOTAL MONTH:   0.0 INCH    5 = HAIL
                        GRTST 24HR     0.0         6 = FREEZING RAIN OR DRIZZLE
                        GRTST DEPTH:   0           7 = DUSTSTORM OR SANDSTORM:
                                                       VSBY 1/2 MILE OR LESS
                                                   8 = SMOKE OR HAZE
[NO. OF DAYS WITH]      [WEATHER - DAYS WITH]      9 = BLOWING SNOW
                                                   X = TORNADO
MAX 32 OR BELOW:   0    0.01 INCH OR MORE:   8
MAX 90 OR ABOVE:   0    0.10 INCH OR MORE:   4
MIN 32 OR BELOW:   0    0.50 INCH OR MORE:   2
MIN  0 OR BELOW:   0    1.00 INCH OR MORE:   0

[HDD (BASE 65) ]
TOTAL THIS MO.   118    CLEAR  (SCALE 0-3)   7
DPTR FM NORMAL   -35    PTCLDY (SCALE 4-7)   9
TOTAL FM JUL 1   141    CLOUDY (SCALE 8-10)  5
DPTR FM NORMAL   -57

[CDD (BASE 65) ]
TOTAL THIS MO.    59
DPTR FM NORMAL    46    [PRESSURE DATA]
TOTAL FM JAN 1  1430    HIGHEST SLP 30.14 ON 18
DPTR FM NORMAL   330    LOWEST  SLP 29.47 ON 12

[REMARKS]
