000
CXUS56 KMTR 191000
CF6OAK
PRELIMINARY LOCAL CLIMATOLOGICAL DATA (WS FORM: F-6)

                                          STATION:   OAKLAND AIRPORT
                                          MONTH:     JULY
                                          YEAR:      2018
                                          LATITUDE:   37 43 N
                                          LONGITUDE: 122 13 W

  TEMPERATURE IN F:       :PCPN:    SNOW:  WIND      :SUNSHINE: SKY     :PK WND
================================================================================
1   2   3   4   5  6A  6B    7    8   9   10  11  12  13   14  15   16   17  18
                                     12Z  AVG MX 2MIN
DY MAX MIN AVG DEP HDD CDD  WTR  SNW DPTH SPD SPD DIR MIN PSBL S-S WX    SPD DR
================================================================================

 1  67  55  61  -2   4   0 0.00  0.0    0 11.1 23 290   M    M   7        26 300
 2  67  54  61  -2   4   0 0.00  0.0    0  9.5 20 300   M    M   9        23 290
 3  71  55  63   0   2   0 0.00  0.0    0 10.3 16 200   M    M   5 18     25 210
 4  70  56  63   0   2   0 0.00  0.0    0 13.4 21 240   M    M   4        26 230
 5  74  55  65   2   0   0 0.00  0.0    0  8.0 21 300   M    M   6 1      24 290
 6  80  60  70   7   0   5 0.00  0.0    0  7.3 20 290   M    M   6        22 290
 7  72  56  64   1   1   0 0.00  0.0    0  9.4 21 280   M    M   3        25 250
 8  72  55  64   1   1   0 0.00  0.0    0  9.0 18 280   M    M   3        21 270
 9  76  52  64   1   1   0 0.00  0.0    0  6.9 16 270   M    M   1        18 280
10  76  57  67   4   0   2 0.00  0.0    0  8.3 22 270   M    M   2        26 280
11  73  57  65   2   0   0 0.00  0.0    0 10.3 21 300   M    M   5        25 290
12  71  57  64   1   1   0 0.00  0.0    0  9.6 20 300   M    M   7 18     22 290
13  74  59  67   4   0   2 0.00  0.0    0 10.9 20 290   M    M   6        23 280
14  69  57  63   0   2   0 0.00  0.0    0 11.9 21 290   M    M   7        25 290
15  69  56  63   0   2   0    T  0.0    0 11.1 21 290   M    M   6        25 270
16  69  56  63   0   2   0 0.00  0.0    0 10.6 20 290   M    M   5        23 300
17  69  56  63   0   2   0 0.00  0.0    0  9.7 20 290   M    M   6 18     23 280
18  70  57  64   1   1   0 0.00  0.0    0 10.7 22 300   M    M   7 1      26 300
================================================================================
SM 1289 1010        25   9    T      0.0 178.0          M       95
================================================================================
AV 71.6 56.1                               9.9 FASTST   M    M   5    MAX(MPH)
                                 MISC ---->  # 23 290               # 26  300
================================================================================
NOTES:
# LAST OF SEVERAL OCCURRENCES

COLUMN 17 PEAK WIND IN M.P.H.

PRELIMINARY LOCAL CLIMATOLOGICAL DATA (WS FORM: F-6) , PAGE 2

                                          STATION:  OAKLAND AIRPORT
                                          MONTH:    JULY
                                          YEAR:     2018
                                          LATITUDE:   37 43 N
                                          LONGITUDE: 122 13 W

[TEMPERATURE DATA]      [PRECIPITATION DATA]       SYMBOLS USED IN COLUMN 16

AVERAGE MONTHLY: 63.9   TOTAL FOR MONTH:      T    1 = FOG OR MIST
DPTR FM NORMAL:   0.9   DPTR FM NORMAL:   -0.01    2 = FOG REDUCING VISIBILITY
HIGHEST:    80 ON  6    GRTST 24HR    T  ON 15-15      TO 1/4 MILE OR LESS
LOWEST:     52 ON  9                               3 = THUNDER
                        SNOW, ICE PELLETS, HAIL    4 = ICE PELLETS
                        TOTAL MONTH:   0.0 INCH    5 = HAIL
                        GRTST 24HR     0.0         6 = FREEZING RAIN OR DRIZZLE
                        GRTST DEPTH:   0           7 = DUSTSTORM OR SANDSTORM:
                                                       VSBY 1/2 MILE OR LESS
                                                   8 = SMOKE OR HAZE
[NO. OF DAYS WITH]      [WEATHER - DAYS WITH]      9 = BLOWING SNOW
                                                   X = TORNADO
MAX 32 OR BELOW:   0    0.01 INCH OR MORE:   0
MAX 90 OR ABOVE:   0    0.10 INCH OR MORE:   0
MIN 32 OR BELOW:   0    0.50 INCH OR MORE:   0
MIN  0 OR BELOW:   0    1.00 INCH OR MORE:   0

[HDD (BASE 65) ]
TOTAL THIS MO.    25    CLEAR  (SCALE 0-3)   4
DPTR FM NORMAL   -29    PTCLDY (SCALE 4-7)  13
TOTAL FM JUL 1    25    CLOUDY (SCALE 8-10)  1
DPTR FM NORMAL   -29

[CDD (BASE 65) ]
TOTAL THIS MO.     9
DPTR FM NORMAL    -9    [PRESSURE DATA]
TOTAL FM JAN 1    27    HIGHEST SLP M ON M
DPTR FM NORMAL   -25    LOWEST  SLP 29.80 ON 11

[REMARKS]
