240
CXUS53 KGID 170730
CF6ODX
PRELIMINARY LOCAL CLIMATOLOGICAL DATA (WS FORM: F-6)

                                          STATION:   ORD NE
                                          MONTH:     JULY
                                          YEAR:      2018
                                          LATITUDE:   41 37 N
                                          LONGITUDE:  98 57 W

  TEMPERATURE IN F:       :PCPN:    SNOW:  WIND      :SUNSHINE: SKY     :PK WND
================================================================================
1   2   3   4   5  6A  6B    7    8   9   10  11  12  13   14  15   16   17  18
                                     12Z  AVG MX 2MIN
DY MAX MIN AVG DEP HDD CDD  WTR  SNW DPTH SPD SPD DIR MIN PSBL S-S WX    SPD DR
================================================================================

 1  80  57  69  -4   0   4    T    M    M  7.1 14 330   M    M   1        20 310
 2  86  59  73   0   0   8 0.00    M    M 12.0 22 190   M    M   0        33 150
 3  90  74  82   9   0  17 0.00    M    M 10.9 20 150   M    M   0        27 140
 4  90  63  77   3   0  12 1.38    M    M  9.8 43 270   M    M   4 3      56 280
 5  82  65  74   0   0   9 0.33    M    M  6.7 25 120   M    M   4 3      35 130
 6  83  63  73  -1   0   8 0.00    M    M  6.6 13 120   M    M   4 12     18 150
 7  88  67  78   4   0  13 0.00    M    M 11.1 21 170   M    M   0        31 200
 8  89  67  78   4   0  13 0.00    M    M 10.5 21 180   M    M   0        30 170
 9  91  67  79   5   0  14 0.00    M    M  5.7 13 200   M    M   1        18 200
10  90  60  75   1   0  10 0.00    M    M  7.6 18 170   M    M   1 12     26 180
11  92  68  80   6   0  15 0.00    M    M 10.4 23 190   M    M   0        32 160
12  93  68  81   7   0  16    T    M    M  8.1 23 350   M    M   1 3      35 340
13  84  65  75   1   0  10 0.92    M    M  6.1 18 260   M    M   4 13     24 300
14  84  61  73  -2   0   8 0.00    M    M  3.5 10 200   M    M   3 12     14 190
15  84  63  74  -1   0   9 0.00    M    M  6.2 17 350   M    M   4 12     24 350
16  86  61  74  -1   0   9 0.00    M    M  3.8  8 120   M    M   4        12 150
================================================================================
SM 1392 1028         0 175  2.63    M    126.1          M       31
================================================================================
AV 87.0 64.3                               7.9 FASTST   M    M   2    MAX(MPH)
                                 MISC ---->  # 43 270               # 56  280
================================================================================
NOTES:
# LAST OF SEVERAL OCCURRENCES

COLUMN 17 PEAK WIND IN M.P.H.

PRELIMINARY LOCAL CLIMATOLOGICAL DATA (WS FORM: F-6) , PAGE 2

                                          STATION:  ORD NE
                                          MONTH:    JULY
                                          YEAR:     2018
                                          LATITUDE:   41 37 N
                                          LONGITUDE:  98 57 W

[TEMPERATURE DATA]      [PRECIPITATION DATA]       SYMBOLS USED IN COLUMN 16

AVERAGE MONTHLY: 75.6   TOTAL FOR MONTH:   2.63    1 = FOG OR MIST
DPTR FM NORMAL:   1.6   DPTR FM NORMAL:    1.27    2 = FOG REDUCING VISIBILITY
HIGHEST:    93 ON 12    GRTST 24HR  1.38 ON  4- 4      TO 1/4 MILE OR LESS
LOWEST:     57 ON  1                               3 = THUNDER
                        SNOW, ICE PELLETS, HAIL    4 = ICE PELLETS
                        TOTAL MONTH:    M          5 = HAIL
                        GRTST 24HR    M  ON   M    6 = FREEZING RAIN OR DRIZZLE
                        GRTST DEPTH:  M  ON   M    7 = DUSTSTORM OR SANDSTORM:
                                                       VSBY 1/2 MILE OR LESS
                                                   8 = SMOKE OR HAZE
[NO. OF DAYS WITH]      [WEATHER - DAYS WITH]      9 = BLOWING SNOW
                                                   X = TORNADO
MAX 32 OR BELOW:   0    0.01 INCH OR MORE:   3
MAX 90 OR ABOVE:   6    0.10 INCH OR MORE:   3
MIN 32 OR BELOW:   0    0.50 INCH OR MORE:   2
MIN  0 OR BELOW:   0    1.00 INCH OR MORE:   1

[HDD (BASE 65) ]
TOTAL THIS MO.     0    CLEAR  (SCALE 0-3)   9
DPTR FM NORMAL     0    PTCLDY (SCALE 4-7)   7
TOTAL FM JUL 1     0    CLOUDY (SCALE 8-10)  0
DPTR FM NORMAL     0

[CDD (BASE 65) ]
TOTAL THIS MO.   175
DPTR FM NORMAL    28    [PRESSURE DATA]
TOTAL FM JAN 1   502    HIGHEST SLP M ON M
DPTR FM NORMAL   152    LOWEST  SLP 29.82 ON  1

[REMARKS]
