000
CXUS55 KCAE 161400
CF6OGB
PRELIMINARY LOCAL CLIMATOLOGICAL DATA (WS FORM: F-6)

                                          STATION:   ORANGEBURG AIRPORT SC
                                          MONTH:     OCTOBER
                                          YEAR:      2018
                                          LATITUDE:   33 27 N
                                          LONGITUDE:  80 51 W

  TEMPERATURE IN F:       :PCPN:    SNOW:  WIND      :SUNSHINE: SKY     :PK WND
================================================================================
1   2   3   4   5  6A  6B    7    8   9   10  11  12  13   14  15   16   17  18
                                     12Z  AVG MX 2MIN
DY MAX MIN AVG DEP HDD CDD  WTR  SNW DPTH SPD SPD DIR MIN PSBL S-S WX    SPD DR
================================================================================

 1  85  65  75   5   0  10 0.00    M    M  4.5 12  50   M    M   0        16  40
 2  87  66  77   7   0  12 0.00    M    M  2.6  8  30   M    M   5        10  40
 3  89  67  78   8   0  13 0.00    M    M  1.5  8  20   M    M   1 1      10  30
 4  89  68  79  10   0  14 0.00    M    M  2.1 10 280   M    M   3 1      14 290
 5  91  68  80  11   0  15 0.00    M    M  1.9  8 310   M    M   1        12 310
 6  89  68  79  10   0  14 0.06    M    M  2.0 13  70   M    M   4 1      18 140
 7  89  68  79  11   0  14 0.00    M    M  3.4 12  50   M    M   2 12     14  50
 8  88  72  80  12   0  15 0.00    M    M  7.3 15  80   M    M   3        23  70
 9  84  70  77   9   0  12 0.13    M    M  7.1 15  90   M    M   4 1      22  70
10  86  74  80  13   0  15 0.58    M    M  6.0 14 100   M    M   8 13     24 120
11  86  69  78  11   0  13    M    M    M 14.8 37 170   M    M   6 13     53 170
12  77  56  67   1   0   2 0.00    M    M  3.1 12 260   M    M   0        14 280
13  78  54  66   0   0   1 0.00    M    M  3.9 12  20   M    M   0        15  10
14  82  57  70   4   0   5 0.00    M    M  3.7  7 150   M    M   1         M  M
15  86  63  75  10   0  10 0.00    M    M  3.5 13 190   M    M   1        18 210
================================================================================
SM 1286  985         0 165  0.77    M     67.4          M       39
================================================================================
AV 85.7 65.7                               4.5 FASTST   M    M   3    MAX(MPH)
                                 MISC ---->  # 37 170               # 53  170
================================================================================
NOTES:
# LAST OF SEVERAL OCCURRENCES

COLUMN 17 PEAK WIND IN M.P.H.

PRELIMINARY LOCAL CLIMATOLOGICAL DATA (WS FORM: F-6) , PAGE 2

                                          STATION:  ORANGEBURG AIRPORT SC
                                          MONTH:    OCTOBER
                                          YEAR:     2018
                                          LATITUDE:   33 27 N
                                          LONGITUDE:  80 51 W

[TEMPERATURE DATA]      [PRECIPITATION DATA]       SYMBOLS USED IN COLUMN 16

AVERAGE MONTHLY: 75.7   TOTAL FOR MONTH:   0.77    1 = FOG OR MIST
DPTR FM NORMAL:   7.8   DPTR FM NORMAL:   -1.21    2 = FOG REDUCING VISIBILITY
HIGHEST:    91 ON  5    GRTST 24HR  0.58 ON 10-10      TO 1/4 MILE OR LESS
LOWEST:     54 ON 13                               3 = THUNDER
                        SNOW, ICE PELLETS, HAIL    4 = ICE PELLETS
                        TOTAL MONTH:    M          5 = HAIL
                        GRTST 24HR    M  ON   M    6 = FREEZING RAIN OR DRIZZLE
                        GRTST DEPTH:  M  ON   M    7 = DUSTSTORM OR SANDSTORM:
                                                       VSBY 1/2 MILE OR LESS
                                                   8 = SMOKE OR HAZE
[NO. OF DAYS WITH]      [WEATHER - DAYS WITH]      9 = BLOWING SNOW
                                                   X = TORNADO
MAX 32 OR BELOW:   0    0.01 INCH OR MORE:   3
MAX 90 OR ABOVE:   1    0.10 INCH OR MORE:   2
MIN 32 OR BELOW:   0    0.50 INCH OR MORE:   1
MIN  0 OR BELOW:   0    1.00 INCH OR MORE:   0

[HDD (BASE 65) ]
TOTAL THIS MO.     0    CLEAR  (SCALE 0-3)   9
DPTR FM NORMAL   -21    PTCLDY (SCALE 4-7)   6
TOTAL FM JUL 1     0    CLOUDY (SCALE 8-10)  0
DPTR FM NORMAL   -25

[CDD (BASE 65) ]
TOTAL THIS MO.   165
DPTR FM NORMAL   101    [PRESSURE DATA]
TOTAL FM JAN 1  2490    HIGHEST SLP M ON M
DPTR FM NORMAL   432    LOWEST  SLP 29.19 ON 11

[REMARKS]
