000
CXUS55 KEAX 160736
CF6OJC
PRELIMINARY LOCAL CLIMATOLOGICAL DATA (WS FORM: F-6)

                                          STATION:   Johnson County Executive KS
                                          MONTH:     OCTOBER
                                          YEAR:      2018
                                          LATITUDE:   38 50 N
                                          LONGITUDE:  94 44 W

  TEMPERATURE IN F:       :PCPN:    SNOW:  WIND      :SUNSHINE: SKY     :PK WND
================================================================================
1   2   3   4   5  6A  6B    7    8   9   10  11  12  13   14  15   16   17  18
                                     12Z  AVG MX 2MIN
DY MAX MIN AVG DEP HDD CDD  WTR  SNW DPTH SPD SPD DIR MIN PSBL S-S WX    SPD DR
================================================================================

 1  78  64  71   9   0   6 0.00    M    M  8.3 18 200   M    M   6 1      25 200
 2  85  60  73  11   0   8 0.00    M    M  7.9 17 200   M    M   3 12     27 190
 3  88  66  77  15   0  12 0.04    M    M 15.0 29 200   M    M   1        45 200
 4  66  51  59  -2   6   0 0.17    M    M 10.6 20  10   M    M   8        26  10
 5  82  52  67   6   0   2 0.27    M    M  5.8 17 180   M    M   7 13     26 180
 6  73  52  63   2   2   0 1.53    M    M 10.4 21  20   M    M   9 13     28 330
 7  68  53  61   1   4   0 3.06    M    M  4.9 14  60   M    M  10 13     18  40
 8  80  64  72  12   0   7 2.27    M    M  6.3 21 180   M    M   7 13     27 170
 9  73  62  68   8   0   3 1.43    M    M  7.5 20 180   M    M   8 13     29 180
10  63  46  55  -4  10   0 0.03    M    M 10.5 20 270   M    M  10 1      29 260
11  54  37  46 -13  19   0 0.00    M    M  6.6 20 330   M    M   5 8      29 310
12  48  42  45 -13  20   0 0.47    M    M  3.5 10 130   M    M  10 1      13 140
13  55  44  50  -8  15   0 0.00    M    M  6.9 15 170   M    M   7        19 160
14  50  33  42 -16  23   0 0.48    M    M 10.5 25 340   M    M  10 13     36 350
15  45  31  38 -19  27   0    T    M    M  6.9 17 350   M    M   4 1      27 340
================================================================================
SM 1008  757       126  38  9.75    M    121.6          M      105
================================================================================
AV 67.2 50.5                               8.1 FASTST   M    M   7    MAX(MPH)
                                 MISC ---->  # 29 200               # 45  200
================================================================================
NOTES:
# LAST OF SEVERAL OCCURRENCES

COLUMN 17 PEAK WIND IN M.P.H.

PRELIMINARY LOCAL CLIMATOLOGICAL DATA (WS FORM: F-6) , PAGE 2

                                          STATION:  Johnson County Executive KS
                                          MONTH:    OCTOBER
                                          YEAR:     2018
                                          LATITUDE:   38 50 N
                                          LONGITUDE:  94 44 W

[TEMPERATURE DATA]      [PRECIPITATION DATA]       SYMBOLS USED IN COLUMN 16

AVERAGE MONTHLY: 58.8   TOTAL FOR MONTH:   9.75    1 = FOG OR MIST
DPTR FM NORMAL:  -1.0   DPTR FM NORMAL:    7.90    2 = FOG REDUCING VISIBILITY
HIGHEST:    88 ON  3    GRTST 24HR  3.06 ON  7- 7      TO 1/4 MILE OR LESS
LOWEST:     31 ON 15                               3 = THUNDER
                        SNOW, ICE PELLETS, HAIL    4 = ICE PELLETS
                        TOTAL MONTH:    M          5 = HAIL
                        GRTST 24HR    M  ON   M    6 = FREEZING RAIN OR DRIZZLE
                        GRTST DEPTH:  M  ON   M    7 = DUSTSTORM OR SANDSTORM:
                                                       VSBY 1/2 MILE OR LESS
                                                   8 = SMOKE OR HAZE
[NO. OF DAYS WITH]      [WEATHER - DAYS WITH]      9 = BLOWING SNOW
                                                   X = TORNADO
MAX 32 OR BELOW:   0    0.01 INCH OR MORE:  10
MAX 90 OR ABOVE:   0    0.10 INCH OR MORE:   8
MIN 32 OR BELOW:   1    0.50 INCH OR MORE:   4
MIN  0 OR BELOW:   0    1.00 INCH OR MORE:   4

[HDD (BASE 65) ]
TOTAL THIS MO.   126    CLEAR  (SCALE 0-3)   2
DPTR FM NORMAL    29    PTCLDY (SCALE 4-7)   8
TOTAL FM JUL 1   164    CLOUDY (SCALE 8-10)  5
DPTR FM NORMAL    18

[CDD (BASE 65) ]
TOTAL THIS MO.    38
DPTR FM NORMAL    16    [PRESSURE DATA]
TOTAL FM JAN 1  1698    HIGHEST SLP  0.00 ON M
DPTR FM NORMAL   355    LOWEST  SLP  0.00 ON M

[REMARKS]
