000
CXUS54 KOUN 200700
CF6OKC
PRELIMINARY LOCAL CLIMATOLOGICAL DATA (WS FORM: F-6)

                                          STATION:   OKLAHOMA CITY
                                          MONTH:     OCTOBER
                                          YEAR:      2018
                                          LATITUDE:   35 24 N
                                          LONGITUDE:  97 36 W

  TEMPERATURE IN F:       :PCPN:    SNOW:  WIND      :SUNSHINE: SKY     :PK WND
================================================================================
1   2   3   4   5  6A  6B    7    8   9   10  11  12  13   14  15   16   17  18
                                     12Z  AVG MX 2MIN
DY MAX MIN AVG DEP HDD CDD  WTR  SNW DPTH SPD SPD DIR MIN PSBL S-S WX    SPD DR
================================================================================

 1  84  67  76   8   0  11 0.00  0.0    0 10.4 17 180   M    M   8 1      24 160
 2  83  66  75   8   0  10 0.00  0.0    0 10.3 18 160   M    M   6 1      23 170
 3  86  70  78  11   0  13 0.00  0.0    0 17.2 28 200   M    M   3        35 190
 4  86  64  75   8   0  10 0.16  0.0    0  9.3 17 190   M    M   6 1      24 190
 5  87  63  75   9   0  10 0.00  0.0    0 12.6 24 180   M    M   5        33 180
 6  74  57  66   0   0   1 0.62  0.0    0 12.5 22 190   M    M   9 1      27 180
 7  78  57  68   2   0   3 0.93  0.0    0 10.4 18 150   M    M   9 13     25 160
 8  81  65  73   8   0   8 1.04  0.0    0 12.4 24 160   M    M   9 13     36 150
 9  69  57  63  -2   2   0 0.91  0.0    0 10.4 26 200   M    M  10 1      34 220
10  60  47  54 -10  11   0    T  0.0    0 10.6 21 320   M    M   5 1      25 320
11  63  45  54 -10  11   0 0.00  0.0    0  7.9 18  30   M    M   4        22  20
12  63  51  57  -7   8   0 0.32  0.0    0  8.1 18 190   M    M  10 13     24 180
13  53  49  51 -13  14   0 0.28  0.0    0  6.8 16 140   M    M  10 1      21  80
14  60  35  48 -15  17   0    T  0.0    0 13.7 32 350   M    M  10 1      41 350
15  50  35  43 -20  22   0 0.00  0.0    0 16.9 30 350   M    M   7        37 350
16  54  40  47 -15  18   0 0.00  0.0    0  5.8 14  10   M    M   9        20  10
17  67  40  54  -8  11   0 0.00  0.0    0  6.9 16  50   M    M   7 8      22  30
18  59  53  56  -6   9   0 0.24  0.0    0  4.8 12 110   M    M  10 1      16  90
19  59  49  54  -8  11   0 0.30  0.0    0  5.7 13 190   M    M   8 12     16 190
================================================================================
SM 1316 1010       134  66  4.80     0.0 192.7          M      145
================================================================================
AV 69.3 53.2                              10.1 FASTST   M    M   8    MAX(MPH)
                                 MISC ---->  # 32 350               # 41  350
================================================================================
NOTES:
# LAST OF SEVERAL OCCURRENCES

COLUMN 17 PEAK WIND IN M.P.H.

PRELIMINARY LOCAL CLIMATOLOGICAL DATA (WS FORM: F-6) , PAGE 2

                                          STATION:  OKLAHOMA CITY
                                          MONTH:    OCTOBER
                                          YEAR:     2018
                                          LATITUDE:   35 24 N
                                          LONGITUDE:  97 36 W

[TEMPERATURE DATA]      [PRECIPITATION DATA]       SYMBOLS USED IN COLUMN 16

AVERAGE MONTHLY: 61.2   TOTAL FOR MONTH:   4.80    1 = FOG OR MIST
DPTR FM NORMAL:  -3.4   DPTR FM NORMAL:    2.47    2 = FOG REDUCING VISIBILITY
HIGHEST:    87 ON  5    GRTST 24HR  1.04 ON  8- 8      TO 1/4 MILE OR LESS
LOWEST:     35 ON 15,14                            3 = THUNDER
                        SNOW, ICE PELLETS, HAIL    4 = ICE PELLETS
                        TOTAL MONTH:   0.0 INCH    5 = HAIL
                        GRTST 24HR     0.0         6 = FREEZING RAIN OR DRIZZLE
                        GRTST DEPTH:   0           7 = DUSTSTORM OR SANDSTORM:
                                                       VSBY 1/2 MILE OR LESS
                                                   8 = SMOKE OR HAZE
[NO. OF DAYS WITH]      [WEATHER - DAYS WITH]      9 = BLOWING SNOW
                                                   X = TORNADO
MAX 32 OR BELOW:   0    0.01 INCH OR MORE:   9
MAX 90 OR ABOVE:   0    0.10 INCH OR MORE:   9
MIN 32 OR BELOW:   0    0.50 INCH OR MORE:   4
MIN  0 OR BELOW:   0    1.00 INCH OR MORE:   1

[HDD (BASE 65) ]
TOTAL THIS MO.   134    CLEAR  (SCALE 0-3)   0
DPTR FM NORMAL    70    PTCLDY (SCALE 4-7)   8
TOTAL FM JUL 1   147    CLOUDY (SCALE 8-10) 11
DPTR FM NORMAL    64

[CDD (BASE 65) ]
TOTAL THIS MO.    66
DPTR FM NORMAL    11    [PRESSURE DATA]
TOTAL FM JAN 1  2082    HIGHEST SLP M ON M
DPTR FM NORMAL     2    LOWEST  SLP 29.61 ON  9

[REMARKS]
