000
CXUS55 KGGW 210800
CF6OLF
PRELIMINARY LOCAL CLIMATOLOGICAL DATA (WS FORM: F-6)

                                          STATION:   WOLF POINT MT
                                          MONTH:     FEBRUARY
                                          YEAR:      2019
                                          LATITUDE:   48  5 N
                                          LONGITUDE: 105 35 W

  TEMPERATURE IN F:       :PCPN:    SNOW:  WIND      :SUNSHINE: SKY     :PK WND
================================================================================
1   2   3   4   5  6A  6B    7    8   9   10  11  12  13   14  15   16   17  18
                                     12Z  AVG MX 2MIN
DY MAX MIN AVG DEP HDD CDD  WTR  SNW DPTH SPD SPD DIR MIN PSBL S-S WX    SPD DR
================================================================================

 1  38  14  26  12  39   0 0.00  0.0    0  4.6 18  80   M    M   0        23  70
 2  32   7  20   6  45   0 0.00  0.0    0 11.6 24  10   M    M   5 1      29  10
 3   7  -8   0 -14  65   0 0.07    M    0 11.5 21  10   M    M  10 18     24  10
 4  -5 -12  -8 -22  73   0    T    M    0  5.8 10  80   M    M   6 18     13  10
 5  -3  -5  -4 -19  69   0    T    M    0  7.8 12  20   M    M  10 8      14  30
 6  -2 -23 -12 -27  77   0    T    M    0  6.7 15  10   M    M   8 18     16  10
 7 -14 -40 -27 -42  92   0    T    M    0  3.3  8 260   M    M   3 18     10 240
 8  -7 -40 -23 -38  88   0    T    M    0 11.8 21  70   M    M   8 18     25  70
 9  -3 -14  -8 -24  73   0    T    M    0 13.3 20  70   M    M   9 8      22  60
10  -1 -16  -8 -24  73   0    T    M    0 11.5 17  80   M    M   6 8      20  80
11   5 -11  -3 -19  68   0    T    M    0  7.6 18  80   M    M   7 18     23  70
12   0 -22 -11 -28  76   0 0.00  0.0    0  6.3 17  70   M    M   5        19  80
13   5 -11  -3 -20  68   0 0.02    M    0  5.3 13  10   M    M   7 18     15  30
14  -1 -25 -13 -30  78   0 0.00  0.0    0  4.7 10  70   M    M   1        11  70
15  12 -25  -6 -24  71   0    T    M    0 13.7 25  80   M    M   7 18     29  80
16   9  -2   4 -14  61   0 0.03    M    0  9.2 14  60   M    M   8 1      16  80
17   8   0   4 -14  61   0 0.01    M    0  8.1 17 360   M    M  10 18     19 350
18   2  -3   0 -19  65   0    T    M    0  7.2 15 260   M    M  10 18     17 260
19   7 -22  -7 -26  72   0 0.00  0.0    0  1.7  7  30   M    M   1 18      9  20
20   4 -23  -9 -29  74   0 0.00  0.0    0  6.8 17 240   M    M   2 18     20 250
================================================================================
SM   93 -281      1388   0  0.13     0.0 158.5          M      123
================================================================================
AV  4.7-14.0                               7.9 FASTST   M    M   6    MAX(MPH)
                                 MISC ---->  # 25  80               # 29   10
================================================================================
NOTES:
# LAST OF SEVERAL OCCURRENCES

COLUMN 17 PEAK WIND IN M.P.H.

PRELIMINARY LOCAL CLIMATOLOGICAL DATA (WS FORM: F-6) , PAGE 2

                                          STATION:  WOLF POINT MT
                                          MONTH:    FEBRUARY
                                          YEAR:     2019
                                          LATITUDE:   48  5 N
                                          LONGITUDE: 105 35 W

[TEMPERATURE DATA]      [PRECIPITATION DATA]       SYMBOLS USED IN COLUMN 16

AVERAGE MONTHLY: -4.7   TOTAL FOR MONTH:   0.13    1 = FOG OR MIST
DPTR FM NORMAL: -21.0   DPTR FM NORMAL:    0.01    2 = FOG REDUCING VISIBILITY
HIGHEST:    38 ON  1    GRTST 24HR  0.07 ON  3- 3      TO 1/4 MILE OR LESS
LOWEST:    -40 ON  8, 7                            3 = THUNDER
                        SNOW, ICE PELLETS, HAIL    4 = ICE PELLETS
                        TOTAL MONTH:   0.0 INCH    5 = HAIL
                        GRTST 24HR     0.0         6 = FREEZING RAIN OR DRIZZLE
                        GRTST DEPTH:   0           7 = DUSTSTORM OR SANDSTORM:
                                                       VSBY 1/2 MILE OR LESS
                                                   8 = SMOKE OR HAZE
[NO. OF DAYS WITH]      [WEATHER - DAYS WITH]      9 = BLOWING SNOW
                                                   X = TORNADO
MAX 32 OR BELOW:  19    0.01 INCH OR MORE:   4
MAX 90 OR ABOVE:   0    0.10 INCH OR MORE:   0
MIN 32 OR BELOW:  20    0.50 INCH OR MORE:   0
MIN  0 OR BELOW:  18    1.00 INCH OR MORE:   0

[HDD (BASE 65) ]
TOTAL THIS MO.  1388    CLEAR  (SCALE 0-3)   5
DPTR FM NORMAL   415    PTCLDY (SCALE 4-7)   9
TOTAL FM JUL 1  6247    CLOUDY (SCALE 8-10)  6
DPTR FM NORMAL   -26

[CDD (BASE 65) ]
TOTAL THIS MO.     0
DPTR FM NORMAL     0    [PRESSURE DATA]
TOTAL FM JAN 1     0    HIGHEST SLP M ON M
DPTR FM NORMAL     0    LOWEST  SLP 29.48 ON  2

[REMARKS]
