000
CXUS55 KTWC 180855
CF6OLS
PRELIMINARY LOCAL CLIMATOLOGICAL DATA (WS FORM: F-6)

                                          STATION:   NOGALES AZ AIRPORT
                                          MONTH:     JULY
                                          YEAR:      2018
                                          LATITUDE:   31 25 N
                                          LONGITUDE: 110 51 W

  TEMPERATURE IN F:       :PCPN:    SNOW:  WIND      :SUNSHINE: SKY     :PK WND
================================================================================
1   2   3   4   5  6A  6B    7    8   9   10  11  12  13   14  15   16   17  18
                                     12Z  AVG MX 2MIN
DY MAX MIN AVG DEP HDD CDD  WTR  SNW DPTH SPD SPD DIR MIN PSBL S-S WX    SPD DR
================================================================================

 1  97  59  78  -3   0  13 0.00  0.0    M  5.4 17 290   M    M   M        27 280
 2 101  61  81   0   0  16 0.00  0.0    M  5.5 22 250   M    M   M        27 250
 3  97  64  81   0   0  16 0.00  0.0    M  6.2 16 250   M    M   M        22 230
 4 100  70  85   4   0  20 0.00  0.0    M  5.1 15 310   M    M   M        28  10
 5 105  66  86   5   0  21    T  0.0    M  8.3 23  90   M    M   M 3      33  80
 6 100  81  91  10   0  26 0.00  0.0    M 13.6 25 130   M    M   M        35 110
 7 102  72  87   6   0  22 0.01  0.0    M  6.4 20  70   M    M   M 3      26  50
 8  99  70  85   4   0  20    T  0.0    M  6.4 22 200   M    M   M 3      28 150
 9  87  67  77  -4   0  12 0.68  0.0    M  3.9 23 210   M    M   M 13     31 240
10  89  68  79  -2   0  14 0.45  0.0    M  3.3 36 180   M    M   M 13     48 170
11  86  68  77  -4   0  12 0.11  0.0    M  2.3 30 160   M    M   M 13     41 160
12  91  67  79  -2   0  14 0.31  0.0    M  5.5 24 160   M    M   M 13     34 160
13   M  73   M   M   M   M 0.10  0.0    M   M  18  80   M    M   M        26  80
14  86  71  79  -1   0  14 0.10  0.0    M  4.3 16  30   M    M   M        23  20
15  83  69  76  -4   0  11 0.12  0.0    M  3.2 13  20   M    M   M 1      17  30
16  91  68  80   0   0  15 0.65  0.0    M  3.8 29 150   M    M   M 138    39 150
17  94  65  80   0   0  15 0.20  0.0    M  5.0 33 140   M    M   M 13     41 140
================================================================================
SM 1508 1159         0 261  2.73     0.0  88.2          M        M
================================================================================
AV 94.3 68.2                               5.5 FASTST   M    M   0    MAX(MPH)
                                 MISC ---->  # 36 180               # 48  170
================================================================================
NOTES:
# LAST OF SEVERAL OCCURRENCES

COLUMN 17 PEAK WIND IN M.P.H.

PRELIMINARY LOCAL CLIMATOLOGICAL DATA (WS FORM: F-6) , PAGE 2

                                          STATION:  NOGALES AZ AIRPORT
                                          MONTH:    JULY
                                          YEAR:     2018
                                          LATITUDE:   31 25 N
                                          LONGITUDE: 110 51 W

[TEMPERATURE DATA]      [PRECIPITATION DATA]       SYMBOLS USED IN COLUMN 16

AVERAGE MONTHLY: 81.2   TOTAL FOR MONTH:   2.73    1 = FOG OR MIST
DPTR FM NORMAL:   0.5   DPTR FM NORMAL:    1.18    2 = FOG REDUCING VISIBILITY
HIGHEST:   105 ON  5    GRTST 24HR  0.68 ON  9- 9      TO 1/4 MILE OR LESS
LOWEST:     59 ON  1                               3 = THUNDER
                        SNOW, ICE PELLETS, HAIL    4 = ICE PELLETS
                        TOTAL MONTH:   0.0 INCH    5 = HAIL
                        GRTST 24HR     0.0         6 = FREEZING RAIN OR DRIZZLE
                        GRTST DEPTH:  M  ON   M    7 = DUSTSTORM OR SANDSTORM:
                                                       VSBY 1/2 MILE OR LESS
                                                   8 = SMOKE OR HAZE
[NO. OF DAYS WITH]      [WEATHER - DAYS WITH]      9 = BLOWING SNOW
                                                   X = TORNADO
MAX 32 OR BELOW:   0    0.01 INCH OR MORE:  10
MAX 90 OR ABOVE:  11    0.10 INCH OR MORE:   9
MIN 32 OR BELOW:   0    0.50 INCH OR MORE:   2
MIN  0 OR BELOW:   0    1.00 INCH OR MORE:   0

[HDD (BASE 65) ]
TOTAL THIS MO.     0    CLEAR  (SCALE 0-3)   0
DPTR FM NORMAL     0    PTCLDY (SCALE 4-7)   0
TOTAL FM JUL 1     0    CLOUDY (SCALE 8-10)  0
DPTR FM NORMAL     0

[CDD (BASE 65) ]
TOTAL THIS MO.   261
DPTR FM NORMAL    -7    [PRESSURE DATA]
TOTAL FM JAN 1  1052    HIGHEST SLP M ON M
DPTR FM NORMAL   169    LOWEST  SLP 27.40 ON  6

[REMARKS]
