000
CXUS55 KTWC 170855
CF6OLS
PRELIMINARY LOCAL CLIMATOLOGICAL DATA (WS FORM: F-6)

                                          STATION:   NOGALES AZ AIRPORT
                                          MONTH:     OCTOBER
                                          YEAR:      2018
                                          LATITUDE:   31 25 N
                                          LONGITUDE: 110 51 W

  TEMPERATURE IN F:       :PCPN:    SNOW:  WIND      :SUNSHINE: SKY     :PK WND
================================================================================
1   2   3   4   5  6A  6B    7    8   9   10  11  12  13   14  15   16   17  18
                                     12Z  AVG MX 2MIN
DY MAX MIN AVG DEP HDD CDD  WTR  SNW DPTH SPD SPD DIR MIN PSBL S-S WX    SPD DR
================================================================================

 1  76  65  71   1   0   6 0.08  0.0    0  3.6 13 130   M    M   M 138    17 120
 2  86  67  77   7   0  12    T  0.0    0 13.8 25 200   M    M   M        36 190
 3  87  63  75   5   0  10 0.00  0.0    0  4.4 15 220   M    M   M        22 200
 4  86  57  72   3   0   7 0.00  0.0    0  4.7 17 240   M    M   M        23 230
 5  86  49  68  -1   0   3 0.00  0.0    0  4.6 16 280   M    M   M        22 290
 6  83  46  65  -4   0   0 0.00  0.0    0  9.4 23 220   M    M   M        29 220
 7  75  48  62  -6   3   0 0.04    M    0 12.7 26 190   M    M   M 13     37 190
 8  68  45  57 -11   8   0    T    M    M  4.4 15 300   M    M   M        23 320
 9  72  40  56 -12   9   0 0.00  0.0    M  3.2 12 310   M    M   M        16 300
10  79  43  61  -6   4   0 0.00  0.0    M  6.2 18 210   M    M   M        25 200
11  76  56  66  -1   0   1 0.00  0.0    M  9.8 24 180   M    M   M        34 160
12  67  58  63  -3   2   0 0.56  0.0    M  5.9 17  10   M    M   M 1      23  10
13  72  56  64  -2   1   0 0.50  0.0    M  6.0 21 210   M    M   M 1      28 190
14  71  51  61  -5   4   0 0.00  0.0    M  3.3 10 140   M    M   M        13 140
15  74  48  61  -5   4   0    T    M    M  3.7 13  20   M    M   M        18 360
16  69  49  59  -6   6   0 0.03    M    M  6.1 15  20   M    M   M        24  20
================================================================================
SM 1227  841        41  39  1.21     0.0 101.8          M        M
================================================================================
AV 76.7 52.6                               6.4 FASTST   M    M   0    MAX(MPH)
                                 MISC ---->  # 26 190               # 37  190
================================================================================
NOTES:
# LAST OF SEVERAL OCCURRENCES

COLUMN 17 PEAK WIND IN M.P.H.

PRELIMINARY LOCAL CLIMATOLOGICAL DATA (WS FORM: F-6) , PAGE 2

                                          STATION:  NOGALES AZ AIRPORT
                                          MONTH:    OCTOBER
                                          YEAR:     2018
                                          LATITUDE:   31 25 N
                                          LONGITUDE: 110 51 W

[TEMPERATURE DATA]      [PRECIPITATION DATA]       SYMBOLS USED IN COLUMN 16

AVERAGE MONTHLY: 64.6   TOTAL FOR MONTH:   1.21    1 = FOG OR MIST
DPTR FM NORMAL:  -3.1   DPTR FM NORMAL:    0.49    2 = FOG REDUCING VISIBILITY
HIGHEST:    87 ON  3    GRTST 24HR  0.56 ON 12-12      TO 1/4 MILE OR LESS
LOWEST:     40 ON  9                               3 = THUNDER
                        SNOW, ICE PELLETS, HAIL    4 = ICE PELLETS
                        TOTAL MONTH:   0.0 INCH    5 = HAIL
                        GRTST 24HR     0.0         6 = FREEZING RAIN OR DRIZZLE
                        GRTST DEPTH:   0           7 = DUSTSTORM OR SANDSTORM:
                                                       VSBY 1/2 MILE OR LESS
                                                   8 = SMOKE OR HAZE
[NO. OF DAYS WITH]      [WEATHER - DAYS WITH]      9 = BLOWING SNOW
                                                   X = TORNADO
MAX 32 OR BELOW:   0    0.01 INCH OR MORE:   5
MAX 90 OR ABOVE:   0    0.10 INCH OR MORE:   2
MIN 32 OR BELOW:   0    0.50 INCH OR MORE:   2
MIN  0 OR BELOW:   0    1.00 INCH OR MORE:   0

[HDD (BASE 65) ]
TOTAL THIS MO.    41    CLEAR  (SCALE 0-3)   0
DPTR FM NORMAL    27    PTCLDY (SCALE 4-7)   0
TOTAL FM JUL 1    41    CLOUDY (SCALE 8-10)  0
DPTR FM NORMAL    26

[CDD (BASE 65) ]
TOTAL THIS MO.    39
DPTR FM NORMAL   -20    [PRESSURE DATA]
TOTAL FM JAN 1  2167    HIGHEST SLP M ON M
DPTR FM NORMAL   352    LOWEST  SLP 29.61 ON  7

[REMARKS]
