000
CXUS53 KOAX 211000
CF6OMA
PRELIMINARY LOCAL CLIMATOLOGICAL DATA (WS FORM: F-6)

                                          STATION:   OMAHA NE
                                          MONTH:     MAY
                                          YEAR:      2018
                                          LATITUDE:   41 17 N
                                          LONGITUDE:  95 54 W

  TEMPERATURE IN F:       :PCPN:    SNOW:  WIND      :SUNSHINE: SKY     :PK WND
================================================================================
1   2   3   4   5  6A  6B    7    8   9   10  11  12  13   14  15   16   17  18
                                     12Z  AVG MX 2MIN
DY MAX MIN AVG DEP HDD CDD  WTR  SNW DPTH SPD SPD DIR MIN PSBL S-S WX    SPD DR
================================================================================

 1  82  60  71  13   0   6 0.10  0.0    0 12.9 30 160   M    M  10 3      38 170
 2  61  54  58   0   7   0 0.28  0.0    0 10.4 31 120   M    M  10 138    38 120
 3  71  50  61   3   4   0 0.05  0.0    0 10.0 24 360   M    M   9 1238   31 340
 4  80  52  66   8   0   1 0.00  0.0    0  6.9 17 340   M    M   3        22 340
 5  84  52  68   9   0   3 0.05  0.0    0  7.9 24 320   M    M   5 3      37 330
 6  85  51  68   9   0   3 0.00  0.0    0  7.8 21 360   M    M   3        28 350
 7  83  50  67   7   0   2 0.00  0.0    0  7.9 21 130   M    M   1        34 140
 8  87  64  76  16   0  11 0.00  0.0    0 12.9 24 140   M    M   7        32 150
 9  84  56  70  10   0   5 0.00  0.0    0 10.4 25 300   M    M   3        33 320
10  81  51  66   6   0   1 0.00  0.0    0  9.8 21  60   M    M   5        30  40
11  68  50  59  -2   6   0 0.29  0.0    0 11.1 29 340   M    M  10 13     36 350
12  62  51  57  -4   8   0 0.01  0.0    0  9.7 36  80   M    M  10 138    48 100
13  77  55  66   5   0   1    T  0.0    0  9.8 23 340   M    M   9 18     29 330
14  75  60  68   6   0   3 0.18  0.0    0 11.7 28  20   M    M   8 138    39 280
15  79  56  68   6   0   3 0.00  0.0    0  5.3 12  40   M    M   6 128    15 120
16  86  54  70   8   0   5 0.00  0.0    0  5.2 17 140   M    M   3 1      20 150
17  87  58  73  10   0   8 0.00  0.0    0  8.7 17 130   M    M   4 1      23 120
18  84  58  71   8   0   6 0.00  0.0    0  7.3 22 140   M    M   7        30 130
19  69  58  64   1   1   0 0.01  0.0    0 11.7 25 350   M    M  10 1      32 350
20  59  56  58  -6   7   0 0.18  0.0    0  9.5 15  40   M    M  10 1      19  20
================================================================================
SM 1544 1096        33  58  1.15     0.0 186.9          M      133
================================================================================
AV 77.2 54.8                               9.3 FASTST   M    M   7    MAX(MPH)
                                 MISC ---->  # 36  80               # 48  100
================================================================================
NOTES:
# LAST OF SEVERAL OCCURRENCES

COLUMN 17 PEAK WIND IN M.P.H.

PRELIMINARY LOCAL CLIMATOLOGICAL DATA (WS FORM: F-6) , PAGE 2

                                          STATION:  OMAHA NE
                                          MONTH:    MAY
                                          YEAR:     2018
                                          LATITUDE:   41 17 N
                                          LONGITUDE:  95 54 W

[TEMPERATURE DATA]      [PRECIPITATION DATA]       SYMBOLS USED IN COLUMN 16

AVERAGE MONTHLY: 66.0   TOTAL FOR MONTH:   1.15    1 = FOG OR MIST
DPTR FM NORMAL:   5.4   DPTR FM NORMAL:   -1.86    2 = FOG REDUCING VISIBILITY
HIGHEST:    87 ON 17, 8 GRTST 24HR  0.29 ON 11-11      TO 1/4 MILE OR LESS
LOWEST:     50 ON 11, 7                            3 = THUNDER
                        SNOW, ICE PELLETS, HAIL    4 = ICE PELLETS
                        TOTAL MONTH:   0.0 INCH    5 = HAIL
                        GRTST 24HR     0.0         6 = FREEZING RAIN OR DRIZZLE
                        GRTST DEPTH:   0           7 = DUSTSTORM OR SANDSTORM:
                                                       VSBY 1/2 MILE OR LESS
                                                   8 = SMOKE OR HAZE
[NO. OF DAYS WITH]      [WEATHER - DAYS WITH]      9 = BLOWING SNOW
                                                   X = TORNADO
MAX 32 OR BELOW:   0    0.01 INCH OR MORE:   9
MAX 90 OR ABOVE:   0    0.10 INCH OR MORE:   5
MIN 32 OR BELOW:   0    0.50 INCH OR MORE:   0
MIN  0 OR BELOW:   0    1.00 INCH OR MORE:   0

[HDD (BASE 65) ]
TOTAL THIS MO.    33    CLEAR  (SCALE 0-3)   4
DPTR FM NORMAL   -85    PTCLDY (SCALE 4-7)   7
TOTAL FM JUL 1  6040    CLOUDY (SCALE 8-10)  9
DPTR FM NORMAL   -80

[CDD (BASE 65) ]
TOTAL THIS MO.    58
DPTR FM NORMAL    29    [PRESSURE DATA]
TOTAL FM JAN 1    67    HIGHEST SLP M ON M
DPTR FM NORMAL    22    LOWEST  SLP 29.61 ON  1

[REMARKS]
